{"id":8254,"date":"2011-11-11T20:52:06","date_gmt":"2011-11-11T22:52:06","guid":{"rendered":"http:\/\/www.padreydecano.com\/cms\/?page_id=8254"},"modified":"2020-08-04T10:29:10","modified_gmt":"2020-08-04T13:29:10","slug":"jose-antonio-el-maestro-piendibene","status":"publish","type":"page","link":"https:\/\/www.padreydecano.com\/cms\/idolos\/jose-antonio-el-maestro-piendibene\/","title":{"rendered":"Jos\u00e9 Antonio el \u201cMaestro\u201d Piendibene"},"content":{"rendered":"<p style=\"text-align: justify;\"><img loading=\"lazy\" decoding=\"async\" class=\"alignleft size-full wp-image-8266\" src=\"https:\/\/www.padreydecano.com\/cms\/wp-content\/uploads\/2011\/11\/piendibene3.jpg\" alt=\"\" width=\"162\" height=\"200\" \/>\u2026<strong>nunca m\u00e1s cambi\u00f3 de camiseta<\/strong>. Fue lo que hizo \u201cel pibe de los Pocitos\u201d el d\u00eda que visti\u00f3 por primera vez la casaca aurinegra el 26 de abril de 1908. Fue en un encuentro contra el French, jugando de puntero derecho y convirtiendo 2 goles. Ese d\u00eda el \u201cMaestro\u201d deslumbr\u00f3 a todos. Fue el inicio de una carrera de <strong>m\u00e1s de 20 a\u00f1os defendiendo al Carbonero.<\/strong><\/p>\n<p style=\"text-align: justify;\">Jos\u00e9\u00a0 Piendibene naci\u00f3 el 5 de junio de 1890, en el pueblo de los Pocitos siendo el menor de 8 hermanos,\u00a0 y falleci\u00f3 el 12 de noviembre de 1969.<\/p>\n<p style=\"text-align: justify;\"><a href=\"https:\/\/www.padreydecano.com\/cms\/wp-content\/uploads\/2011\/11\/piendibene1.jpg\" rel=\"shadowbox[sbpost-8254];player=img;\"><img loading=\"lazy\" decoding=\"async\" class=\"alignright size-medium wp-image-11391\" src=\"https:\/\/www.padreydecano.com\/cms\/wp-content\/uploads\/2011\/11\/piendibene1-213x300.jpg\" alt=\"\" width=\"170\" height=\"240\" srcset=\"https:\/\/www.padreydecano.com\/cms\/wp-content\/uploads\/2011\/11\/piendibene1-213x300.jpg 213w, https:\/\/www.padreydecano.com\/cms\/wp-content\/uploads\/2011\/11\/piendibene1.jpg 710w\" sizes=\"(max-width: 170px) 100vw, 170px\" \/><\/a>Comenz\u00f3 su actividad futbol\u00edstica en el Buenos Aires, un cuadro de barrio, para luego pasar a Pe\u00f1arol cuando ten\u00eda tan s\u00f3lo 17 a\u00f1os. Disput\u00f3 506 partidos, convirtiendo 253 goles hasta el d\u00eda de su retiro en 1928. Hasta el d\u00eda de hoy cuenta con el record en presencias en los cl\u00e1sicos, sumando 62 encuentros y 21 goles. Es el m\u00e1ximo goleador\u00a0cl\u00e1sico\u00a0de la Era Amateur.<\/p>\n<p style=\"text-align: justify;\">Su apodo <em>-Maestro<\/em>&#8211; naci\u00f3 en un partido de la selecci\u00f3n contra Argentina, el 29 de octubre de 1911. Los orientales ganaron 3 a 0 con dos goles de Piendibene, y Jorge Brown <em>-fue un experimentado zaguero del poderoso Alumni argentino- \u00a0<\/em>al terminar el encuentro, le dio la mano y le dijo: \u201cUsted es un Maestro, muchacho\u2026\u201d. A partir de ese momento lo bautizaron as\u00ed.<\/p>\n<p style=\"text-align: justify;\">Con Pe\u00f1arol, conquist\u00f3 el Campeonato Uruguayo en 6 ocasiones: en 1911, 1918, 1921, 1924(FUF), 1926 y 1928. En 1918, en la plenitud de su edad, form\u00f3 parte de un extraordinario equipo que cort\u00f3 con la racha de 3 Campeonatos Uruguayos consecutivos del tradicional rival.<\/p>\n<p style=\"text-align: justify;\">Con la selecci\u00f3n nacional tambi\u00e9n brill\u00f3. Fue Campe\u00f3n Sudamericano en tres oportunidades: 1916, 1917 y 1920. Integr\u00f3 el plantel en 56 ocasiones, marcando 26 goles (17 fueron contra Argentina).<\/p>\n<p>En 1924 fue nombrado socio honorario del Club Atl\u00e9tico Pe\u00f1arol y fue abanderado en el cincuentenario de Pe\u00f1arol.<\/p>\n<p style=\"text-align: justify;\">Han pasado 42 a\u00f1os desde su muerte, el 12 de noviembre de 1969. As\u00ed es como recordamos la \u00a0extraordinaria trayectoria de un jugador de enorme destreza, quien defendi\u00f3 los colores de Pe\u00f1arol por m\u00e1s de dos d\u00e9cadas. Era otra \u00e9poca, en el amateurismo, pero hasta el d\u00eda de hoy, lo inmortalizamos como un \u201cMaestro\u201d.<\/p>\n<div id=\"attachment_8256\" style=\"width: 310px\" class=\"wp-caption aligncenter\"><a href=\"https:\/\/www.padreydecano.com\/cms\/wp-content\/uploads\/2011\/11\/gol-a-zamora.jpg\" rel=\"shadowbox[sbpost-8254];player=img;\"><img loading=\"lazy\" decoding=\"async\" aria-describedby=\"caption-attachment-8256\" class=\"size-medium wp-image-8256 \" src=\"https:\/\/www.padreydecano.com\/cms\/wp-content\/uploads\/2011\/11\/gol-a-zamora-300x129.jpg\" alt=\"\" width=\"300\" height=\"129\" srcset=\"https:\/\/www.padreydecano.com\/cms\/wp-content\/uploads\/2011\/11\/gol-a-zamora-300x129.jpg 300w, https:\/\/www.padreydecano.com\/cms\/wp-content\/uploads\/2011\/11\/gol-a-zamora.jpg 500w\" sizes=\"(max-width: 300px) 100vw, 300px\" \/><\/a><p id=\"caption-attachment-8256\" class=\"wp-caption-text\">Hist\u00f3rico gol a Zamora, quien defend\u00eda al Deportivo Espa\u00f1ol: a\u00f1o 1926.<\/p><\/div>\n","protected":false},"excerpt":{"rendered":"<p>\u2026nunca m\u00e1s cambi\u00f3 de camiseta. Fue lo que hizo \u201cel pibe de los Pocitos\u201d el d\u00eda que visti\u00f3 por primera vez la casaca aurinegra el 26 de abril de 1908. Fue en un encuentro contra el French, jugando de puntero derecho y convirtiendo 2 goles. Ese d\u00eda el \u201cMaestro\u201d deslumbr\u00f3 a todos. Fue el inicio [&hellip;]<\/p>\n","protected":false},"author":13,"featured_media":0,"parent":69,"menu_order":34,"comment_status":"open","ping_status":"open","template":"","meta":{"footnotes":""},"yoast_head":"<!-- This site is optimized with the Yoast SEO plugin v23.2 - https:\/\/yoast.com\/wordpress\/plugins\/seo\/ -->\n<title>Jos\u00e9 Antonio el \u201cMaestro\u201d Piendibene - Padre y Decano - El Sitio del Pueblo<\/title>\n<meta name=\"robots\" content=\"index, follow, max-snippet:-1, max-image-preview:large, max-video-preview:-1\" \/>\n<link rel=\"canonical\" href=\"https:\/\/www.padreydecano.com\/cms\/idolos\/jose-antonio-el-maestro-piendibene\/\" \/>\n<meta property=\"og:locale\" content=\"es_ES\" \/>\n<meta property=\"og:type\" content=\"article\" \/>\n<meta property=\"og:title\" content=\"Jos\u00e9 Antonio el \u201cMaestro\u201d Piendibene - Padre y Decano - El Sitio del Pueblo\" \/>\n<meta property=\"og:description\" content=\"\u2026nunca m\u00e1s cambi\u00f3 de camiseta. Fue lo que hizo \u201cel pibe de los Pocitos\u201d el d\u00eda que visti\u00f3 por primera vez la casaca aurinegra el 26 de abril de 1908. Fue en un encuentro contra el French, jugando de puntero derecho y convirtiendo 2 goles. Ese d\u00eda el \u201cMaestro\u201d deslumbr\u00f3 a todos. Fue el inicio [&hellip;]\" \/>\n<meta property=\"og:url\" content=\"https:\/\/www.padreydecano.com\/cms\/idolos\/jose-antonio-el-maestro-piendibene\/\" \/>\n<meta property=\"og:site_name\" content=\"Padre y Decano - El Sitio del Pueblo\" \/>\n<meta property=\"article:modified_time\" content=\"2020-08-04T13:29:10+00:00\" \/>\n<meta property=\"og:image\" content=\"http:\/\/www.padreydecano.com\/cms\/wp-content\/uploads\/2011\/11\/piendibene3.jpg\" \/>\n<meta name=\"twitter:card\" content=\"summary_large_image\" \/>\n<meta name=\"twitter:label1\" content=\"Tiempo de lectura\" \/>\n\t<meta name=\"twitter:data1\" content=\"2 minutos\" \/>\n<script type=\"application\/ld+json\" class=\"yoast-schema-graph\">{\"@context\":\"https:\/\/schema.org\",\"@graph\":[{\"@type\":\"WebPage\",\"@id\":\"https:\/\/www.padreydecano.com\/cms\/idolos\/jose-antonio-el-maestro-piendibene\/\",\"url\":\"https:\/\/www.padreydecano.com\/cms\/idolos\/jose-antonio-el-maestro-piendibene\/\",\"name\":\"Jos\u00e9 Antonio el \u201cMaestro\u201d Piendibene - Padre y Decano - El Sitio del Pueblo\",\"isPartOf\":{\"@id\":\"https:\/\/www.padreydecano.com\/cms\/#website\"},\"primaryImageOfPage\":{\"@id\":\"https:\/\/www.padreydecano.com\/cms\/idolos\/jose-antonio-el-maestro-piendibene\/#primaryimage\"},\"image\":{\"@id\":\"https:\/\/www.padreydecano.com\/cms\/idolos\/jose-antonio-el-maestro-piendibene\/#primaryimage\"},\"thumbnailUrl\":\"http:\/\/www.padreydecano.com\/cms\/wp-content\/uploads\/2011\/11\/piendibene3.jpg\",\"datePublished\":\"2011-11-11T22:52:06+00:00\",\"dateModified\":\"2020-08-04T13:29:10+00:00\",\"breadcrumb\":{\"@id\":\"https:\/\/www.padreydecano.com\/cms\/idolos\/jose-antonio-el-maestro-piendibene\/#breadcrumb\"},\"inLanguage\":\"es\",\"potentialAction\":[{\"@type\":\"ReadAction\",\"target\":[\"https:\/\/www.padreydecano.com\/cms\/idolos\/jose-antonio-el-maestro-piendibene\/\"]}]},{\"@type\":\"ImageObject\",\"inLanguage\":\"es\",\"@id\":\"https:\/\/www.padreydecano.com\/cms\/idolos\/jose-antonio-el-maestro-piendibene\/#primaryimage\",\"url\":\"http:\/\/www.padreydecano.com\/cms\/wp-content\/uploads\/2011\/11\/piendibene3.jpg\",\"contentUrl\":\"http:\/\/www.padreydecano.com\/cms\/wp-content\/uploads\/2011\/11\/piendibene3.jpg\"},{\"@type\":\"BreadcrumbList\",\"@id\":\"https:\/\/www.padreydecano.com\/cms\/idolos\/jose-antonio-el-maestro-piendibene\/#breadcrumb\",\"itemListElement\":[{\"@type\":\"ListItem\",\"position\":1,\"name\":\"Portada\",\"item\":\"https:\/\/www.padreydecano.com\/cms\/\"},{\"@type\":\"ListItem\",\"position\":2,\"name\":\"\u00cddolos\",\"item\":\"https:\/\/www.padreydecano.com\/cms\/idolos\/\"},{\"@type\":\"ListItem\",\"position\":3,\"name\":\"Jos\u00e9 Antonio el \u201cMaestro\u201d Piendibene\"}]},{\"@type\":\"WebSite\",\"@id\":\"https:\/\/www.padreydecano.com\/cms\/#website\",\"url\":\"https:\/\/www.padreydecano.com\/cms\/\",\"name\":\"Padre y Decano - El Sitio del Pueblo\",\"description\":\"Club Atl\u00e9tico Pe\u00f1arol\",\"publisher\":{\"@id\":\"https:\/\/www.padreydecano.com\/cms\/#organization\"},\"potentialAction\":[{\"@type\":\"SearchAction\",\"target\":{\"@type\":\"EntryPoint\",\"urlTemplate\":\"https:\/\/www.padreydecano.com\/cms\/?s={search_term_string}\"},\"query-input\":\"required name=search_term_string\"}],\"inLanguage\":\"es\"},{\"@type\":\"Organization\",\"@id\":\"https:\/\/www.padreydecano.com\/cms\/#organization\",\"name\":\"Padre y Decano\",\"url\":\"https:\/\/www.padreydecano.com\/cms\/\",\"logo\":{\"@type\":\"ImageObject\",\"inLanguage\":\"es\",\"@id\":\"https:\/\/www.padreydecano.com\/cms\/#\/schema\/logo\/image\/\",\"url\":\"https:\/\/www.padreydecano.com\/cms\/wp-content\/uploads\/2022\/01\/avatar-square.png\",\"contentUrl\":\"https:\/\/www.padreydecano.com\/cms\/wp-content\/uploads\/2022\/01\/avatar-square.png\",\"width\":1500,\"height\":1500,\"caption\":\"Padre y Decano\"},\"image\":{\"@id\":\"https:\/\/www.padreydecano.com\/cms\/#\/schema\/logo\/image\/\"}}]}<\/script>\n<!-- \/ Yoast SEO plugin. -->","yoast_head_json":{"title":"Jos\u00e9 Antonio el \u201cMaestro\u201d Piendibene - Padre y Decano - El Sitio del Pueblo","robots":{"index":"index","follow":"follow","max-snippet":"max-snippet:-1","max-image-preview":"max-image-preview:large","max-video-preview":"max-video-preview:-1"},"canonical":"https:\/\/www.padreydecano.com\/cms\/idolos\/jose-antonio-el-maestro-piendibene\/","og_locale":"es_ES","og_type":"article","og_title":"Jos\u00e9 Antonio el \u201cMaestro\u201d Piendibene - Padre y Decano - El Sitio del Pueblo","og_description":"\u2026nunca m\u00e1s cambi\u00f3 de camiseta. Fue lo que hizo \u201cel pibe de los Pocitos\u201d el d\u00eda que visti\u00f3 por primera vez la casaca aurinegra el 26 de abril de 1908. Fue en un encuentro contra el French, jugando de puntero derecho y convirtiendo 2 goles. Ese d\u00eda el \u201cMaestro\u201d deslumbr\u00f3 a todos. Fue el inicio [&hellip;]","og_url":"https:\/\/www.padreydecano.com\/cms\/idolos\/jose-antonio-el-maestro-piendibene\/","og_site_name":"Padre y Decano - El Sitio del Pueblo","article_modified_time":"2020-08-04T13:29:10+00:00","og_image":[{"url":"http:\/\/www.padreydecano.com\/cms\/wp-content\/uploads\/2011\/11\/piendibene3.jpg"}],"twitter_card":"summary_large_image","twitter_misc":{"Tiempo de lectura":"2 minutos"},"schema":{"@context":"https:\/\/schema.org","@graph":[{"@type":"WebPage","@id":"https:\/\/www.padreydecano.com\/cms\/idolos\/jose-antonio-el-maestro-piendibene\/","url":"https:\/\/www.padreydecano.com\/cms\/idolos\/jose-antonio-el-maestro-piendibene\/","name":"Jos\u00e9 Antonio el \u201cMaestro\u201d Piendibene - Padre y Decano - El Sitio del Pueblo","isPartOf":{"@id":"https:\/\/www.padreydecano.com\/cms\/#website"},"primaryImageOfPage":{"@id":"https:\/\/www.padreydecano.com\/cms\/idolos\/jose-antonio-el-maestro-piendibene\/#primaryimage"},"image":{"@id":"https:\/\/www.padreydecano.com\/cms\/idolos\/jose-antonio-el-maestro-piendibene\/#primaryimage"},"thumbnailUrl":"http:\/\/www.padreydecano.com\/cms\/wp-content\/uploads\/2011\/11\/piendibene3.jpg","datePublished":"2011-11-11T22:52:06+00:00","dateModified":"2020-08-04T13:29:10+00:00","breadcrumb":{"@id":"https:\/\/www.padreydecano.com\/cms\/idolos\/jose-antonio-el-maestro-piendibene\/#breadcrumb"},"inLanguage":"es","potentialAction":[{"@type":"ReadAction","target":["https:\/\/www.padreydecano.com\/cms\/idolos\/jose-antonio-el-maestro-piendibene\/"]}]},{"@type":"ImageObject","inLanguage":"es","@id":"https:\/\/www.padreydecano.com\/cms\/idolos\/jose-antonio-el-maestro-piendibene\/#primaryimage","url":"http:\/\/www.padreydecano.com\/cms\/wp-content\/uploads\/2011\/11\/piendibene3.jpg","contentUrl":"http:\/\/www.padreydecano.com\/cms\/wp-content\/uploads\/2011\/11\/piendibene3.jpg"},{"@type":"BreadcrumbList","@id":"https:\/\/www.padreydecano.com\/cms\/idolos\/jose-antonio-el-maestro-piendibene\/#breadcrumb","itemListElement":[{"@type":"ListItem","position":1,"name":"Portada","item":"https:\/\/www.padreydecano.com\/cms\/"},{"@type":"ListItem","position":2,"name":"\u00cddolos","item":"https:\/\/www.padreydecano.com\/cms\/idolos\/"},{"@type":"ListItem","position":3,"name":"Jos\u00e9 Antonio el \u201cMaestro\u201d Piendibene"}]},{"@type":"WebSite","@id":"https:\/\/www.padreydecano.com\/cms\/#website","url":"https:\/\/www.padreydecano.com\/cms\/","name":"Padre y Decano - El Sitio del Pueblo","description":"Club Atl\u00e9tico Pe\u00f1arol","publisher":{"@id":"https:\/\/www.padreydecano.com\/cms\/#organization"},"potentialAction":[{"@type":"SearchAction","target":{"@type":"EntryPoint","urlTemplate":"https:\/\/www.padreydecano.com\/cms\/?s={search_term_string}"},"query-input":"required name=search_term_string"}],"inLanguage":"es"},{"@type":"Organization","@id":"https:\/\/www.padreydecano.com\/cms\/#organization","name":"Padre y Decano","url":"https:\/\/www.padreydecano.com\/cms\/","logo":{"@type":"ImageObject","inLanguage":"es","@id":"https:\/\/www.padreydecano.com\/cms\/#\/schema\/logo\/image\/","url":"https:\/\/www.padreydecano.com\/cms\/wp-content\/uploads\/2022\/01\/avatar-square.png","contentUrl":"https:\/\/www.padreydecano.com\/cms\/wp-content\/uploads\/2022\/01\/avatar-square.png","width":1500,"height":1500,"caption":"Padre y Decano"},"image":{"@id":"https:\/\/www.padreydecano.com\/cms\/#\/schema\/logo\/image\/"}}]}},"_links":{"self":[{"href":"https:\/\/www.padreydecano.com\/cms\/wp-json\/wp\/v2\/pages\/8254"}],"collection":[{"href":"https:\/\/www.padreydecano.com\/cms\/wp-json\/wp\/v2\/pages"}],"about":[{"href":"https:\/\/www.padreydecano.com\/cms\/wp-json\/wp\/v2\/types\/page"}],"author":[{"embeddable":true,"href":"https:\/\/www.padreydecano.com\/cms\/wp-json\/wp\/v2\/users\/13"}],"replies":[{"embeddable":true,"href":"https:\/\/www.padreydecano.com\/cms\/wp-json\/wp\/v2\/comments?post=8254"}],"version-history":[{"count":0,"href":"https:\/\/www.padreydecano.com\/cms\/wp-json\/wp\/v2\/pages\/8254\/revisions"}],"up":[{"embeddable":true,"href":"https:\/\/www.padreydecano.com\/cms\/wp-json\/wp\/v2\/pages\/69"}],"wp:attachment":[{"href":"https:\/\/www.padreydecano.com\/cms\/wp-json\/wp\/v2\/media?parent=8254"}],"curies":[{"name":"wp","href":"https:\/\/api.w.org\/{rel}","templated":true}]}}