{"id":7464,"date":"2011-11-02T12:46:27","date_gmt":"2011-11-02T14:46:27","guid":{"rendered":"http:\/\/www.padreydecano.com\/cms\/?page_id=7464"},"modified":"2020-07-13T11:10:45","modified_gmt":"2020-07-13T14:10:45","slug":"primer-clasico-de-la-historia","status":"publish","type":"page","link":"https:\/\/www.padreydecano.com\/cms\/historias-clasicas\/primer-clasico-de-la-historia\/","title":{"rendered":"Primer cl\u00e1sico de la historia"},"content":{"rendered":"<p style=\"text-align: justify;\"><img loading=\"lazy\" decoding=\"async\" class=\"aligncenter size-full wp-image-5810\" src=\"https:\/\/www.padreydecano.com\/cms\/wp-content\/uploads\/2011\/09\/19001.jpg\" alt=\"Plantel Campe\u00f3n del Primer Campeonato Uruguayo en 1900\" width=\"550\" height=\"381\" srcset=\"https:\/\/www.padreydecano.com\/cms\/wp-content\/uploads\/2011\/09\/19001.jpg 550w, https:\/\/www.padreydecano.com\/cms\/wp-content\/uploads\/2011\/09\/19001-300x207.jpg 300w\" sizes=\"(max-width: 550px) 100vw, 550px\" \/><\/p>\n<p style=\"text-align: justify;\"><strong>El primer y \u00fanico cl\u00e1sico del Siglo XIX,\u00a0se disput\u00f3 en el Parque Central, el 15 de julio de 1900. Como era de esperar, tomando en cuenta el poder\u00edo de cada equipo, Pe\u00f1arol venci\u00f3 2 a 0 a Nacional, con doblete de Aniceto Camacho.<\/strong><\/p>\n<p style=\"text-align: justify;\">Mientras en la cancha de Albion, el local disputaba un encuentro oficial por la League frente a Uruguay Athletic; en el Parque Central se disputaban dos encuentros: los segundos equipos del Deutscher y del Albion en una cancha, y en la otra, el primer Pe\u00f1arol &#8211; Nacional de la historia.<\/p>\n<p style=\"text-align: justify;\">Pe\u00f1arol form\u00f3 con\u00a0<strong>Fabre; R\u00edos y Buchanan; Ward, Mazzuco y Jackson; Davies, Acevedo, Lewis, Camacho y Lindemblat.<\/strong><\/p>\n<p style=\"text-align: justify;\">Nacional por su parte aline\u00f3 a\u00a0<strong>Ballesteros; Carve y Ar\u00edmalo; Nebel, Vallarino y M. Romero; B. Daglio, Leopold, S. Puppo, C. Daglio y F. Gianetto.\u00a0<\/strong><\/p>\n<p style=\"text-align: justify;\">Ambos goles fueron convertidos por Aniceto Camacho, uno en cada tiempo.<\/p>\n<div style=\"margin: 10px 0px; text-align: justify;\"><\/div>\n<p style=\"text-align: justify;\"><strong>Las cr\u00f3nicas de la fecha comentaban lo siguiente:\u00a0<\/strong><\/p>\n<p style=\"text-align: justify;\"><em>Ante numerosa concurrencia se verific\u00f3 ayer en el Parque Central el partido anunciado entre el Club Pe\u00f1arol y el Club Nacional de Football. El team del primero de esos centros conquist\u00f3 un f\u00e1cil triunfo por dos \u201cgoals\u201d contra ninguno, acredit\u00e1ndose una vez m\u00e1s las excelentes condiciones de sus elementos que desde que se inici\u00f3 la presente temporada han obtenido tantas notas como partidos jugados. <strong>El Siglo<\/strong><\/em><\/p>\n<p style=\"text-align: justify;\"><em>Se realiz\u00f3 ayer en el Parque Central el animado partido entre el club \u201cPe\u00f1arol\u201d y el \u201cClub Nacional de Football\u201d. El match result\u00f3 interesant\u00edsimo. Los muchachos de \u201cNacional\u201d hicieron verdades proezas luchando con un adversario de tanto empuje como lo es Pe\u00f1arol, cuyos jugadores son tal vez los m\u00e1s aguerridos de esta orilla. El \u201cNacional\u201d demostr\u00f3 ser digno de \u00e9ste y su cuadro en poco estuvo que obtuviese la victoria dando no poco que hacer a los veteranos de Pe\u00f1arol. Los dos goals que hizo en la tarde fueron debidos a Camacho. El goalkepper Ballesteros jug\u00f3 admirablemente, pues much\u00edsimas pelotas enviadas a la enrejada casilla fueron atajadas por \u00e9l con todo acierto. <strong>La Raz\u00f3n<\/strong><\/em><\/p>\n<p style=\"text-align: justify;\">Casi sin saberlo, el \u00faltimo invierno del siglo le dar\u00eda vida a un partido repetido en m\u00e1s de 500 tardes. Aquel lejano 15 de julio del 1900, una peque\u00f1a ciudad de apenas 300.000 habitantes y calles que a\u00fan no conoc\u00edan el andar de los autom\u00f3viles, fue testigo del primer cl\u00e1sico en la historia del f\u00fatbol uruguayo, el m\u00e1s antiguo del mundo fuera de las Islas Brit\u00e1nicas.<\/p>\n<p style=\"text-align: justify;\"><strong>Nac\u00eda la hist\u00f3rica rivalidad.<\/strong><\/p>\n<p>&nbsp;<\/p>\n","protected":false},"excerpt":{"rendered":"<p>El primer y \u00fanico cl\u00e1sico del Siglo XIX,\u00a0se disput\u00f3 en el Parque Central, el 15 de julio de 1900. Como era de esperar, tomando en cuenta el poder\u00edo de cada equipo, Pe\u00f1arol venci\u00f3 2 a 0 a Nacional, con doblete de Aniceto Camacho. Mientras en la cancha de Albion, el local disputaba un encuentro oficial [&hellip;]<\/p>\n","protected":false},"author":2,"featured_media":7472,"parent":5170,"menu_order":13,"comment_status":"open","ping_status":"closed","template":"","meta":{"footnotes":""},"yoast_head":"<!-- This site is optimized with the Yoast SEO plugin v23.2 - https:\/\/yoast.com\/wordpress\/plugins\/seo\/ -->\n<title>Primer cl\u00e1sico de la historia - Padre y Decano - El Sitio del Pueblo<\/title>\n<meta name=\"robots\" content=\"index, follow, max-snippet:-1, max-image-preview:large, max-video-preview:-1\" \/>\n<link rel=\"canonical\" href=\"https:\/\/www.padreydecano.com\/cms\/historias-clasicas\/primer-clasico-de-la-historia\/\" \/>\n<meta property=\"og:locale\" content=\"es_ES\" \/>\n<meta property=\"og:type\" content=\"article\" \/>\n<meta property=\"og:title\" content=\"Primer cl\u00e1sico de la historia - Padre y Decano - El Sitio del Pueblo\" \/>\n<meta property=\"og:description\" content=\"El primer y \u00fanico cl\u00e1sico del Siglo XIX,\u00a0se disput\u00f3 en el Parque Central, el 15 de julio de 1900. Como era de esperar, tomando en cuenta el poder\u00edo de cada equipo, Pe\u00f1arol venci\u00f3 2 a 0 a Nacional, con doblete de Aniceto Camacho. Mientras en la cancha de Albion, el local disputaba un encuentro oficial [&hellip;]\" \/>\n<meta property=\"og:url\" content=\"https:\/\/www.padreydecano.com\/cms\/historias-clasicas\/primer-clasico-de-la-historia\/\" \/>\n<meta property=\"og:site_name\" content=\"Padre y Decano - El Sitio del Pueblo\" \/>\n<meta property=\"article:modified_time\" content=\"2020-07-13T14:10:45+00:00\" \/>\n<meta property=\"og:image\" content=\"https:\/\/www.padreydecano.com\/cms\/wp-content\/uploads\/2011\/11\/Camacho.jpg\" \/>\n\t<meta property=\"og:image:width\" content=\"352\" \/>\n\t<meta property=\"og:image:height\" content=\"524\" \/>\n\t<meta property=\"og:image:type\" content=\"image\/jpeg\" \/>\n<meta name=\"twitter:card\" content=\"summary_large_image\" \/>\n<meta name=\"twitter:label1\" content=\"Tiempo de lectura\" \/>\n\t<meta name=\"twitter:data1\" content=\"2 minutos\" \/>\n<script type=\"application\/ld+json\" class=\"yoast-schema-graph\">{\"@context\":\"https:\/\/schema.org\",\"@graph\":[{\"@type\":\"WebPage\",\"@id\":\"https:\/\/www.padreydecano.com\/cms\/historias-clasicas\/primer-clasico-de-la-historia\/\",\"url\":\"https:\/\/www.padreydecano.com\/cms\/historias-clasicas\/primer-clasico-de-la-historia\/\",\"name\":\"Primer cl\u00e1sico de la historia - Padre y Decano - El Sitio del Pueblo\",\"isPartOf\":{\"@id\":\"https:\/\/www.padreydecano.com\/cms\/#website\"},\"primaryImageOfPage\":{\"@id\":\"https:\/\/www.padreydecano.com\/cms\/historias-clasicas\/primer-clasico-de-la-historia\/#primaryimage\"},\"image\":{\"@id\":\"https:\/\/www.padreydecano.com\/cms\/historias-clasicas\/primer-clasico-de-la-historia\/#primaryimage\"},\"thumbnailUrl\":\"https:\/\/www.padreydecano.com\/cms\/wp-content\/uploads\/2011\/11\/Camacho.jpg\",\"datePublished\":\"2011-11-02T14:46:27+00:00\",\"dateModified\":\"2020-07-13T14:10:45+00:00\",\"breadcrumb\":{\"@id\":\"https:\/\/www.padreydecano.com\/cms\/historias-clasicas\/primer-clasico-de-la-historia\/#breadcrumb\"},\"inLanguage\":\"es\",\"potentialAction\":[{\"@type\":\"ReadAction\",\"target\":[\"https:\/\/www.padreydecano.com\/cms\/historias-clasicas\/primer-clasico-de-la-historia\/\"]}]},{\"@type\":\"ImageObject\",\"inLanguage\":\"es\",\"@id\":\"https:\/\/www.padreydecano.com\/cms\/historias-clasicas\/primer-clasico-de-la-historia\/#primaryimage\",\"url\":\"https:\/\/www.padreydecano.com\/cms\/wp-content\/uploads\/2011\/11\/Camacho.jpg\",\"contentUrl\":\"https:\/\/www.padreydecano.com\/cms\/wp-content\/uploads\/2011\/11\/Camacho.jpg\",\"width\":\"352\",\"height\":\"524\"},{\"@type\":\"BreadcrumbList\",\"@id\":\"https:\/\/www.padreydecano.com\/cms\/historias-clasicas\/primer-clasico-de-la-historia\/#breadcrumb\",\"itemListElement\":[{\"@type\":\"ListItem\",\"position\":1,\"name\":\"Portada\",\"item\":\"https:\/\/www.padreydecano.com\/cms\/\"},{\"@type\":\"ListItem\",\"position\":2,\"name\":\"Historias Cl\u00e1sicas\",\"item\":\"https:\/\/www.padreydecano.com\/cms\/historias-clasicas\/\"},{\"@type\":\"ListItem\",\"position\":3,\"name\":\"Primer cl\u00e1sico de la historia\"}]},{\"@type\":\"WebSite\",\"@id\":\"https:\/\/www.padreydecano.com\/cms\/#website\",\"url\":\"https:\/\/www.padreydecano.com\/cms\/\",\"name\":\"Padre y Decano - El Sitio del Pueblo\",\"description\":\"Club Atl\u00e9tico Pe\u00f1arol\",\"publisher\":{\"@id\":\"https:\/\/www.padreydecano.com\/cms\/#organization\"},\"potentialAction\":[{\"@type\":\"SearchAction\",\"target\":{\"@type\":\"EntryPoint\",\"urlTemplate\":\"https:\/\/www.padreydecano.com\/cms\/?s={search_term_string}\"},\"query-input\":\"required name=search_term_string\"}],\"inLanguage\":\"es\"},{\"@type\":\"Organization\",\"@id\":\"https:\/\/www.padreydecano.com\/cms\/#organization\",\"name\":\"Padre y Decano\",\"url\":\"https:\/\/www.padreydecano.com\/cms\/\",\"logo\":{\"@type\":\"ImageObject\",\"inLanguage\":\"es\",\"@id\":\"https:\/\/www.padreydecano.com\/cms\/#\/schema\/logo\/image\/\",\"url\":\"https:\/\/www.padreydecano.com\/cms\/wp-content\/uploads\/2022\/01\/avatar-square.png\",\"contentUrl\":\"https:\/\/www.padreydecano.com\/cms\/wp-content\/uploads\/2022\/01\/avatar-square.png\",\"width\":1500,\"height\":1500,\"caption\":\"Padre y Decano\"},\"image\":{\"@id\":\"https:\/\/www.padreydecano.com\/cms\/#\/schema\/logo\/image\/\"}}]}<\/script>\n<!-- \/ Yoast SEO plugin. -->","yoast_head_json":{"title":"Primer cl\u00e1sico de la historia - Padre y Decano - El Sitio del Pueblo","robots":{"index":"index","follow":"follow","max-snippet":"max-snippet:-1","max-image-preview":"max-image-preview:large","max-video-preview":"max-video-preview:-1"},"canonical":"https:\/\/www.padreydecano.com\/cms\/historias-clasicas\/primer-clasico-de-la-historia\/","og_locale":"es_ES","og_type":"article","og_title":"Primer cl\u00e1sico de la historia - Padre y Decano - El Sitio del Pueblo","og_description":"El primer y \u00fanico cl\u00e1sico del Siglo XIX,\u00a0se disput\u00f3 en el Parque Central, el 15 de julio de 1900. Como era de esperar, tomando en cuenta el poder\u00edo de cada equipo, Pe\u00f1arol venci\u00f3 2 a 0 a Nacional, con doblete de Aniceto Camacho. Mientras en la cancha de Albion, el local disputaba un encuentro oficial [&hellip;]","og_url":"https:\/\/www.padreydecano.com\/cms\/historias-clasicas\/primer-clasico-de-la-historia\/","og_site_name":"Padre y Decano - El Sitio del Pueblo","article_modified_time":"2020-07-13T14:10:45+00:00","og_image":[{"width":352,"height":524,"url":"https:\/\/www.padreydecano.com\/cms\/wp-content\/uploads\/2011\/11\/Camacho.jpg","type":"image\/jpeg"}],"twitter_card":"summary_large_image","twitter_misc":{"Tiempo de lectura":"2 minutos"},"schema":{"@context":"https:\/\/schema.org","@graph":[{"@type":"WebPage","@id":"https:\/\/www.padreydecano.com\/cms\/historias-clasicas\/primer-clasico-de-la-historia\/","url":"https:\/\/www.padreydecano.com\/cms\/historias-clasicas\/primer-clasico-de-la-historia\/","name":"Primer cl\u00e1sico de la historia - Padre y Decano - El Sitio del Pueblo","isPartOf":{"@id":"https:\/\/www.padreydecano.com\/cms\/#website"},"primaryImageOfPage":{"@id":"https:\/\/www.padreydecano.com\/cms\/historias-clasicas\/primer-clasico-de-la-historia\/#primaryimage"},"image":{"@id":"https:\/\/www.padreydecano.com\/cms\/historias-clasicas\/primer-clasico-de-la-historia\/#primaryimage"},"thumbnailUrl":"https:\/\/www.padreydecano.com\/cms\/wp-content\/uploads\/2011\/11\/Camacho.jpg","datePublished":"2011-11-02T14:46:27+00:00","dateModified":"2020-07-13T14:10:45+00:00","breadcrumb":{"@id":"https:\/\/www.padreydecano.com\/cms\/historias-clasicas\/primer-clasico-de-la-historia\/#breadcrumb"},"inLanguage":"es","potentialAction":[{"@type":"ReadAction","target":["https:\/\/www.padreydecano.com\/cms\/historias-clasicas\/primer-clasico-de-la-historia\/"]}]},{"@type":"ImageObject","inLanguage":"es","@id":"https:\/\/www.padreydecano.com\/cms\/historias-clasicas\/primer-clasico-de-la-historia\/#primaryimage","url":"https:\/\/www.padreydecano.com\/cms\/wp-content\/uploads\/2011\/11\/Camacho.jpg","contentUrl":"https:\/\/www.padreydecano.com\/cms\/wp-content\/uploads\/2011\/11\/Camacho.jpg","width":"352","height":"524"},{"@type":"BreadcrumbList","@id":"https:\/\/www.padreydecano.com\/cms\/historias-clasicas\/primer-clasico-de-la-historia\/#breadcrumb","itemListElement":[{"@type":"ListItem","position":1,"name":"Portada","item":"https:\/\/www.padreydecano.com\/cms\/"},{"@type":"ListItem","position":2,"name":"Historias Cl\u00e1sicas","item":"https:\/\/www.padreydecano.com\/cms\/historias-clasicas\/"},{"@type":"ListItem","position":3,"name":"Primer cl\u00e1sico de la historia"}]},{"@type":"WebSite","@id":"https:\/\/www.padreydecano.com\/cms\/#website","url":"https:\/\/www.padreydecano.com\/cms\/","name":"Padre y Decano - El Sitio del Pueblo","description":"Club Atl\u00e9tico Pe\u00f1arol","publisher":{"@id":"https:\/\/www.padreydecano.com\/cms\/#organization"},"potentialAction":[{"@type":"SearchAction","target":{"@type":"EntryPoint","urlTemplate":"https:\/\/www.padreydecano.com\/cms\/?s={search_term_string}"},"query-input":"required name=search_term_string"}],"inLanguage":"es"},{"@type":"Organization","@id":"https:\/\/www.padreydecano.com\/cms\/#organization","name":"Padre y Decano","url":"https:\/\/www.padreydecano.com\/cms\/","logo":{"@type":"ImageObject","inLanguage":"es","@id":"https:\/\/www.padreydecano.com\/cms\/#\/schema\/logo\/image\/","url":"https:\/\/www.padreydecano.com\/cms\/wp-content\/uploads\/2022\/01\/avatar-square.png","contentUrl":"https:\/\/www.padreydecano.com\/cms\/wp-content\/uploads\/2022\/01\/avatar-square.png","width":1500,"height":1500,"caption":"Padre y Decano"},"image":{"@id":"https:\/\/www.padreydecano.com\/cms\/#\/schema\/logo\/image\/"}}]}},"_links":{"self":[{"href":"https:\/\/www.padreydecano.com\/cms\/wp-json\/wp\/v2\/pages\/7464"}],"collection":[{"href":"https:\/\/www.padreydecano.com\/cms\/wp-json\/wp\/v2\/pages"}],"about":[{"href":"https:\/\/www.padreydecano.com\/cms\/wp-json\/wp\/v2\/types\/page"}],"author":[{"embeddable":true,"href":"https:\/\/www.padreydecano.com\/cms\/wp-json\/wp\/v2\/users\/2"}],"replies":[{"embeddable":true,"href":"https:\/\/www.padreydecano.com\/cms\/wp-json\/wp\/v2\/comments?post=7464"}],"version-history":[{"count":0,"href":"https:\/\/www.padreydecano.com\/cms\/wp-json\/wp\/v2\/pages\/7464\/revisions"}],"up":[{"embeddable":true,"href":"https:\/\/www.padreydecano.com\/cms\/wp-json\/wp\/v2\/pages\/5170"}],"wp:featuredmedia":[{"embeddable":true,"href":"https:\/\/www.padreydecano.com\/cms\/wp-json\/wp\/v2\/media\/7472"}],"wp:attachment":[{"href":"https:\/\/www.padreydecano.com\/cms\/wp-json\/wp\/v2\/media?parent=7464"}],"curies":[{"name":"wp","href":"https:\/\/api.w.org\/{rel}","templated":true}]}}