{"id":7232,"date":"2011-10-31T14:33:44","date_gmt":"2011-10-31T16:33:44","guid":{"rendered":"http:\/\/www.padreydecano.com\/cms\/?page_id=7232"},"modified":"2022-01-06T12:16:56","modified_gmt":"2022-01-06T15:16:56","slug":"la-bandera-mas-grande-del-mundo","status":"publish","type":"page","link":"https:\/\/www.padreydecano.com\/cms\/la-bandera-mas-grande-del-mundo\/","title":{"rendered":"La Bandera M\u00e1s Grande del Mundo"},"content":{"rendered":"<table class=\"comun\">\n<tbody>\n<tr>\n<td width=\"70\"><a href=\"https:\/\/www.padreydecano.com\/cms\/la-bandera-mas-grande-del-mundo\/historia\/\"><img loading=\"lazy\" decoding=\"async\" class=\"alignleft size-full wp-image-7241\" src=\"https:\/\/www.padreydecano.com\/cms\/wp-content\/uploads\/2011\/10\/bandera.jpg\" alt=\"\" width=\"70\" height=\"70\" srcset=\"https:\/\/www.padreydecano.com\/cms\/wp-content\/uploads\/2011\/10\/bandera.jpg 70w, https:\/\/www.padreydecano.com\/cms\/wp-content\/uploads\/2011\/10\/bandera-36x36.jpg 36w\" sizes=\"(max-width: 70px) 100vw, 70px\" \/><\/a><\/td>\n<td style=\"text-align: justify;\"><strong><a href=\"https:\/\/www.padreydecano.com\/cms\/la-bandera-mas-grande-del-mundo\/historia\/\">La Bandera M\u00e1s Grande del Mundo<\/a><br \/>\nLa historia de la movida<\/strong><br \/>\nC\u00f3mo naci\u00f3 la idea y el proyecto de hacer la Bandera M\u00e1s Grande del Mundo. Cada detalle de la bandera que recorri\u00f3 el mundo.<\/td>\n<\/tr>\n<tr>\n<td width=\"70\"><a href=\"https:\/\/www.padreydecano.com\/cms\/la-bandera-mas-grande-del-mundo\/fotos\/\"><img loading=\"lazy\" decoding=\"async\" class=\"alignleft size-full wp-image-7235\" src=\"https:\/\/www.padreydecano.com\/cms\/wp-content\/uploads\/2011\/10\/fotos.jpg\" alt=\"\" width=\"70\" height=\"70\" srcset=\"https:\/\/www.padreydecano.com\/cms\/wp-content\/uploads\/2011\/10\/fotos.jpg 70w, https:\/\/www.padreydecano.com\/cms\/wp-content\/uploads\/2011\/10\/fotos-36x36.jpg 36w\" sizes=\"(max-width: 70px) 100vw, 70px\" \/><\/a><\/td>\n<td style=\"text-align: justify;\"><strong><a href=\"https:\/\/www.padreydecano.com\/cms\/la-bandera-mas-grande-del-mundo\/fotos\/\">Fotos de La Bandera M\u00e1s Grande del Mundo<\/a><br \/>\nLas fotos de la bandera<br \/>\n<\/strong>Galer\u00eda de fotos con m\u00e1s de 190 im\u00e1genes de la bandera desde la salida desde el taller de costura en Quilmes (Argentina), hasta el estreno el 12 de abril frente a Independiente de Avellaneda.<\/td>\n<\/tr>\n<tr>\n<td width=\"70\"><a href=\"https:\/\/www.padreydecano.com\/cms\/la-bandera-mas-grande-del-mundo\/videos\/\"><img loading=\"lazy\" decoding=\"async\" class=\"alignleft size-full wp-image-7236\" src=\"https:\/\/www.padreydecano.com\/cms\/wp-content\/uploads\/2011\/10\/videos.jpg\" alt=\"\" width=\"70\" height=\"70\" srcset=\"https:\/\/www.padreydecano.com\/cms\/wp-content\/uploads\/2011\/10\/videos.jpg 70w, https:\/\/www.padreydecano.com\/cms\/wp-content\/uploads\/2011\/10\/videos-36x36.jpg 36w\" sizes=\"(max-width: 70px) 100vw, 70px\" \/><\/a><\/td>\n<td style=\"text-align: justify;\"><strong><strong><a href=\"https:\/\/www.padreydecano.com\/cms\/la-bandera-mas-grande-del-mundo\/videos\/\">Videos de La Bandera M\u00e1s Grande del Mundo<\/a><a href=\"https:\/\/www.padreydecano.com\/cms\/videos-de-la-bandera-mas-grande-del-mundo\/\"><br \/>\n<\/a><\/strong>Los videos de la bandera<br \/>\n<\/strong>Recopilaci\u00f3n de los videos de la Bandera. Desde los comienzos con el video de los jugadores colaborando con 7 camisetas hasta el video de la primera vez que el mundo vi\u00f3 la bandera m\u00e1s grande de todas en el Estadio Centenario.<\/td>\n<\/tr>\n<tr>\n<td width=\"70\"><a href=\"https:\/\/www.padreydecano.com\/cms\/la-bandera-mas-grande-del-mundo\/colaboracion\/\"><img loading=\"lazy\" decoding=\"async\" class=\"alignleft size-full wp-image-7237\" src=\"https:\/\/www.padreydecano.com\/cms\/wp-content\/uploads\/2011\/10\/remera.jpg\" alt=\"\" width=\"70\" height=\"70\" srcset=\"https:\/\/www.padreydecano.com\/cms\/wp-content\/uploads\/2011\/10\/remera.jpg 70w, https:\/\/www.padreydecano.com\/cms\/wp-content\/uploads\/2011\/10\/remera-36x36.jpg 36w\" sizes=\"(max-width: 70px) 100vw, 70px\" \/><\/a><\/td>\n<td style=\"text-align: justify;\"><strong><strong><a href=\"https:\/\/www.padreydecano.com\/cms\/la-bandera-mas-grande-del-mundo\/colaboracion\/\">Colaboraci\u00f3n de La Bandera M\u00e1s Grande del Mundo<br \/>\n<\/a><\/strong>C\u00f3mo se financi\u00f3 la bandera<br \/>\n<\/strong>Detalle completo de los medios para financiar la bandera, peso por peso fue todo colaboraci\u00f3n del pueblo carbonero.<\/td>\n<\/tr>\n<\/tbody>\n<\/table>\n","protected":false},"excerpt":{"rendered":"<p>La Bandera M\u00e1s Grande del Mundo La historia de la movida C\u00f3mo naci\u00f3 la idea y el proyecto de hacer la Bandera M\u00e1s Grande del Mundo. Cada detalle de la bandera que recorri\u00f3 el mundo. Fotos de La Bandera M\u00e1s Grande del Mundo Las fotos de la bandera Galer\u00eda de fotos con m\u00e1s de 190 [&hellip;]<\/p>\n","protected":false},"author":1,"featured_media":0,"parent":0,"menu_order":33,"comment_status":"closed","ping_status":"closed","template":"","meta":{"footnotes":""},"yoast_head":"<!-- This site is optimized with the Yoast SEO plugin v23.2 - https:\/\/yoast.com\/wordpress\/plugins\/seo\/ -->\n<title>La Bandera M\u00e1s Grande del Mundo - Padre y Decano - El Sitio del Pueblo<\/title>\n<meta name=\"robots\" content=\"index, follow, max-snippet:-1, max-image-preview:large, max-video-preview:-1\" \/>\n<link rel=\"canonical\" href=\"https:\/\/www.padreydecano.com\/cms\/la-bandera-mas-grande-del-mundo\/\" \/>\n<meta property=\"og:locale\" content=\"es_ES\" \/>\n<meta property=\"og:type\" content=\"article\" \/>\n<meta property=\"og:title\" content=\"La Bandera M\u00e1s Grande del Mundo - Padre y Decano - El Sitio del Pueblo\" \/>\n<meta property=\"og:description\" content=\"La Bandera M\u00e1s Grande del Mundo La historia de la movida C\u00f3mo naci\u00f3 la idea y el proyecto de hacer la Bandera M\u00e1s Grande del Mundo. Cada detalle de la bandera que recorri\u00f3 el mundo. Fotos de La Bandera M\u00e1s Grande del Mundo Las fotos de la bandera Galer\u00eda de fotos con m\u00e1s de 190 [&hellip;]\" \/>\n<meta property=\"og:url\" content=\"https:\/\/www.padreydecano.com\/cms\/la-bandera-mas-grande-del-mundo\/\" \/>\n<meta property=\"og:site_name\" content=\"Padre y Decano - El Sitio del Pueblo\" \/>\n<meta property=\"article:modified_time\" content=\"2022-01-06T15:16:56+00:00\" \/>\n<meta property=\"og:image\" content=\"http:\/\/www.padreydecano.com\/cms\/wp-content\/uploads\/2011\/10\/bandera.jpg\" \/>\n<meta name=\"twitter:card\" content=\"summary_large_image\" \/>\n<meta name=\"twitter:label1\" content=\"Tiempo de lectura\" \/>\n\t<meta name=\"twitter:data1\" content=\"1 minuto\" \/>\n<script type=\"application\/ld+json\" class=\"yoast-schema-graph\">{\"@context\":\"https:\/\/schema.org\",\"@graph\":[{\"@type\":\"WebPage\",\"@id\":\"https:\/\/www.padreydecano.com\/cms\/la-bandera-mas-grande-del-mundo\/\",\"url\":\"https:\/\/www.padreydecano.com\/cms\/la-bandera-mas-grande-del-mundo\/\",\"name\":\"La Bandera M\u00e1s Grande del Mundo - Padre y Decano - El Sitio del Pueblo\",\"isPartOf\":{\"@id\":\"https:\/\/www.padreydecano.com\/cms\/#website\"},\"primaryImageOfPage\":{\"@id\":\"https:\/\/www.padreydecano.com\/cms\/la-bandera-mas-grande-del-mundo\/#primaryimage\"},\"image\":{\"@id\":\"https:\/\/www.padreydecano.com\/cms\/la-bandera-mas-grande-del-mundo\/#primaryimage\"},\"thumbnailUrl\":\"http:\/\/www.padreydecano.com\/cms\/wp-content\/uploads\/2011\/10\/bandera.jpg\",\"datePublished\":\"2011-10-31T16:33:44+00:00\",\"dateModified\":\"2022-01-06T15:16:56+00:00\",\"breadcrumb\":{\"@id\":\"https:\/\/www.padreydecano.com\/cms\/la-bandera-mas-grande-del-mundo\/#breadcrumb\"},\"inLanguage\":\"es\",\"potentialAction\":[{\"@type\":\"ReadAction\",\"target\":[\"https:\/\/www.padreydecano.com\/cms\/la-bandera-mas-grande-del-mundo\/\"]}]},{\"@type\":\"ImageObject\",\"inLanguage\":\"es\",\"@id\":\"https:\/\/www.padreydecano.com\/cms\/la-bandera-mas-grande-del-mundo\/#primaryimage\",\"url\":\"https:\/\/www.padreydecano.com\/cms\/wp-content\/uploads\/2011\/10\/bandera.jpg\",\"contentUrl\":\"https:\/\/www.padreydecano.com\/cms\/wp-content\/uploads\/2011\/10\/bandera.jpg\",\"width\":\"70\",\"height\":\"70\"},{\"@type\":\"BreadcrumbList\",\"@id\":\"https:\/\/www.padreydecano.com\/cms\/la-bandera-mas-grande-del-mundo\/#breadcrumb\",\"itemListElement\":[{\"@type\":\"ListItem\",\"position\":1,\"name\":\"Portada\",\"item\":\"https:\/\/www.padreydecano.com\/cms\/\"},{\"@type\":\"ListItem\",\"position\":2,\"name\":\"La Bandera M\u00e1s Grande del Mundo\"}]},{\"@type\":\"WebSite\",\"@id\":\"https:\/\/www.padreydecano.com\/cms\/#website\",\"url\":\"https:\/\/www.padreydecano.com\/cms\/\",\"name\":\"Padre y Decano - El Sitio del Pueblo\",\"description\":\"Club Atl\u00e9tico Pe\u00f1arol\",\"publisher\":{\"@id\":\"https:\/\/www.padreydecano.com\/cms\/#organization\"},\"potentialAction\":[{\"@type\":\"SearchAction\",\"target\":{\"@type\":\"EntryPoint\",\"urlTemplate\":\"https:\/\/www.padreydecano.com\/cms\/?s={search_term_string}\"},\"query-input\":\"required name=search_term_string\"}],\"inLanguage\":\"es\"},{\"@type\":\"Organization\",\"@id\":\"https:\/\/www.padreydecano.com\/cms\/#organization\",\"name\":\"Padre y Decano\",\"url\":\"https:\/\/www.padreydecano.com\/cms\/\",\"logo\":{\"@type\":\"ImageObject\",\"inLanguage\":\"es\",\"@id\":\"https:\/\/www.padreydecano.com\/cms\/#\/schema\/logo\/image\/\",\"url\":\"https:\/\/www.padreydecano.com\/cms\/wp-content\/uploads\/2022\/01\/avatar-square.png\",\"contentUrl\":\"https:\/\/www.padreydecano.com\/cms\/wp-content\/uploads\/2022\/01\/avatar-square.png\",\"width\":1500,\"height\":1500,\"caption\":\"Padre y Decano\"},\"image\":{\"@id\":\"https:\/\/www.padreydecano.com\/cms\/#\/schema\/logo\/image\/\"}}]}<\/script>\n<!-- \/ Yoast SEO plugin. -->","yoast_head_json":{"title":"La Bandera M\u00e1s Grande del Mundo - Padre y Decano - El Sitio del Pueblo","robots":{"index":"index","follow":"follow","max-snippet":"max-snippet:-1","max-image-preview":"max-image-preview:large","max-video-preview":"max-video-preview:-1"},"canonical":"https:\/\/www.padreydecano.com\/cms\/la-bandera-mas-grande-del-mundo\/","og_locale":"es_ES","og_type":"article","og_title":"La Bandera M\u00e1s Grande del Mundo - Padre y Decano - El Sitio del Pueblo","og_description":"La Bandera M\u00e1s Grande del Mundo La historia de la movida C\u00f3mo naci\u00f3 la idea y el proyecto de hacer la Bandera M\u00e1s Grande del Mundo. Cada detalle de la bandera que recorri\u00f3 el mundo. Fotos de La Bandera M\u00e1s Grande del Mundo Las fotos de la bandera Galer\u00eda de fotos con m\u00e1s de 190 [&hellip;]","og_url":"https:\/\/www.padreydecano.com\/cms\/la-bandera-mas-grande-del-mundo\/","og_site_name":"Padre y Decano - El Sitio del Pueblo","article_modified_time":"2022-01-06T15:16:56+00:00","og_image":[{"url":"http:\/\/www.padreydecano.com\/cms\/wp-content\/uploads\/2011\/10\/bandera.jpg"}],"twitter_card":"summary_large_image","twitter_misc":{"Tiempo de lectura":"1 minuto"},"schema":{"@context":"https:\/\/schema.org","@graph":[{"@type":"WebPage","@id":"https:\/\/www.padreydecano.com\/cms\/la-bandera-mas-grande-del-mundo\/","url":"https:\/\/www.padreydecano.com\/cms\/la-bandera-mas-grande-del-mundo\/","name":"La Bandera M\u00e1s Grande del Mundo - Padre y Decano - El Sitio del Pueblo","isPartOf":{"@id":"https:\/\/www.padreydecano.com\/cms\/#website"},"primaryImageOfPage":{"@id":"https:\/\/www.padreydecano.com\/cms\/la-bandera-mas-grande-del-mundo\/#primaryimage"},"image":{"@id":"https:\/\/www.padreydecano.com\/cms\/la-bandera-mas-grande-del-mundo\/#primaryimage"},"thumbnailUrl":"http:\/\/www.padreydecano.com\/cms\/wp-content\/uploads\/2011\/10\/bandera.jpg","datePublished":"2011-10-31T16:33:44+00:00","dateModified":"2022-01-06T15:16:56+00:00","breadcrumb":{"@id":"https:\/\/www.padreydecano.com\/cms\/la-bandera-mas-grande-del-mundo\/#breadcrumb"},"inLanguage":"es","potentialAction":[{"@type":"ReadAction","target":["https:\/\/www.padreydecano.com\/cms\/la-bandera-mas-grande-del-mundo\/"]}]},{"@type":"ImageObject","inLanguage":"es","@id":"https:\/\/www.padreydecano.com\/cms\/la-bandera-mas-grande-del-mundo\/#primaryimage","url":"https:\/\/www.padreydecano.com\/cms\/wp-content\/uploads\/2011\/10\/bandera.jpg","contentUrl":"https:\/\/www.padreydecano.com\/cms\/wp-content\/uploads\/2011\/10\/bandera.jpg","width":"70","height":"70"},{"@type":"BreadcrumbList","@id":"https:\/\/www.padreydecano.com\/cms\/la-bandera-mas-grande-del-mundo\/#breadcrumb","itemListElement":[{"@type":"ListItem","position":1,"name":"Portada","item":"https:\/\/www.padreydecano.com\/cms\/"},{"@type":"ListItem","position":2,"name":"La Bandera M\u00e1s Grande del Mundo"}]},{"@type":"WebSite","@id":"https:\/\/www.padreydecano.com\/cms\/#website","url":"https:\/\/www.padreydecano.com\/cms\/","name":"Padre y Decano - El Sitio del Pueblo","description":"Club Atl\u00e9tico Pe\u00f1arol","publisher":{"@id":"https:\/\/www.padreydecano.com\/cms\/#organization"},"potentialAction":[{"@type":"SearchAction","target":{"@type":"EntryPoint","urlTemplate":"https:\/\/www.padreydecano.com\/cms\/?s={search_term_string}"},"query-input":"required name=search_term_string"}],"inLanguage":"es"},{"@type":"Organization","@id":"https:\/\/www.padreydecano.com\/cms\/#organization","name":"Padre y Decano","url":"https:\/\/www.padreydecano.com\/cms\/","logo":{"@type":"ImageObject","inLanguage":"es","@id":"https:\/\/www.padreydecano.com\/cms\/#\/schema\/logo\/image\/","url":"https:\/\/www.padreydecano.com\/cms\/wp-content\/uploads\/2022\/01\/avatar-square.png","contentUrl":"https:\/\/www.padreydecano.com\/cms\/wp-content\/uploads\/2022\/01\/avatar-square.png","width":1500,"height":1500,"caption":"Padre y Decano"},"image":{"@id":"https:\/\/www.padreydecano.com\/cms\/#\/schema\/logo\/image\/"}}]}},"_links":{"self":[{"href":"https:\/\/www.padreydecano.com\/cms\/wp-json\/wp\/v2\/pages\/7232"}],"collection":[{"href":"https:\/\/www.padreydecano.com\/cms\/wp-json\/wp\/v2\/pages"}],"about":[{"href":"https:\/\/www.padreydecano.com\/cms\/wp-json\/wp\/v2\/types\/page"}],"author":[{"embeddable":true,"href":"https:\/\/www.padreydecano.com\/cms\/wp-json\/wp\/v2\/users\/1"}],"replies":[{"embeddable":true,"href":"https:\/\/www.padreydecano.com\/cms\/wp-json\/wp\/v2\/comments?post=7232"}],"version-history":[{"count":0,"href":"https:\/\/www.padreydecano.com\/cms\/wp-json\/wp\/v2\/pages\/7232\/revisions"}],"wp:attachment":[{"href":"https:\/\/www.padreydecano.com\/cms\/wp-json\/wp\/v2\/media?parent=7232"}],"curies":[{"name":"wp","href":"https:\/\/api.w.org\/{rel}","templated":true}]}}