{"id":5432,"date":"2011-10-10T09:25:49","date_gmt":"2011-10-10T11:25:49","guid":{"rendered":"http:\/\/www.padreydecano.com\/cms\/?page_id=5432"},"modified":"2014-09-27T12:22:08","modified_gmt":"2014-09-27T15:22:08","slug":"1951-1960","status":"publish","type":"page","link":"https:\/\/www.padreydecano.com\/cms\/historia-oficial\/1951-1960\/","title":{"rendered":"1951-1960"},"content":{"rendered":"<p style=\"text-align: justify;\">El comienzo de la d\u00e9cada para Pe\u00f1arol fue muy exitoso ya que alcanz\u00f3 la Copa Competencia y de Honor de forma invicta y en la segunda parte del a\u00f1o se obtuvo la Copa Uruguaya con la particularidad de que <a title=\"Campeonato Uruguayo de 1951\" href=\"https:\/\/www.padreydecano.com\/cms\/campanas-historicas\/campeonato-uruguayo-de-1951\/\" target=\"_blank\">la vuelta se dio en la sede<\/a>. Se finaliz\u00f3 con dos puntos de diferencia sobre el tradicional rival y la figura del equipo en ese a\u00f1o fue el <a title=\"\u201cR\u00e1pido, dribleador, le gustaba recibir patadas\u201d\" href=\"https:\/\/www.padreydecano.com\/cms\/entrevistas\/rapido-dribleador-le-gustaba-recibir-patadas-abbadie\/\" target=\"_blank\">\u00abPardo\u00bb Julio C\u00e9sar Abbadie.<\/a>\u00a0Al a\u00f1o siguiente\u00a0se gan\u00f3 la Copa de Honor por cuarto a\u00f1o consecutivo.<\/p>\n<p style=\"text-align: justify;\">El a\u00f1o 1953 repiti\u00f3 el \u00e9xito de 1951 obteniendo los tres campeonatos en disputa: Copa Uruguaya, Copa de Honor y Copa Competencia. Adem\u00e1s, la conquista de la Copa de Honor fue por quinto a\u00f1o consecutivo, por lo que se consigui\u00f3 el Qunquenio en ese torneo. En ese a\u00f1o se registr\u00f3 una <strong>goleada ante el tradicional rival por 5 a 0<\/strong> con dos goles de <a title=\"Juan Edgardo Hohberg\" href=\"https:\/\/www.padreydecano.com\/cms\/idolos\/juan-edgardo-hohberg\/\" target=\"_blank\">Hohberg<\/a>, <a title=\"\u00d3scar \u201cCotorra\u201d M\u00edguez\" href=\"https:\/\/www.padreydecano.com\/cms\/idolos\/oscar-cotorra-miguez\/\" target=\"_blank\">Miguez<\/a>, <a title=\"\u201cR\u00e1pido, dribleador, le gustaba recibir patadas\u201d\" href=\"https:\/\/www.padreydecano.com\/cms\/entrevistas\/rapido-dribleador-le-gustaba-recibir-patadas-abbadie\/\" target=\"_blank\">Abbadie<\/a> y Galv\u00e1n.<\/p>\n<p style=\"text-align: justify;\">En la siguiente temporada, Pe\u00f1arol se consagr\u00f3 Campe\u00f3n Uruguayo de forma invicto, tras haber ganado 14 partidos y empatado los 4 restantes. Tambien se gan\u00f3 la segunda Copa Montevideo ganada de forma invicta. <a title=\"Juan Alberto Schiaffino\" href=\"https:\/\/www.padreydecano.com\/cms\/idolos\/juan-alberto-schiaffino\/\" target=\"_blank\">Schiaffino<\/a> fue vendido al Milan de Italia luego de jugar el mundial en Suiza 1954.<\/p>\n<p style=\"text-align: justify;\"><img loading=\"lazy\" decoding=\"async\" class=\"alignright  wp-image-33884\" src=\"https:\/\/www.padreydecano.com\/cms\/wp-content\/uploads\/2011\/10\/Palacio-Penarol.jpg\" alt=\"\" width=\"280\" height=\"146\" srcset=\"https:\/\/www.padreydecano.com\/cms\/wp-content\/uploads\/2011\/10\/Palacio-Penarol.jpg 311w, https:\/\/www.padreydecano.com\/cms\/wp-content\/uploads\/2011\/10\/Palacio-Penarol-300x156.jpg 300w\" sizes=\"(max-width: 280px) 100vw, 280px\" \/>El hecho institucional por excelencia de la d\u00e9cada se dio el 12 de julio de 1955 cuando se inaugur\u00f3 el <a href=\"https:\/\/www.padreydecano.com\/cms\/palacio-penarol\/\" target=\"_blank\">Palacio Pe\u00f1arol<\/a> luego de 10 a\u00f1os de trabajo desde que comenz\u00f3 el proyecto en 1945.\u00a0Ese a\u00f1o no se obtuvo ning\u00fan torneo y adem\u00e1s signific\u00f3 el retiro de dos \u00eddolos como <a title=\"Roque Gast\u00f3n M\u00e1spoli\" href=\"https:\/\/www.padreydecano.com\/cms\/editoriales\/roque-gaston-maspoli\/\" target=\"_blank\">M\u00e1spoli<\/a> y <a title=\"Obdulio Varela\" href=\"https:\/\/www.padreydecano.com\/cms\/editoriales\/obdulio-varela\/\" target=\"_blank\">Obdulio Varela<\/a>, campeones del mundo con la Selecci\u00f3n Uruguaya.<\/p>\n<p style=\"text-align: justify;\">Dijo el Ing. Jos\u00e9 L. Buzzetti: <em><strong>\u201cLa construcci\u00f3n del Estadio Cerrado y Sede, se\u00f1ala una nueva etapa, en la concepci\u00f3n profesional, pues al crear un nuevo cauce econ\u00f3mico, -potente y permanente- proporciona al Club Atl\u00e9tico Pe\u00f1arol, las m\u00e1ximas posibilidades deportivas y sociales, y afianz\u00f3 el concepto de primer instituci\u00f3n deportiva del pa\u00eds\u201d.<\/strong><\/em><\/p>\n<p style=\"text-align: justify;\">Penarol vuelve a conseguir el t\u00edtulo de Campe\u00f3n Uruguayo en 1958 de la mano de la nueva Comision Directiva presidida por el Cr. Gaston G\u00fcelfi y acompa\u00f1ado por Washington Cataldi. Esa comisi\u00f3n design\u00f3 como t\u00e9cnico al gran <a title=\"Hugo Bagnulo\" href=\"https:\/\/www.padreydecano.com\/cms\/idolos\/hugo-bagnulo\/\" target=\"_blank\">Hugo Bagnulo<\/a>. La d\u00e9cada se cerr\u00f3 con los t\u00edtulos de 59 y 60, siendo estos junto al de 58 los primeros tres t\u00edtulos del <a href=\"https:\/\/www.padreydecano.com\/cms\/campanas-historicas\/el-primer-quinquenio-de-oro\/\" target=\"_blank\">Primer Quinquenio de Oro<\/a>.<\/p>\n<div id=\"attachment_13039\" style=\"width: 410px\" class=\"wp-caption aligncenter\"><a href=\"https:\/\/www.padreydecano.com\/cms\/wp-content\/uploads\/2012\/01\/copa-libertadores-1960.jpg\" rel=\"shadowbox[sbpost-5432];player=img;\"><img loading=\"lazy\" decoding=\"async\" aria-describedby=\"caption-attachment-13039\" class=\"size-full wp-image-13039\" src=\"https:\/\/www.padreydecano.com\/cms\/wp-content\/uploads\/2012\/01\/copa-libertadores-1960.jpg\" alt=\"\" width=\"400\" height=\"276\" srcset=\"https:\/\/www.padreydecano.com\/cms\/wp-content\/uploads\/2012\/01\/copa-libertadores-1960.jpg 400w, https:\/\/www.padreydecano.com\/cms\/wp-content\/uploads\/2012\/01\/copa-libertadores-1960-300x207.jpg 300w\" sizes=\"(max-width: 400px) 100vw, 400px\" \/><\/a><p id=\"caption-attachment-13039\" class=\"wp-caption-text\">Pe\u00f1arol de 1960: L. Maidana, W. Aguerre, D. Cocito (Kinies\u00f3logo), N. Goncalvez, S. Pino, W. Mart\u00ednez, M. Da Silva, L. Cubilla, C. Linazza, J. Hohberg, A. Spencer y C. Borges.<\/p><\/div>\n<p style=\"text-align: justify; margin-top: 20px;\">Esta dirigencia, por las necesidades org\u00e1nicas de establecer nuevas entradas econ\u00f3micas que permitieran encarar un verdadero r\u00e9gimen profesional, ide\u00f3 la realizaci\u00f3n de un campeonato de clubes campeones de Am\u00e9rica, bajo el patrocinio de la Confederaci\u00f3n Sudamericana, en forma de torneo eliminatorio por zonas, con la consagraci\u00f3n de un campe\u00f3n sudamericano, con el trofeo Libertadores de Am\u00e9rica. Posteriormente surgi\u00f3 la posibilidad\u00a0 de enfrentar a los campeones de Am\u00e9rica y Europa, por el trofeo Intercontinental.<\/p>\n<p style=\"text-align: justify;\">En 1960 se disput\u00f3 por primera vez la <a title=\"Copa Libertadores 1960\" href=\"https:\/\/www.padreydecano.com\/cms\/campanas-historicas\/copa-libertadores-1960\/\" target=\"_blank\">Copa Campeones de Am\u00e9rica<\/a>, posteriormente Libertadores, y Pe\u00f1arol se consagr\u00f3 campe\u00f3n en Puerto Sajonia tras empatar 1 a 1 con Olimpia de Paraguay. En semifinales dejamos por el camino a San Lorenzo de Almagro. La Copa Intercontinental la disputamos contra el Real Madrid y ca\u00edmos derrotados, en Montevideo empatamos 0 a 0, mientras que la revancha en Madrid perdimos 5 a 1.<\/p>\n<p><span style=\"color: #ffcc02;\"><strong>Copas Ganadas en la d\u00e9cada 1951-1960:<\/strong><\/span><\/p>\n<ul>\n<li>Copa Uruguaya AUF: 1951, 1953, 1954, 1958, 1959, 1960.<\/li>\n<li>Campeonato Cuadrangular: 1959, 1960.<\/li>\n<li>Campeonato Competencia: 1951, 1953, 1956, 1957.<\/li>\n<li>Campeonato de Honor: 1951, 1952, 1953, 1956.<\/li>\n<\/ul>\n<p><strong><span style=\"color: #ffcc02;\">Otras Copas o Torneos Amistosos:<\/span><br \/>\n<\/strong><\/p>\n<ul>\n<li>2a Copa Montevideo: 1954.<\/li>\n<li>Torneo Campeones Sudamericanos Juveniles: 1954.<\/li>\n<li>Campeonato Cuadrangular de M\u00e9xico: 1957.<\/li>\n<li>Campeonato Cuadrangular de Chile: 1957.<\/li>\n<li>Trofeo Martini: 1957.<\/li>\n<\/ul>\n","protected":false},"excerpt":{"rendered":"<p>El comienzo de la d\u00e9cada para Pe\u00f1arol fue muy exitoso ya que alcanz\u00f3 la Copa Competencia y de Honor de forma invicta y en la segunda parte del a\u00f1o se obtuvo la Copa Uruguaya con la particularidad de que la vuelta se dio en la sede. Se finaliz\u00f3 con dos puntos de diferencia sobre el [&hellip;]<\/p>\n","protected":false},"author":1,"featured_media":0,"parent":64,"menu_order":7,"comment_status":"closed","ping_status":"closed","template":"","meta":{"footnotes":""},"yoast_head":"<!-- This site is optimized with the Yoast SEO plugin v23.2 - https:\/\/yoast.com\/wordpress\/plugins\/seo\/ -->\n<title>1951-1960 - Padre y Decano - El Sitio del Pueblo<\/title>\n<meta name=\"robots\" content=\"index, follow, max-snippet:-1, max-image-preview:large, max-video-preview:-1\" \/>\n<link rel=\"canonical\" href=\"https:\/\/www.padreydecano.com\/cms\/historia-oficial\/1951-1960\/\" \/>\n<meta property=\"og:locale\" content=\"es_ES\" \/>\n<meta property=\"og:type\" content=\"article\" \/>\n<meta property=\"og:title\" content=\"1951-1960 - Padre y Decano - El Sitio del Pueblo\" \/>\n<meta property=\"og:description\" content=\"El comienzo de la d\u00e9cada para Pe\u00f1arol fue muy exitoso ya que alcanz\u00f3 la Copa Competencia y de Honor de forma invicta y en la segunda parte del a\u00f1o se obtuvo la Copa Uruguaya con la particularidad de que la vuelta se dio en la sede. Se finaliz\u00f3 con dos puntos de diferencia sobre el [&hellip;]\" \/>\n<meta property=\"og:url\" content=\"https:\/\/www.padreydecano.com\/cms\/historia-oficial\/1951-1960\/\" \/>\n<meta property=\"og:site_name\" content=\"Padre y Decano - El Sitio del Pueblo\" \/>\n<meta property=\"article:modified_time\" content=\"2014-09-27T15:22:08+00:00\" \/>\n<meta property=\"og:image\" content=\"http:\/\/www.padreydecano.com\/cms\/wp-content\/uploads\/2011\/10\/Palacio-Penarol.jpg\" \/>\n<meta name=\"twitter:card\" content=\"summary_large_image\" \/>\n<meta name=\"twitter:label1\" content=\"Tiempo de lectura\" \/>\n\t<meta name=\"twitter:data1\" content=\"3 minutos\" \/>\n<script type=\"application\/ld+json\" class=\"yoast-schema-graph\">{\"@context\":\"https:\/\/schema.org\",\"@graph\":[{\"@type\":\"WebPage\",\"@id\":\"https:\/\/www.padreydecano.com\/cms\/historia-oficial\/1951-1960\/\",\"url\":\"https:\/\/www.padreydecano.com\/cms\/historia-oficial\/1951-1960\/\",\"name\":\"1951-1960 - Padre y Decano - El Sitio del Pueblo\",\"isPartOf\":{\"@id\":\"https:\/\/www.padreydecano.com\/cms\/#website\"},\"primaryImageOfPage\":{\"@id\":\"https:\/\/www.padreydecano.com\/cms\/historia-oficial\/1951-1960\/#primaryimage\"},\"image\":{\"@id\":\"https:\/\/www.padreydecano.com\/cms\/historia-oficial\/1951-1960\/#primaryimage\"},\"thumbnailUrl\":\"http:\/\/www.padreydecano.com\/cms\/wp-content\/uploads\/2011\/10\/Palacio-Penarol.jpg\",\"datePublished\":\"2011-10-10T11:25:49+00:00\",\"dateModified\":\"2014-09-27T15:22:08+00:00\",\"breadcrumb\":{\"@id\":\"https:\/\/www.padreydecano.com\/cms\/historia-oficial\/1951-1960\/#breadcrumb\"},\"inLanguage\":\"es\",\"potentialAction\":[{\"@type\":\"ReadAction\",\"target\":[\"https:\/\/www.padreydecano.com\/cms\/historia-oficial\/1951-1960\/\"]}]},{\"@type\":\"ImageObject\",\"inLanguage\":\"es\",\"@id\":\"https:\/\/www.padreydecano.com\/cms\/historia-oficial\/1951-1960\/#primaryimage\",\"url\":\"http:\/\/www.padreydecano.com\/cms\/wp-content\/uploads\/2011\/10\/Palacio-Penarol.jpg\",\"contentUrl\":\"http:\/\/www.padreydecano.com\/cms\/wp-content\/uploads\/2011\/10\/Palacio-Penarol.jpg\"},{\"@type\":\"BreadcrumbList\",\"@id\":\"https:\/\/www.padreydecano.com\/cms\/historia-oficial\/1951-1960\/#breadcrumb\",\"itemListElement\":[{\"@type\":\"ListItem\",\"position\":1,\"name\":\"Portada\",\"item\":\"https:\/\/www.padreydecano.com\/cms\/\"},{\"@type\":\"ListItem\",\"position\":2,\"name\":\"Historia Oficial\",\"item\":\"https:\/\/www.padreydecano.com\/cms\/historia-oficial\/\"},{\"@type\":\"ListItem\",\"position\":3,\"name\":\"1951-1960\"}]},{\"@type\":\"WebSite\",\"@id\":\"https:\/\/www.padreydecano.com\/cms\/#website\",\"url\":\"https:\/\/www.padreydecano.com\/cms\/\",\"name\":\"Padre y Decano - El Sitio del Pueblo\",\"description\":\"Club Atl\u00e9tico Pe\u00f1arol\",\"publisher\":{\"@id\":\"https:\/\/www.padreydecano.com\/cms\/#organization\"},\"potentialAction\":[{\"@type\":\"SearchAction\",\"target\":{\"@type\":\"EntryPoint\",\"urlTemplate\":\"https:\/\/www.padreydecano.com\/cms\/?s={search_term_string}\"},\"query-input\":\"required name=search_term_string\"}],\"inLanguage\":\"es\"},{\"@type\":\"Organization\",\"@id\":\"https:\/\/www.padreydecano.com\/cms\/#organization\",\"name\":\"Padre y Decano\",\"url\":\"https:\/\/www.padreydecano.com\/cms\/\",\"logo\":{\"@type\":\"ImageObject\",\"inLanguage\":\"es\",\"@id\":\"https:\/\/www.padreydecano.com\/cms\/#\/schema\/logo\/image\/\",\"url\":\"https:\/\/www.padreydecano.com\/cms\/wp-content\/uploads\/2022\/01\/avatar-square.png\",\"contentUrl\":\"https:\/\/www.padreydecano.com\/cms\/wp-content\/uploads\/2022\/01\/avatar-square.png\",\"width\":1500,\"height\":1500,\"caption\":\"Padre y Decano\"},\"image\":{\"@id\":\"https:\/\/www.padreydecano.com\/cms\/#\/schema\/logo\/image\/\"}}]}<\/script>\n<!-- \/ Yoast SEO plugin. -->","yoast_head_json":{"title":"1951-1960 - Padre y Decano - El Sitio del Pueblo","robots":{"index":"index","follow":"follow","max-snippet":"max-snippet:-1","max-image-preview":"max-image-preview:large","max-video-preview":"max-video-preview:-1"},"canonical":"https:\/\/www.padreydecano.com\/cms\/historia-oficial\/1951-1960\/","og_locale":"es_ES","og_type":"article","og_title":"1951-1960 - Padre y Decano - El Sitio del Pueblo","og_description":"El comienzo de la d\u00e9cada para Pe\u00f1arol fue muy exitoso ya que alcanz\u00f3 la Copa Competencia y de Honor de forma invicta y en la segunda parte del a\u00f1o se obtuvo la Copa Uruguaya con la particularidad de que la vuelta se dio en la sede. Se finaliz\u00f3 con dos puntos de diferencia sobre el [&hellip;]","og_url":"https:\/\/www.padreydecano.com\/cms\/historia-oficial\/1951-1960\/","og_site_name":"Padre y Decano - El Sitio del Pueblo","article_modified_time":"2014-09-27T15:22:08+00:00","og_image":[{"url":"http:\/\/www.padreydecano.com\/cms\/wp-content\/uploads\/2011\/10\/Palacio-Penarol.jpg"}],"twitter_card":"summary_large_image","twitter_misc":{"Tiempo de lectura":"3 minutos"},"schema":{"@context":"https:\/\/schema.org","@graph":[{"@type":"WebPage","@id":"https:\/\/www.padreydecano.com\/cms\/historia-oficial\/1951-1960\/","url":"https:\/\/www.padreydecano.com\/cms\/historia-oficial\/1951-1960\/","name":"1951-1960 - Padre y Decano - El Sitio del Pueblo","isPartOf":{"@id":"https:\/\/www.padreydecano.com\/cms\/#website"},"primaryImageOfPage":{"@id":"https:\/\/www.padreydecano.com\/cms\/historia-oficial\/1951-1960\/#primaryimage"},"image":{"@id":"https:\/\/www.padreydecano.com\/cms\/historia-oficial\/1951-1960\/#primaryimage"},"thumbnailUrl":"http:\/\/www.padreydecano.com\/cms\/wp-content\/uploads\/2011\/10\/Palacio-Penarol.jpg","datePublished":"2011-10-10T11:25:49+00:00","dateModified":"2014-09-27T15:22:08+00:00","breadcrumb":{"@id":"https:\/\/www.padreydecano.com\/cms\/historia-oficial\/1951-1960\/#breadcrumb"},"inLanguage":"es","potentialAction":[{"@type":"ReadAction","target":["https:\/\/www.padreydecano.com\/cms\/historia-oficial\/1951-1960\/"]}]},{"@type":"ImageObject","inLanguage":"es","@id":"https:\/\/www.padreydecano.com\/cms\/historia-oficial\/1951-1960\/#primaryimage","url":"http:\/\/www.padreydecano.com\/cms\/wp-content\/uploads\/2011\/10\/Palacio-Penarol.jpg","contentUrl":"http:\/\/www.padreydecano.com\/cms\/wp-content\/uploads\/2011\/10\/Palacio-Penarol.jpg"},{"@type":"BreadcrumbList","@id":"https:\/\/www.padreydecano.com\/cms\/historia-oficial\/1951-1960\/#breadcrumb","itemListElement":[{"@type":"ListItem","position":1,"name":"Portada","item":"https:\/\/www.padreydecano.com\/cms\/"},{"@type":"ListItem","position":2,"name":"Historia Oficial","item":"https:\/\/www.padreydecano.com\/cms\/historia-oficial\/"},{"@type":"ListItem","position":3,"name":"1951-1960"}]},{"@type":"WebSite","@id":"https:\/\/www.padreydecano.com\/cms\/#website","url":"https:\/\/www.padreydecano.com\/cms\/","name":"Padre y Decano - El Sitio del Pueblo","description":"Club Atl\u00e9tico Pe\u00f1arol","publisher":{"@id":"https:\/\/www.padreydecano.com\/cms\/#organization"},"potentialAction":[{"@type":"SearchAction","target":{"@type":"EntryPoint","urlTemplate":"https:\/\/www.padreydecano.com\/cms\/?s={search_term_string}"},"query-input":"required name=search_term_string"}],"inLanguage":"es"},{"@type":"Organization","@id":"https:\/\/www.padreydecano.com\/cms\/#organization","name":"Padre y Decano","url":"https:\/\/www.padreydecano.com\/cms\/","logo":{"@type":"ImageObject","inLanguage":"es","@id":"https:\/\/www.padreydecano.com\/cms\/#\/schema\/logo\/image\/","url":"https:\/\/www.padreydecano.com\/cms\/wp-content\/uploads\/2022\/01\/avatar-square.png","contentUrl":"https:\/\/www.padreydecano.com\/cms\/wp-content\/uploads\/2022\/01\/avatar-square.png","width":1500,"height":1500,"caption":"Padre y Decano"},"image":{"@id":"https:\/\/www.padreydecano.com\/cms\/#\/schema\/logo\/image\/"}}]}},"_links":{"self":[{"href":"https:\/\/www.padreydecano.com\/cms\/wp-json\/wp\/v2\/pages\/5432"}],"collection":[{"href":"https:\/\/www.padreydecano.com\/cms\/wp-json\/wp\/v2\/pages"}],"about":[{"href":"https:\/\/www.padreydecano.com\/cms\/wp-json\/wp\/v2\/types\/page"}],"author":[{"embeddable":true,"href":"https:\/\/www.padreydecano.com\/cms\/wp-json\/wp\/v2\/users\/1"}],"replies":[{"embeddable":true,"href":"https:\/\/www.padreydecano.com\/cms\/wp-json\/wp\/v2\/comments?post=5432"}],"version-history":[{"count":0,"href":"https:\/\/www.padreydecano.com\/cms\/wp-json\/wp\/v2\/pages\/5432\/revisions"}],"up":[{"embeddable":true,"href":"https:\/\/www.padreydecano.com\/cms\/wp-json\/wp\/v2\/pages\/64"}],"wp:attachment":[{"href":"https:\/\/www.padreydecano.com\/cms\/wp-json\/wp\/v2\/media?parent=5432"}],"curies":[{"name":"wp","href":"https:\/\/api.w.org\/{rel}","templated":true}]}}