{"id":25598,"date":"2012-07-04T19:28:48","date_gmt":"2012-07-04T22:28:48","guid":{"rendered":"http:\/\/www.padreydecano.com\/cms\/?page_id=25598"},"modified":"2015-08-15T12:24:05","modified_gmt":"2015-08-15T15:24:05","slug":"juan-eduardo-hohberg","status":"publish","type":"page","link":"https:\/\/www.padreydecano.com\/cms\/idolos\/juan-eduardo-hohberg\/","title":{"rendered":"Juan Eduardo Hohberg"},"content":{"rendered":"<p style=\"text-align: justify;\"><a href=\"https:\/\/www.padreydecano.com\/cms\/wp-content\/uploads\/2012\/07\/hohberg.jpg\" rel=\"shadowbox[sbpost-25598];player=img;\"><img loading=\"lazy\" decoding=\"async\" class=\"alignright size-medium wp-image-25599\" src=\"https:\/\/www.padreydecano.com\/cms\/wp-content\/uploads\/2012\/07\/hohberg-156x300.jpg\" alt=\"\" width=\"156\" height=\"300\" srcset=\"https:\/\/www.padreydecano.com\/cms\/wp-content\/uploads\/2012\/07\/hohberg-156x300.jpg 156w, https:\/\/www.padreydecano.com\/cms\/wp-content\/uploads\/2012\/07\/hohberg-533x1024.jpg 533w, https:\/\/www.padreydecano.com\/cms\/wp-content\/uploads\/2012\/07\/hohberg.jpg 572w\" sizes=\"(max-width: 156px) 100vw, 156px\" \/><\/a>Naci\u00f3 en C\u00f3rdoba, Rep\u00fablica Argentina, el 8 de octubre de 1927, obteniendo la ciudadan\u00eda uruguaya en 1954. Comenz\u00f3 a jugar como golero en Argentinos de Rosario (1941) y cuando pas\u00f3 a Central C\u00f3rdoba le descubrieron mayores habilidades para jugar de delantero. Sobresali\u00f3 en las que eran tradicionales Selecciones Rosarinas que enfrentaban anualmente a Uruguay, lo que origin\u00f3 <strong>el inter\u00e9s de Pe\u00f1arol quien lo incorpor\u00f3 a sus filas en 1948<\/strong>.<\/p>\n<p style=\"text-align: justify;\"><strong>Se convirti\u00f3 aqu\u00ed en el primer \u201cVerdugo\u201d de nuestro f\u00fatbol, con referencia a sus actuaciones en los partidos ante Nacional y al liderazgo deportivo y an\u00edmico que trasmit\u00eda en los partidos dif\u00edciles.<\/strong> Se consagr\u00f3 6 veces Campe\u00f3n Uruguayo, de potente remate, anot\u00f3 m\u00e1s de 300 goles con la camiseta aurinegra. A ra\u00edz de la gran delantera de 1949, cuando lleg\u00f3 el momento de formar el plantel de Uruguay para la Copa del Mundo de 1950 hubo consultas a la FIFA para poder incluirlo en el equipo, cosa que finalmente pudo ser en ocasi\u00f3n del mundial de 1954 disputado en Suiza, record\u00e1ndose aun su arresto an\u00edmico para marcar dos goles e igualar el partido semifinal ante Hungr\u00eda en Lausana bajo lluvia torrencial. En este torneo Uruguay obtuvo el cuarto lugar, posici\u00f3n que luego volver\u00eda a obtener, ahora como director t\u00e9cnico, en el mundial de M\u00e9xico en 1970.<\/p>\n<p style=\"text-align: justify;\">Jug\u00f3 en C\u00facuta y Nacional de Medell\u00edn, ambos de Colombia, frustr\u00e1ndose en 1958 su pasaje al f\u00fatbol de Portugal para defender al Sporting de Lisboa por problemas con el cupo de extranjeros. Al retornar con su familia, el avi\u00f3n DC-6 en que viajaba tuvo un serio accidente por fallas mec\u00e1nicas cayendo al agua en Isla Grande, cerca de R\u00edo de Janeiro, salvando milagrosamente su vida, perdiendo todas sus pertenencias.<\/p>\n<p style=\"text-align: justify;\">El episodio lo impact\u00f3 y abandon\u00f3 el futbol. La hinchada de Pe\u00f1arol lo recuper\u00f3 volviendo a jugar durante 10 partidos que resultaron decisivos para conquistar la Copa Uruguaya de 1958, inicio del <a title=\"El Primer Quinquenio de Oro\" href=\"https:\/\/www.padreydecano.com\/cms\/campanas-historicas\/el-primer-quinquenio-de-oro\/\" target=\"_blank\">primer Quinquenio<\/a>. Continu\u00f3 en el club hasta alcanzar la <a title=\"Copa Libertadores 1960\" href=\"https:\/\/www.padreydecano.com\/cms\/campanas-historicas\/copa-libertadores-1960\/\" target=\"_blank\">Copa Libertadores de 1960<\/a>, finalizando su actividad en Racing, club donde tuvo problemas con la ficha m\u00e9dica por una afecci\u00f3n card\u00edaca, lo que signific\u00f3 la culminaci\u00f3n de su trayectoria y su inicio como entrenador.<\/p>\n<p style=\"text-align: justify;\">Para muchos pe\u00f1arolenses fue el mejor jugador de todas las \u00e9pocas. Reun\u00eda absolutamente todo. Fue de los fen\u00f3menos de la \u201cm\u00e1quina del 49\u201d y termin\u00f3 siendo de los pioneros del primer Quinquenio de Oro y de la primera Copa Libertadores en 1960.\u00a0Falleci\u00f3 en Lima, donde estaba radicado, el 30 de abril de 1996.<\/p>\n","protected":false},"excerpt":{"rendered":"<p>Naci\u00f3 en C\u00f3rdoba, Rep\u00fablica Argentina, el 8 de octubre de 1927, obteniendo la ciudadan\u00eda uruguaya en 1954. Comenz\u00f3 a jugar como golero en Argentinos de Rosario (1941) y cuando pas\u00f3 a Central C\u00f3rdoba le descubrieron mayores habilidades para jugar de delantero. Sobresali\u00f3 en las que eran tradicionales Selecciones Rosarinas que enfrentaban anualmente a Uruguay, lo [&hellip;]<\/p>\n","protected":false},"author":16,"featured_media":0,"parent":69,"menu_order":14,"comment_status":"open","ping_status":"closed","template":"","meta":{"footnotes":""},"yoast_head":"<!-- This site is optimized with the Yoast SEO plugin v23.2 - https:\/\/yoast.com\/wordpress\/plugins\/seo\/ -->\n<title>Juan Eduardo Hohberg - Padre y Decano - El Sitio del Pueblo<\/title>\n<meta name=\"robots\" content=\"index, follow, max-snippet:-1, max-image-preview:large, max-video-preview:-1\" \/>\n<link rel=\"canonical\" href=\"https:\/\/www.padreydecano.com\/cms\/idolos\/juan-eduardo-hohberg\/\" \/>\n<meta property=\"og:locale\" content=\"es_ES\" \/>\n<meta property=\"og:type\" content=\"article\" \/>\n<meta property=\"og:title\" content=\"Juan Eduardo Hohberg - Padre y Decano - El Sitio del Pueblo\" \/>\n<meta property=\"og:description\" content=\"Naci\u00f3 en C\u00f3rdoba, Rep\u00fablica Argentina, el 8 de octubre de 1927, obteniendo la ciudadan\u00eda uruguaya en 1954. Comenz\u00f3 a jugar como golero en Argentinos de Rosario (1941) y cuando pas\u00f3 a Central C\u00f3rdoba le descubrieron mayores habilidades para jugar de delantero. Sobresali\u00f3 en las que eran tradicionales Selecciones Rosarinas que enfrentaban anualmente a Uruguay, lo [&hellip;]\" \/>\n<meta property=\"og:url\" content=\"https:\/\/www.padreydecano.com\/cms\/idolos\/juan-eduardo-hohberg\/\" \/>\n<meta property=\"og:site_name\" content=\"Padre y Decano - El Sitio del Pueblo\" \/>\n<meta property=\"article:modified_time\" content=\"2015-08-15T15:24:05+00:00\" \/>\n<meta property=\"og:image\" content=\"http:\/\/www.padreydecano.com\/cms\/wp-content\/uploads\/2012\/07\/hohberg-156x300.jpg\" \/>\n<meta name=\"twitter:card\" content=\"summary_large_image\" \/>\n<meta name=\"twitter:label1\" content=\"Tiempo de lectura\" \/>\n\t<meta name=\"twitter:data1\" content=\"2 minutos\" \/>\n<script type=\"application\/ld+json\" class=\"yoast-schema-graph\">{\"@context\":\"https:\/\/schema.org\",\"@graph\":[{\"@type\":\"WebPage\",\"@id\":\"https:\/\/www.padreydecano.com\/cms\/idolos\/juan-eduardo-hohberg\/\",\"url\":\"https:\/\/www.padreydecano.com\/cms\/idolos\/juan-eduardo-hohberg\/\",\"name\":\"Juan Eduardo Hohberg - Padre y Decano - El Sitio del Pueblo\",\"isPartOf\":{\"@id\":\"https:\/\/www.padreydecano.com\/cms\/#website\"},\"primaryImageOfPage\":{\"@id\":\"https:\/\/www.padreydecano.com\/cms\/idolos\/juan-eduardo-hohberg\/#primaryimage\"},\"image\":{\"@id\":\"https:\/\/www.padreydecano.com\/cms\/idolos\/juan-eduardo-hohberg\/#primaryimage\"},\"thumbnailUrl\":\"http:\/\/www.padreydecano.com\/cms\/wp-content\/uploads\/2012\/07\/hohberg-156x300.jpg\",\"datePublished\":\"2012-07-04T22:28:48+00:00\",\"dateModified\":\"2015-08-15T15:24:05+00:00\",\"breadcrumb\":{\"@id\":\"https:\/\/www.padreydecano.com\/cms\/idolos\/juan-eduardo-hohberg\/#breadcrumb\"},\"inLanguage\":\"es\",\"potentialAction\":[{\"@type\":\"ReadAction\",\"target\":[\"https:\/\/www.padreydecano.com\/cms\/idolos\/juan-eduardo-hohberg\/\"]}]},{\"@type\":\"ImageObject\",\"inLanguage\":\"es\",\"@id\":\"https:\/\/www.padreydecano.com\/cms\/idolos\/juan-eduardo-hohberg\/#primaryimage\",\"url\":\"http:\/\/www.padreydecano.com\/cms\/wp-content\/uploads\/2012\/07\/hohberg-156x300.jpg\",\"contentUrl\":\"http:\/\/www.padreydecano.com\/cms\/wp-content\/uploads\/2012\/07\/hohberg-156x300.jpg\"},{\"@type\":\"BreadcrumbList\",\"@id\":\"https:\/\/www.padreydecano.com\/cms\/idolos\/juan-eduardo-hohberg\/#breadcrumb\",\"itemListElement\":[{\"@type\":\"ListItem\",\"position\":1,\"name\":\"Portada\",\"item\":\"https:\/\/www.padreydecano.com\/cms\/\"},{\"@type\":\"ListItem\",\"position\":2,\"name\":\"\u00cddolos\",\"item\":\"https:\/\/www.padreydecano.com\/cms\/idolos\/\"},{\"@type\":\"ListItem\",\"position\":3,\"name\":\"Juan Eduardo Hohberg\"}]},{\"@type\":\"WebSite\",\"@id\":\"https:\/\/www.padreydecano.com\/cms\/#website\",\"url\":\"https:\/\/www.padreydecano.com\/cms\/\",\"name\":\"Padre y Decano - El Sitio del Pueblo\",\"description\":\"Club Atl\u00e9tico Pe\u00f1arol\",\"publisher\":{\"@id\":\"https:\/\/www.padreydecano.com\/cms\/#organization\"},\"potentialAction\":[{\"@type\":\"SearchAction\",\"target\":{\"@type\":\"EntryPoint\",\"urlTemplate\":\"https:\/\/www.padreydecano.com\/cms\/?s={search_term_string}\"},\"query-input\":\"required name=search_term_string\"}],\"inLanguage\":\"es\"},{\"@type\":\"Organization\",\"@id\":\"https:\/\/www.padreydecano.com\/cms\/#organization\",\"name\":\"Padre y Decano\",\"url\":\"https:\/\/www.padreydecano.com\/cms\/\",\"logo\":{\"@type\":\"ImageObject\",\"inLanguage\":\"es\",\"@id\":\"https:\/\/www.padreydecano.com\/cms\/#\/schema\/logo\/image\/\",\"url\":\"https:\/\/www.padreydecano.com\/cms\/wp-content\/uploads\/2022\/01\/avatar-square.png\",\"contentUrl\":\"https:\/\/www.padreydecano.com\/cms\/wp-content\/uploads\/2022\/01\/avatar-square.png\",\"width\":1500,\"height\":1500,\"caption\":\"Padre y Decano\"},\"image\":{\"@id\":\"https:\/\/www.padreydecano.com\/cms\/#\/schema\/logo\/image\/\"}}]}<\/script>\n<!-- \/ Yoast SEO plugin. -->","yoast_head_json":{"title":"Juan Eduardo Hohberg - Padre y Decano - El Sitio del Pueblo","robots":{"index":"index","follow":"follow","max-snippet":"max-snippet:-1","max-image-preview":"max-image-preview:large","max-video-preview":"max-video-preview:-1"},"canonical":"https:\/\/www.padreydecano.com\/cms\/idolos\/juan-eduardo-hohberg\/","og_locale":"es_ES","og_type":"article","og_title":"Juan Eduardo Hohberg - Padre y Decano - El Sitio del Pueblo","og_description":"Naci\u00f3 en C\u00f3rdoba, Rep\u00fablica Argentina, el 8 de octubre de 1927, obteniendo la ciudadan\u00eda uruguaya en 1954. Comenz\u00f3 a jugar como golero en Argentinos de Rosario (1941) y cuando pas\u00f3 a Central C\u00f3rdoba le descubrieron mayores habilidades para jugar de delantero. Sobresali\u00f3 en las que eran tradicionales Selecciones Rosarinas que enfrentaban anualmente a Uruguay, lo [&hellip;]","og_url":"https:\/\/www.padreydecano.com\/cms\/idolos\/juan-eduardo-hohberg\/","og_site_name":"Padre y Decano - El Sitio del Pueblo","article_modified_time":"2015-08-15T15:24:05+00:00","og_image":[{"url":"http:\/\/www.padreydecano.com\/cms\/wp-content\/uploads\/2012\/07\/hohberg-156x300.jpg"}],"twitter_card":"summary_large_image","twitter_misc":{"Tiempo de lectura":"2 minutos"},"schema":{"@context":"https:\/\/schema.org","@graph":[{"@type":"WebPage","@id":"https:\/\/www.padreydecano.com\/cms\/idolos\/juan-eduardo-hohberg\/","url":"https:\/\/www.padreydecano.com\/cms\/idolos\/juan-eduardo-hohberg\/","name":"Juan Eduardo Hohberg - Padre y Decano - El Sitio del Pueblo","isPartOf":{"@id":"https:\/\/www.padreydecano.com\/cms\/#website"},"primaryImageOfPage":{"@id":"https:\/\/www.padreydecano.com\/cms\/idolos\/juan-eduardo-hohberg\/#primaryimage"},"image":{"@id":"https:\/\/www.padreydecano.com\/cms\/idolos\/juan-eduardo-hohberg\/#primaryimage"},"thumbnailUrl":"http:\/\/www.padreydecano.com\/cms\/wp-content\/uploads\/2012\/07\/hohberg-156x300.jpg","datePublished":"2012-07-04T22:28:48+00:00","dateModified":"2015-08-15T15:24:05+00:00","breadcrumb":{"@id":"https:\/\/www.padreydecano.com\/cms\/idolos\/juan-eduardo-hohberg\/#breadcrumb"},"inLanguage":"es","potentialAction":[{"@type":"ReadAction","target":["https:\/\/www.padreydecano.com\/cms\/idolos\/juan-eduardo-hohberg\/"]}]},{"@type":"ImageObject","inLanguage":"es","@id":"https:\/\/www.padreydecano.com\/cms\/idolos\/juan-eduardo-hohberg\/#primaryimage","url":"http:\/\/www.padreydecano.com\/cms\/wp-content\/uploads\/2012\/07\/hohberg-156x300.jpg","contentUrl":"http:\/\/www.padreydecano.com\/cms\/wp-content\/uploads\/2012\/07\/hohberg-156x300.jpg"},{"@type":"BreadcrumbList","@id":"https:\/\/www.padreydecano.com\/cms\/idolos\/juan-eduardo-hohberg\/#breadcrumb","itemListElement":[{"@type":"ListItem","position":1,"name":"Portada","item":"https:\/\/www.padreydecano.com\/cms\/"},{"@type":"ListItem","position":2,"name":"\u00cddolos","item":"https:\/\/www.padreydecano.com\/cms\/idolos\/"},{"@type":"ListItem","position":3,"name":"Juan Eduardo Hohberg"}]},{"@type":"WebSite","@id":"https:\/\/www.padreydecano.com\/cms\/#website","url":"https:\/\/www.padreydecano.com\/cms\/","name":"Padre y Decano - El Sitio del Pueblo","description":"Club Atl\u00e9tico Pe\u00f1arol","publisher":{"@id":"https:\/\/www.padreydecano.com\/cms\/#organization"},"potentialAction":[{"@type":"SearchAction","target":{"@type":"EntryPoint","urlTemplate":"https:\/\/www.padreydecano.com\/cms\/?s={search_term_string}"},"query-input":"required name=search_term_string"}],"inLanguage":"es"},{"@type":"Organization","@id":"https:\/\/www.padreydecano.com\/cms\/#organization","name":"Padre y Decano","url":"https:\/\/www.padreydecano.com\/cms\/","logo":{"@type":"ImageObject","inLanguage":"es","@id":"https:\/\/www.padreydecano.com\/cms\/#\/schema\/logo\/image\/","url":"https:\/\/www.padreydecano.com\/cms\/wp-content\/uploads\/2022\/01\/avatar-square.png","contentUrl":"https:\/\/www.padreydecano.com\/cms\/wp-content\/uploads\/2022\/01\/avatar-square.png","width":1500,"height":1500,"caption":"Padre y Decano"},"image":{"@id":"https:\/\/www.padreydecano.com\/cms\/#\/schema\/logo\/image\/"}}]}},"_links":{"self":[{"href":"https:\/\/www.padreydecano.com\/cms\/wp-json\/wp\/v2\/pages\/25598"}],"collection":[{"href":"https:\/\/www.padreydecano.com\/cms\/wp-json\/wp\/v2\/pages"}],"about":[{"href":"https:\/\/www.padreydecano.com\/cms\/wp-json\/wp\/v2\/types\/page"}],"author":[{"embeddable":true,"href":"https:\/\/www.padreydecano.com\/cms\/wp-json\/wp\/v2\/users\/16"}],"replies":[{"embeddable":true,"href":"https:\/\/www.padreydecano.com\/cms\/wp-json\/wp\/v2\/comments?post=25598"}],"version-history":[{"count":0,"href":"https:\/\/www.padreydecano.com\/cms\/wp-json\/wp\/v2\/pages\/25598\/revisions"}],"up":[{"embeddable":true,"href":"https:\/\/www.padreydecano.com\/cms\/wp-json\/wp\/v2\/pages\/69"}],"wp:attachment":[{"href":"https:\/\/www.padreydecano.com\/cms\/wp-json\/wp\/v2\/media?parent=25598"}],"curies":[{"name":"wp","href":"https:\/\/api.w.org\/{rel}","templated":true}]}}