{"id":25593,"date":"2012-07-04T19:13:58","date_gmt":"2012-07-04T22:13:58","guid":{"rendered":"http:\/\/www.padreydecano.com\/cms\/?page_id=25593"},"modified":"2012-07-12T22:14:49","modified_gmt":"2012-07-13T01:14:49","slug":"fernando-alvez","status":"publish","type":"page","link":"https:\/\/www.padreydecano.com\/cms\/idolos\/fernando-alvez\/","title":{"rendered":"Fernando \u00c1lvez"},"content":{"rendered":"<p style=\"text-align: justify;\"><a href=\"https:\/\/www.padreydecano.com\/cms\/wp-content\/uploads\/2012\/07\/fernando-alvez.jpg\" rel=\"shadowbox[sbpost-25593];player=img;\"><img loading=\"lazy\" decoding=\"async\" class=\"alignright  wp-image-25595\" src=\"https:\/\/www.padreydecano.com\/cms\/wp-content\/uploads\/2012\/07\/fernando-alvez-300x212.jpg\" alt=\"\" width=\"210\" height=\"148\" srcset=\"https:\/\/www.padreydecano.com\/cms\/wp-content\/uploads\/2012\/07\/fernando-alvez-300x212.jpg 300w, https:\/\/www.padreydecano.com\/cms\/wp-content\/uploads\/2012\/07\/fernando-alvez.jpg 381w\" sizes=\"(max-width: 210px) 100vw, 210px\" \/><\/a>Naci\u00f3 en Montevideo el 4 de setiembre de 1959. <strong>Disput\u00f3 30 cl\u00e1sicos y solo perdi\u00f3 1<\/strong>.\u00a0Con grandes condiciones, prontamente fue figura a nivel juvenil consagr\u00e1ndose con la Selecci\u00f3n de Uruguay, Campe\u00f3n Sudamericano en Venezuela (1977) y Montevideo (1979). En ambas ocasiones fue considerado el mejor golero del torneo con el arco menos vencido. Capit\u00e1n de los juveniles celestes, particip\u00f3 del primer Campeonato Mundial Juvenil disputado en T\u00fanez (1977) donde Uruguay obtuvo el cuarto lugar y en Tokio (1979) logrando el tercer puesto.<\/p>\n<p style=\"text-align: justify;\">Con 21 a\u00f1os debut\u00f3 con la camiseta celeste totalizando 39 partidos. Se retir\u00f3 de la Selecci\u00f3n colgando los guantes en el arco de la Tribuna \u00c1msterdam del Estadio Centenario en jornada memorable, despu\u00e9s que Uruguay se consagrara Campe\u00f3n de Am\u00e9rica (1995), atajando Fernando el penal decisivo en la serie que defini\u00f3 el t\u00edtulo. Golero mundialista de Uruguay en dos ocasiones (1986 y 1990), integr\u00f3 el plantel que obtuvo la Copa de Oro de Campeones del Mundo (1981) que se llev\u00f3 a cabo en Montevideo, <strong>alcanzando con Pe\u00f1arol 7 t\u00edtulos de Campe\u00f3n Uruguayo (1978, 1979, 1981, 1982, 1985, 1986 y 1997)<\/strong>, adem\u00e1s de caracterizarse por su amplio dominio en los cl\u00e1sicos y consagrarse, tambi\u00e9n con Pe\u00f1arol, Campe\u00f3n de Campeones Mundial de Clubes en Italia (1985). De dilatada trayectoria, jug\u00f3 en Paraguay, Colombia, Brasil y Argentina, pero su gran pasi\u00f3n fue, siempre, Pe\u00f1arol.<\/p>\n<div id=\"attachment_25594\" style=\"width: 517px\" class=\"wp-caption aligncenter\"><a href=\"https:\/\/www.padreydecano.com\/cms\/wp-content\/uploads\/2012\/07\/alvez-mazurca.jpg\" rel=\"shadowbox[sbpost-25593];player=img;\"><img loading=\"lazy\" decoding=\"async\" aria-describedby=\"caption-attachment-25594\" class=\"size-full wp-image-25594\" src=\"https:\/\/www.padreydecano.com\/cms\/wp-content\/uploads\/2012\/07\/alvez-mazurca.jpg\" alt=\"\" width=\"507\" height=\"449\" srcset=\"https:\/\/www.padreydecano.com\/cms\/wp-content\/uploads\/2012\/07\/alvez-mazurca.jpg 507w, https:\/\/www.padreydecano.com\/cms\/wp-content\/uploads\/2012\/07\/alvez-mazurca-300x265.jpg 300w\" sizes=\"(max-width: 507px) 100vw, 507px\" \/><\/a><p id=\"caption-attachment-25594\" class=\"wp-caption-text\">Fernando \u00c1lvez junto a Ladislao Mazurkiewicz<\/p><\/div>\n","protected":false},"excerpt":{"rendered":"<p>Naci\u00f3 en Montevideo el 4 de setiembre de 1959. Disput\u00f3 30 cl\u00e1sicos y solo perdi\u00f3 1.\u00a0Con grandes condiciones, prontamente fue figura a nivel juvenil consagr\u00e1ndose con la Selecci\u00f3n de Uruguay, Campe\u00f3n Sudamericano en Venezuela (1977) y Montevideo (1979). En ambas ocasiones fue considerado el mejor golero del torneo con el arco menos vencido. Capit\u00e1n de [&hellip;]<\/p>\n","protected":false},"author":16,"featured_media":0,"parent":69,"menu_order":13,"comment_status":"open","ping_status":"open","template":"","meta":{"footnotes":""},"yoast_head":"<!-- This site is optimized with the Yoast SEO plugin v23.2 - https:\/\/yoast.com\/wordpress\/plugins\/seo\/ -->\n<title>Fernando \u00c1lvez - Padre y Decano - El Sitio del Pueblo<\/title>\n<meta name=\"robots\" content=\"index, follow, max-snippet:-1, max-image-preview:large, max-video-preview:-1\" \/>\n<link rel=\"canonical\" href=\"https:\/\/www.padreydecano.com\/cms\/idolos\/fernando-alvez\/\" \/>\n<meta property=\"og:locale\" content=\"es_ES\" \/>\n<meta property=\"og:type\" content=\"article\" \/>\n<meta property=\"og:title\" content=\"Fernando \u00c1lvez - Padre y Decano - El Sitio del Pueblo\" \/>\n<meta property=\"og:description\" content=\"Naci\u00f3 en Montevideo el 4 de setiembre de 1959. Disput\u00f3 30 cl\u00e1sicos y solo perdi\u00f3 1.\u00a0Con grandes condiciones, prontamente fue figura a nivel juvenil consagr\u00e1ndose con la Selecci\u00f3n de Uruguay, Campe\u00f3n Sudamericano en Venezuela (1977) y Montevideo (1979). En ambas ocasiones fue considerado el mejor golero del torneo con el arco menos vencido. Capit\u00e1n de [&hellip;]\" \/>\n<meta property=\"og:url\" content=\"https:\/\/www.padreydecano.com\/cms\/idolos\/fernando-alvez\/\" \/>\n<meta property=\"og:site_name\" content=\"Padre y Decano - El Sitio del Pueblo\" \/>\n<meta property=\"article:modified_time\" content=\"2012-07-13T01:14:49+00:00\" \/>\n<meta property=\"og:image\" content=\"http:\/\/www.padreydecano.com\/cms\/wp-content\/uploads\/2012\/07\/fernando-alvez-300x212.jpg\" \/>\n<meta name=\"twitter:card\" content=\"summary_large_image\" \/>\n<meta name=\"twitter:label1\" content=\"Tiempo de lectura\" \/>\n\t<meta name=\"twitter:data1\" content=\"1 minuto\" \/>\n<script type=\"application\/ld+json\" class=\"yoast-schema-graph\">{\"@context\":\"https:\/\/schema.org\",\"@graph\":[{\"@type\":\"WebPage\",\"@id\":\"https:\/\/www.padreydecano.com\/cms\/idolos\/fernando-alvez\/\",\"url\":\"https:\/\/www.padreydecano.com\/cms\/idolos\/fernando-alvez\/\",\"name\":\"Fernando \u00c1lvez - Padre y Decano - El Sitio del Pueblo\",\"isPartOf\":{\"@id\":\"https:\/\/www.padreydecano.com\/cms\/#website\"},\"primaryImageOfPage\":{\"@id\":\"https:\/\/www.padreydecano.com\/cms\/idolos\/fernando-alvez\/#primaryimage\"},\"image\":{\"@id\":\"https:\/\/www.padreydecano.com\/cms\/idolos\/fernando-alvez\/#primaryimage\"},\"thumbnailUrl\":\"http:\/\/www.padreydecano.com\/cms\/wp-content\/uploads\/2012\/07\/fernando-alvez-300x212.jpg\",\"datePublished\":\"2012-07-04T22:13:58+00:00\",\"dateModified\":\"2012-07-13T01:14:49+00:00\",\"breadcrumb\":{\"@id\":\"https:\/\/www.padreydecano.com\/cms\/idolos\/fernando-alvez\/#breadcrumb\"},\"inLanguage\":\"es\",\"potentialAction\":[{\"@type\":\"ReadAction\",\"target\":[\"https:\/\/www.padreydecano.com\/cms\/idolos\/fernando-alvez\/\"]}]},{\"@type\":\"ImageObject\",\"inLanguage\":\"es\",\"@id\":\"https:\/\/www.padreydecano.com\/cms\/idolos\/fernando-alvez\/#primaryimage\",\"url\":\"http:\/\/www.padreydecano.com\/cms\/wp-content\/uploads\/2012\/07\/fernando-alvez-300x212.jpg\",\"contentUrl\":\"http:\/\/www.padreydecano.com\/cms\/wp-content\/uploads\/2012\/07\/fernando-alvez-300x212.jpg\"},{\"@type\":\"BreadcrumbList\",\"@id\":\"https:\/\/www.padreydecano.com\/cms\/idolos\/fernando-alvez\/#breadcrumb\",\"itemListElement\":[{\"@type\":\"ListItem\",\"position\":1,\"name\":\"Portada\",\"item\":\"https:\/\/www.padreydecano.com\/cms\/\"},{\"@type\":\"ListItem\",\"position\":2,\"name\":\"\u00cddolos\",\"item\":\"https:\/\/www.padreydecano.com\/cms\/idolos\/\"},{\"@type\":\"ListItem\",\"position\":3,\"name\":\"Fernando \u00c1lvez\"}]},{\"@type\":\"WebSite\",\"@id\":\"https:\/\/www.padreydecano.com\/cms\/#website\",\"url\":\"https:\/\/www.padreydecano.com\/cms\/\",\"name\":\"Padre y Decano - El Sitio del Pueblo\",\"description\":\"Club Atl\u00e9tico Pe\u00f1arol\",\"publisher\":{\"@id\":\"https:\/\/www.padreydecano.com\/cms\/#organization\"},\"potentialAction\":[{\"@type\":\"SearchAction\",\"target\":{\"@type\":\"EntryPoint\",\"urlTemplate\":\"https:\/\/www.padreydecano.com\/cms\/?s={search_term_string}\"},\"query-input\":\"required name=search_term_string\"}],\"inLanguage\":\"es\"},{\"@type\":\"Organization\",\"@id\":\"https:\/\/www.padreydecano.com\/cms\/#organization\",\"name\":\"Padre y Decano\",\"url\":\"https:\/\/www.padreydecano.com\/cms\/\",\"logo\":{\"@type\":\"ImageObject\",\"inLanguage\":\"es\",\"@id\":\"https:\/\/www.padreydecano.com\/cms\/#\/schema\/logo\/image\/\",\"url\":\"https:\/\/www.padreydecano.com\/cms\/wp-content\/uploads\/2022\/01\/avatar-square.png\",\"contentUrl\":\"https:\/\/www.padreydecano.com\/cms\/wp-content\/uploads\/2022\/01\/avatar-square.png\",\"width\":1500,\"height\":1500,\"caption\":\"Padre y Decano\"},\"image\":{\"@id\":\"https:\/\/www.padreydecano.com\/cms\/#\/schema\/logo\/image\/\"}}]}<\/script>\n<!-- \/ Yoast SEO plugin. -->","yoast_head_json":{"title":"Fernando \u00c1lvez - Padre y Decano - El Sitio del Pueblo","robots":{"index":"index","follow":"follow","max-snippet":"max-snippet:-1","max-image-preview":"max-image-preview:large","max-video-preview":"max-video-preview:-1"},"canonical":"https:\/\/www.padreydecano.com\/cms\/idolos\/fernando-alvez\/","og_locale":"es_ES","og_type":"article","og_title":"Fernando \u00c1lvez - Padre y Decano - El Sitio del Pueblo","og_description":"Naci\u00f3 en Montevideo el 4 de setiembre de 1959. Disput\u00f3 30 cl\u00e1sicos y solo perdi\u00f3 1.\u00a0Con grandes condiciones, prontamente fue figura a nivel juvenil consagr\u00e1ndose con la Selecci\u00f3n de Uruguay, Campe\u00f3n Sudamericano en Venezuela (1977) y Montevideo (1979). En ambas ocasiones fue considerado el mejor golero del torneo con el arco menos vencido. Capit\u00e1n de [&hellip;]","og_url":"https:\/\/www.padreydecano.com\/cms\/idolos\/fernando-alvez\/","og_site_name":"Padre y Decano - El Sitio del Pueblo","article_modified_time":"2012-07-13T01:14:49+00:00","og_image":[{"url":"http:\/\/www.padreydecano.com\/cms\/wp-content\/uploads\/2012\/07\/fernando-alvez-300x212.jpg"}],"twitter_card":"summary_large_image","twitter_misc":{"Tiempo de lectura":"1 minuto"},"schema":{"@context":"https:\/\/schema.org","@graph":[{"@type":"WebPage","@id":"https:\/\/www.padreydecano.com\/cms\/idolos\/fernando-alvez\/","url":"https:\/\/www.padreydecano.com\/cms\/idolos\/fernando-alvez\/","name":"Fernando \u00c1lvez - Padre y Decano - El Sitio del Pueblo","isPartOf":{"@id":"https:\/\/www.padreydecano.com\/cms\/#website"},"primaryImageOfPage":{"@id":"https:\/\/www.padreydecano.com\/cms\/idolos\/fernando-alvez\/#primaryimage"},"image":{"@id":"https:\/\/www.padreydecano.com\/cms\/idolos\/fernando-alvez\/#primaryimage"},"thumbnailUrl":"http:\/\/www.padreydecano.com\/cms\/wp-content\/uploads\/2012\/07\/fernando-alvez-300x212.jpg","datePublished":"2012-07-04T22:13:58+00:00","dateModified":"2012-07-13T01:14:49+00:00","breadcrumb":{"@id":"https:\/\/www.padreydecano.com\/cms\/idolos\/fernando-alvez\/#breadcrumb"},"inLanguage":"es","potentialAction":[{"@type":"ReadAction","target":["https:\/\/www.padreydecano.com\/cms\/idolos\/fernando-alvez\/"]}]},{"@type":"ImageObject","inLanguage":"es","@id":"https:\/\/www.padreydecano.com\/cms\/idolos\/fernando-alvez\/#primaryimage","url":"http:\/\/www.padreydecano.com\/cms\/wp-content\/uploads\/2012\/07\/fernando-alvez-300x212.jpg","contentUrl":"http:\/\/www.padreydecano.com\/cms\/wp-content\/uploads\/2012\/07\/fernando-alvez-300x212.jpg"},{"@type":"BreadcrumbList","@id":"https:\/\/www.padreydecano.com\/cms\/idolos\/fernando-alvez\/#breadcrumb","itemListElement":[{"@type":"ListItem","position":1,"name":"Portada","item":"https:\/\/www.padreydecano.com\/cms\/"},{"@type":"ListItem","position":2,"name":"\u00cddolos","item":"https:\/\/www.padreydecano.com\/cms\/idolos\/"},{"@type":"ListItem","position":3,"name":"Fernando \u00c1lvez"}]},{"@type":"WebSite","@id":"https:\/\/www.padreydecano.com\/cms\/#website","url":"https:\/\/www.padreydecano.com\/cms\/","name":"Padre y Decano - El Sitio del Pueblo","description":"Club Atl\u00e9tico Pe\u00f1arol","publisher":{"@id":"https:\/\/www.padreydecano.com\/cms\/#organization"},"potentialAction":[{"@type":"SearchAction","target":{"@type":"EntryPoint","urlTemplate":"https:\/\/www.padreydecano.com\/cms\/?s={search_term_string}"},"query-input":"required name=search_term_string"}],"inLanguage":"es"},{"@type":"Organization","@id":"https:\/\/www.padreydecano.com\/cms\/#organization","name":"Padre y Decano","url":"https:\/\/www.padreydecano.com\/cms\/","logo":{"@type":"ImageObject","inLanguage":"es","@id":"https:\/\/www.padreydecano.com\/cms\/#\/schema\/logo\/image\/","url":"https:\/\/www.padreydecano.com\/cms\/wp-content\/uploads\/2022\/01\/avatar-square.png","contentUrl":"https:\/\/www.padreydecano.com\/cms\/wp-content\/uploads\/2022\/01\/avatar-square.png","width":1500,"height":1500,"caption":"Padre y Decano"},"image":{"@id":"https:\/\/www.padreydecano.com\/cms\/#\/schema\/logo\/image\/"}}]}},"_links":{"self":[{"href":"https:\/\/www.padreydecano.com\/cms\/wp-json\/wp\/v2\/pages\/25593"}],"collection":[{"href":"https:\/\/www.padreydecano.com\/cms\/wp-json\/wp\/v2\/pages"}],"about":[{"href":"https:\/\/www.padreydecano.com\/cms\/wp-json\/wp\/v2\/types\/page"}],"author":[{"embeddable":true,"href":"https:\/\/www.padreydecano.com\/cms\/wp-json\/wp\/v2\/users\/16"}],"replies":[{"embeddable":true,"href":"https:\/\/www.padreydecano.com\/cms\/wp-json\/wp\/v2\/comments?post=25593"}],"version-history":[{"count":0,"href":"https:\/\/www.padreydecano.com\/cms\/wp-json\/wp\/v2\/pages\/25593\/revisions"}],"up":[{"embeddable":true,"href":"https:\/\/www.padreydecano.com\/cms\/wp-json\/wp\/v2\/pages\/69"}],"wp:attachment":[{"href":"https:\/\/www.padreydecano.com\/cms\/wp-json\/wp\/v2\/media?parent=25593"}],"curies":[{"name":"wp","href":"https:\/\/api.w.org\/{rel}","templated":true}]}}