{"id":25589,"date":"2012-07-12T22:14:32","date_gmt":"2012-07-13T01:14:32","guid":{"rendered":"http:\/\/www.padreydecano.com\/cms\/?page_id=25589"},"modified":"2013-04-12T21:15:51","modified_gmt":"2013-04-13T00:15:51","slug":"severino-varela","status":"publish","type":"page","link":"https:\/\/www.padreydecano.com\/cms\/idolos\/severino-varela\/","title":{"rendered":"Severino Varela"},"content":{"rendered":"<p style=\"text-align: justify;\"><a href=\"https:\/\/www.padreydecano.com\/cms\/wp-content\/uploads\/2012\/07\/Severino-varela-perfil.jpg\" rel=\"shadowbox[sbpost-25589];player=img;\"><img loading=\"lazy\" decoding=\"async\" class=\"alignright  wp-image-25591\" alt=\"\" src=\"https:\/\/www.padreydecano.com\/cms\/wp-content\/uploads\/2012\/07\/Severino-varela-perfil-223x300.jpg\" width=\"178\" height=\"240\" \/><\/a>Apodado \u201cEl gallego\u201d, naci\u00f3 el 15 de setiembre de 1913 comenzando a jugar a los 14 a\u00f1os en el Olimpia de la Aduana, sobresaliendo r\u00e1pidamente como entreala y goleador. Cuando naci\u00f3 el nuevo River Plate, producto de la fusi\u00f3n entre Olimpia y Capurro, a escasos d\u00edas del comienzo del r\u00e9gimen profesional en 1932, all\u00ed estaba Severino con la camiseta albirroja que defendi\u00f3 hasta 1934.<\/p>\n<p style=\"text-align: justify;\">Su llegada a Pe\u00f1arol gener\u00f3 \u201cel caso Severino\u201d y pidi\u00f3 pase como \u201cjugador sin contrato\u201d junto con una carta que dirigi\u00f3 al Presidente de la AUF se\u00f1alando que un documento que hab\u00eda firmando con River no ten\u00eda validez porque cuando estamp\u00f3 en \u00e9l su r\u00fabrica no ten\u00eda edad para hacerlo por ser menor.<\/p>\n<p style=\"text-align: justify;\">Debut\u00f3 con la camiseta aurinegra el 30 de abril de 1935 mientras que luego de otra batalla legal en la AUF, el 9 de agosto se confirmaba la actuaci\u00f3n de Pe\u00f1arol ajustada al reglamento.<\/p>\n<p style=\"text-align: justify;\"><strong>En Pe\u00f1arol tuvo momentos excepcionales como protagonista del primer tetracampeonato conquistado por un club en la historia del f\u00fatbol uruguayo, al ganar los aurinegros la Copa Uruguaya entre 1935 y 1938. Paralelamente alcanz\u00f3 pleno destaque con la selecci\u00f3n participando en tres ediciones de la Copa Am\u00e9rica logrando el t\u00edtulo de campe\u00f3n en 1942 en Montevideo.<\/strong> Lleg\u00f3 a 40 partidos internacionales con Uruguay convirtiendo 29 goles.<\/p>\n<div id=\"attachment_25592\" style=\"width: 250px\" class=\"wp-caption alignleft\"><a href=\"https:\/\/www.padreydecano.com\/cms\/wp-content\/uploads\/2012\/07\/severino-varela-camilla.jpg\" rel=\"shadowbox[sbpost-25589];player=img;\"><img loading=\"lazy\" decoding=\"async\" aria-describedby=\"caption-attachment-25592\" class=\" wp-image-25592\" alt=\"\" src=\"https:\/\/www.padreydecano.com\/cms\/wp-content\/uploads\/2012\/07\/severino-varela-camilla-300x245.jpg\" width=\"240\" height=\"196\" srcset=\"https:\/\/www.padreydecano.com\/cms\/wp-content\/uploads\/2012\/07\/severino-varela-camilla-300x245.jpg 300w, https:\/\/www.padreydecano.com\/cms\/wp-content\/uploads\/2012\/07\/severino-varela-camilla.jpg 746w\" sizes=\"(max-width: 240px) 100vw, 240px\" \/><\/a><p id=\"caption-attachment-25592\" class=\"wp-caption-text\">Severino Varela en el vestuario con su cl\u00e1sica boina<\/p><\/div>\n<p style=\"text-align: justify;\">En 1943 y 1944 jug\u00f3 en Boca Jrs. donde su actuaci\u00f3n a\u00fan se recuerda porque se convirti\u00f3 en \u00eddolo indiscutido. Pas\u00f3 a ser \u201cla boina fantasma\u201d por sus apariciones fulminantes para definir, con goles de cabeza, varios partidos cl\u00e1sicos ante River Plate y salvar a los xeneises que estaban amenazados, por su escaso puntaje, en el descenso. En Boca Jrs. convirti\u00f3 43 goles.<\/p>\n<p style=\"text-align: justify;\">De lunes a viernes trabajaba en UTE y viajaba ese d\u00eda, en la noche, tom\u00e1ndose el Vapor de la Carrera. Retornaba los domingos tambi\u00e9n en las horas nocturnas, dejando a Buenos Aires euf\u00f3rica por los triunfos de Boca Jrs.<\/p>\n<p style=\"text-align: justify;\">Retorn\u00f3 a Pe\u00f1arol para jugar durante 1946 y 1947, culminando su actuaci\u00f3n en Sud Am\u00e9rica (1948). Falleci\u00f3 el 29 de julio de 1995.<\/p>\n","protected":false},"excerpt":{"rendered":"<p>Apodado \u201cEl gallego\u201d, naci\u00f3 el 15 de setiembre de 1913 comenzando a jugar a los 14 a\u00f1os en el Olimpia de la Aduana, sobresaliendo r\u00e1pidamente como entreala y goleador. Cuando naci\u00f3 el nuevo River Plate, producto de la fusi\u00f3n entre Olimpia y Capurro, a escasos d\u00edas del comienzo del r\u00e9gimen profesional en 1932, all\u00ed estaba [&hellip;]<\/p>\n","protected":false},"author":13,"featured_media":0,"parent":69,"menu_order":10,"comment_status":"open","ping_status":"open","template":"","meta":{"footnotes":""},"yoast_head":"<!-- This site is optimized with the Yoast SEO plugin v23.2 - https:\/\/yoast.com\/wordpress\/plugins\/seo\/ -->\n<title>Severino Varela - Padre y Decano - El Sitio del Pueblo<\/title>\n<meta name=\"robots\" content=\"index, follow, max-snippet:-1, max-image-preview:large, max-video-preview:-1\" \/>\n<link rel=\"canonical\" href=\"https:\/\/www.padreydecano.com\/cms\/idolos\/severino-varela\/\" \/>\n<meta property=\"og:locale\" content=\"es_ES\" \/>\n<meta property=\"og:type\" content=\"article\" \/>\n<meta property=\"og:title\" content=\"Severino Varela - Padre y Decano - El Sitio del Pueblo\" \/>\n<meta property=\"og:description\" content=\"Apodado \u201cEl gallego\u201d, naci\u00f3 el 15 de setiembre de 1913 comenzando a jugar a los 14 a\u00f1os en el Olimpia de la Aduana, sobresaliendo r\u00e1pidamente como entreala y goleador. Cuando naci\u00f3 el nuevo River Plate, producto de la fusi\u00f3n entre Olimpia y Capurro, a escasos d\u00edas del comienzo del r\u00e9gimen profesional en 1932, all\u00ed estaba [&hellip;]\" \/>\n<meta property=\"og:url\" content=\"https:\/\/www.padreydecano.com\/cms\/idolos\/severino-varela\/\" \/>\n<meta property=\"og:site_name\" content=\"Padre y Decano - El Sitio del Pueblo\" \/>\n<meta property=\"article:modified_time\" content=\"2013-04-13T00:15:51+00:00\" \/>\n<meta property=\"og:image\" content=\"http:\/\/www.padreydecano.com\/cms\/wp-content\/uploads\/2012\/07\/Severino-varela-perfil-223x300.jpg\" \/>\n<meta name=\"twitter:card\" content=\"summary_large_image\" \/>\n<meta name=\"twitter:label1\" content=\"Tiempo de lectura\" \/>\n\t<meta name=\"twitter:data1\" content=\"2 minutos\" \/>\n<script type=\"application\/ld+json\" class=\"yoast-schema-graph\">{\"@context\":\"https:\/\/schema.org\",\"@graph\":[{\"@type\":\"WebPage\",\"@id\":\"https:\/\/www.padreydecano.com\/cms\/idolos\/severino-varela\/\",\"url\":\"https:\/\/www.padreydecano.com\/cms\/idolos\/severino-varela\/\",\"name\":\"Severino Varela - Padre y Decano - El Sitio del Pueblo\",\"isPartOf\":{\"@id\":\"https:\/\/www.padreydecano.com\/cms\/#website\"},\"primaryImageOfPage\":{\"@id\":\"https:\/\/www.padreydecano.com\/cms\/idolos\/severino-varela\/#primaryimage\"},\"image\":{\"@id\":\"https:\/\/www.padreydecano.com\/cms\/idolos\/severino-varela\/#primaryimage\"},\"thumbnailUrl\":\"http:\/\/www.padreydecano.com\/cms\/wp-content\/uploads\/2012\/07\/Severino-varela-perfil-223x300.jpg\",\"datePublished\":\"2012-07-13T01:14:32+00:00\",\"dateModified\":\"2013-04-13T00:15:51+00:00\",\"breadcrumb\":{\"@id\":\"https:\/\/www.padreydecano.com\/cms\/idolos\/severino-varela\/#breadcrumb\"},\"inLanguage\":\"es\",\"potentialAction\":[{\"@type\":\"ReadAction\",\"target\":[\"https:\/\/www.padreydecano.com\/cms\/idolos\/severino-varela\/\"]}]},{\"@type\":\"ImageObject\",\"inLanguage\":\"es\",\"@id\":\"https:\/\/www.padreydecano.com\/cms\/idolos\/severino-varela\/#primaryimage\",\"url\":\"http:\/\/www.padreydecano.com\/cms\/wp-content\/uploads\/2012\/07\/Severino-varela-perfil-223x300.jpg\",\"contentUrl\":\"http:\/\/www.padreydecano.com\/cms\/wp-content\/uploads\/2012\/07\/Severino-varela-perfil-223x300.jpg\"},{\"@type\":\"BreadcrumbList\",\"@id\":\"https:\/\/www.padreydecano.com\/cms\/idolos\/severino-varela\/#breadcrumb\",\"itemListElement\":[{\"@type\":\"ListItem\",\"position\":1,\"name\":\"Portada\",\"item\":\"https:\/\/www.padreydecano.com\/cms\/\"},{\"@type\":\"ListItem\",\"position\":2,\"name\":\"\u00cddolos\",\"item\":\"https:\/\/www.padreydecano.com\/cms\/idolos\/\"},{\"@type\":\"ListItem\",\"position\":3,\"name\":\"Severino Varela\"}]},{\"@type\":\"WebSite\",\"@id\":\"https:\/\/www.padreydecano.com\/cms\/#website\",\"url\":\"https:\/\/www.padreydecano.com\/cms\/\",\"name\":\"Padre y Decano - El Sitio del Pueblo\",\"description\":\"Club Atl\u00e9tico Pe\u00f1arol\",\"publisher\":{\"@id\":\"https:\/\/www.padreydecano.com\/cms\/#organization\"},\"potentialAction\":[{\"@type\":\"SearchAction\",\"target\":{\"@type\":\"EntryPoint\",\"urlTemplate\":\"https:\/\/www.padreydecano.com\/cms\/?s={search_term_string}\"},\"query-input\":\"required name=search_term_string\"}],\"inLanguage\":\"es\"},{\"@type\":\"Organization\",\"@id\":\"https:\/\/www.padreydecano.com\/cms\/#organization\",\"name\":\"Padre y Decano\",\"url\":\"https:\/\/www.padreydecano.com\/cms\/\",\"logo\":{\"@type\":\"ImageObject\",\"inLanguage\":\"es\",\"@id\":\"https:\/\/www.padreydecano.com\/cms\/#\/schema\/logo\/image\/\",\"url\":\"https:\/\/www.padreydecano.com\/cms\/wp-content\/uploads\/2022\/01\/avatar-square.png\",\"contentUrl\":\"https:\/\/www.padreydecano.com\/cms\/wp-content\/uploads\/2022\/01\/avatar-square.png\",\"width\":1500,\"height\":1500,\"caption\":\"Padre y Decano\"},\"image\":{\"@id\":\"https:\/\/www.padreydecano.com\/cms\/#\/schema\/logo\/image\/\"}}]}<\/script>\n<!-- \/ Yoast SEO plugin. -->","yoast_head_json":{"title":"Severino Varela - Padre y Decano - El Sitio del Pueblo","robots":{"index":"index","follow":"follow","max-snippet":"max-snippet:-1","max-image-preview":"max-image-preview:large","max-video-preview":"max-video-preview:-1"},"canonical":"https:\/\/www.padreydecano.com\/cms\/idolos\/severino-varela\/","og_locale":"es_ES","og_type":"article","og_title":"Severino Varela - Padre y Decano - El Sitio del Pueblo","og_description":"Apodado \u201cEl gallego\u201d, naci\u00f3 el 15 de setiembre de 1913 comenzando a jugar a los 14 a\u00f1os en el Olimpia de la Aduana, sobresaliendo r\u00e1pidamente como entreala y goleador. Cuando naci\u00f3 el nuevo River Plate, producto de la fusi\u00f3n entre Olimpia y Capurro, a escasos d\u00edas del comienzo del r\u00e9gimen profesional en 1932, all\u00ed estaba [&hellip;]","og_url":"https:\/\/www.padreydecano.com\/cms\/idolos\/severino-varela\/","og_site_name":"Padre y Decano - El Sitio del Pueblo","article_modified_time":"2013-04-13T00:15:51+00:00","og_image":[{"url":"http:\/\/www.padreydecano.com\/cms\/wp-content\/uploads\/2012\/07\/Severino-varela-perfil-223x300.jpg"}],"twitter_card":"summary_large_image","twitter_misc":{"Tiempo de lectura":"2 minutos"},"schema":{"@context":"https:\/\/schema.org","@graph":[{"@type":"WebPage","@id":"https:\/\/www.padreydecano.com\/cms\/idolos\/severino-varela\/","url":"https:\/\/www.padreydecano.com\/cms\/idolos\/severino-varela\/","name":"Severino Varela - Padre y Decano - El Sitio del Pueblo","isPartOf":{"@id":"https:\/\/www.padreydecano.com\/cms\/#website"},"primaryImageOfPage":{"@id":"https:\/\/www.padreydecano.com\/cms\/idolos\/severino-varela\/#primaryimage"},"image":{"@id":"https:\/\/www.padreydecano.com\/cms\/idolos\/severino-varela\/#primaryimage"},"thumbnailUrl":"http:\/\/www.padreydecano.com\/cms\/wp-content\/uploads\/2012\/07\/Severino-varela-perfil-223x300.jpg","datePublished":"2012-07-13T01:14:32+00:00","dateModified":"2013-04-13T00:15:51+00:00","breadcrumb":{"@id":"https:\/\/www.padreydecano.com\/cms\/idolos\/severino-varela\/#breadcrumb"},"inLanguage":"es","potentialAction":[{"@type":"ReadAction","target":["https:\/\/www.padreydecano.com\/cms\/idolos\/severino-varela\/"]}]},{"@type":"ImageObject","inLanguage":"es","@id":"https:\/\/www.padreydecano.com\/cms\/idolos\/severino-varela\/#primaryimage","url":"http:\/\/www.padreydecano.com\/cms\/wp-content\/uploads\/2012\/07\/Severino-varela-perfil-223x300.jpg","contentUrl":"http:\/\/www.padreydecano.com\/cms\/wp-content\/uploads\/2012\/07\/Severino-varela-perfil-223x300.jpg"},{"@type":"BreadcrumbList","@id":"https:\/\/www.padreydecano.com\/cms\/idolos\/severino-varela\/#breadcrumb","itemListElement":[{"@type":"ListItem","position":1,"name":"Portada","item":"https:\/\/www.padreydecano.com\/cms\/"},{"@type":"ListItem","position":2,"name":"\u00cddolos","item":"https:\/\/www.padreydecano.com\/cms\/idolos\/"},{"@type":"ListItem","position":3,"name":"Severino Varela"}]},{"@type":"WebSite","@id":"https:\/\/www.padreydecano.com\/cms\/#website","url":"https:\/\/www.padreydecano.com\/cms\/","name":"Padre y Decano - El Sitio del Pueblo","description":"Club Atl\u00e9tico Pe\u00f1arol","publisher":{"@id":"https:\/\/www.padreydecano.com\/cms\/#organization"},"potentialAction":[{"@type":"SearchAction","target":{"@type":"EntryPoint","urlTemplate":"https:\/\/www.padreydecano.com\/cms\/?s={search_term_string}"},"query-input":"required name=search_term_string"}],"inLanguage":"es"},{"@type":"Organization","@id":"https:\/\/www.padreydecano.com\/cms\/#organization","name":"Padre y Decano","url":"https:\/\/www.padreydecano.com\/cms\/","logo":{"@type":"ImageObject","inLanguage":"es","@id":"https:\/\/www.padreydecano.com\/cms\/#\/schema\/logo\/image\/","url":"https:\/\/www.padreydecano.com\/cms\/wp-content\/uploads\/2022\/01\/avatar-square.png","contentUrl":"https:\/\/www.padreydecano.com\/cms\/wp-content\/uploads\/2022\/01\/avatar-square.png","width":1500,"height":1500,"caption":"Padre y Decano"},"image":{"@id":"https:\/\/www.padreydecano.com\/cms\/#\/schema\/logo\/image\/"}}]}},"_links":{"self":[{"href":"https:\/\/www.padreydecano.com\/cms\/wp-json\/wp\/v2\/pages\/25589"}],"collection":[{"href":"https:\/\/www.padreydecano.com\/cms\/wp-json\/wp\/v2\/pages"}],"about":[{"href":"https:\/\/www.padreydecano.com\/cms\/wp-json\/wp\/v2\/types\/page"}],"author":[{"embeddable":true,"href":"https:\/\/www.padreydecano.com\/cms\/wp-json\/wp\/v2\/users\/13"}],"replies":[{"embeddable":true,"href":"https:\/\/www.padreydecano.com\/cms\/wp-json\/wp\/v2\/comments?post=25589"}],"version-history":[{"count":0,"href":"https:\/\/www.padreydecano.com\/cms\/wp-json\/wp\/v2\/pages\/25589\/revisions"}],"up":[{"embeddable":true,"href":"https:\/\/www.padreydecano.com\/cms\/wp-json\/wp\/v2\/pages\/69"}],"wp:attachment":[{"href":"https:\/\/www.padreydecano.com\/cms\/wp-json\/wp\/v2\/media?parent=25589"}],"curies":[{"name":"wp","href":"https:\/\/api.w.org\/{rel}","templated":true}]}}