{"id":23647,"date":"2012-06-08T08:12:39","date_gmt":"2012-06-08T11:12:39","guid":{"rendered":"http:\/\/www.padreydecano.com\/cms\/?page_id=23647"},"modified":"2013-03-08T16:15:21","modified_gmt":"2013-03-08T18:15:21","slug":"pedro-virgilio-rocha","status":"publish","type":"page","link":"https:\/\/www.padreydecano.com\/cms\/idolos\/pedro-virgilio-rocha\/","title":{"rendered":"Pedro Virgilio Rocha"},"content":{"rendered":"<div id=\"attachment_24686\" style=\"width: 184px\" class=\"wp-caption alignright\"><a href=\"https:\/\/www.padreydecano.com\/cms\/wp-content\/uploads\/2012\/06\/pedro-rocha.jpg\" rel=\"shadowbox[sbpost-23647];player=img;\"><img loading=\"lazy\" decoding=\"async\" aria-describedby=\"caption-attachment-24686\" class=\" wp-image-24686\" alt=\"\" src=\"https:\/\/www.padreydecano.com\/cms\/wp-content\/uploads\/2012\/06\/pedro-rocha-249x300.jpg\" width=\"174\" height=\"210\" srcset=\"https:\/\/www.padreydecano.com\/cms\/wp-content\/uploads\/2012\/06\/pedro-rocha-249x300.jpg 249w, https:\/\/www.padreydecano.com\/cms\/wp-content\/uploads\/2012\/06\/pedro-rocha.jpg 368w\" sizes=\"(max-width: 174px) 100vw, 174px\" \/><\/a><p id=\"caption-attachment-24686\" class=\"wp-caption-text\">Rocha con la amarilla y negra<\/p><\/div>\n<p style=\"text-align: justify;\">Jugador excepcional de gran categor\u00eda y\u00a0\u00ab<strong>c<\/strong><em><strong>erebral entreala poseedor de gran potencia en ambas piernas<\/strong><\/em>\u00bb (libro 120)\u00a0naci\u00f3 el 3 de diciembre de 1942 en Salto. Apodado \u00abEl Verdugo\u00bb, Rocha se desempe\u00f1\u00f3 como futbolista durante 21 a\u00f1os, dividi\u00e9ndose la mayor parte de su carrera entre Pe\u00f1arol y San Pablo. Ingres\u00f3 a los planteles carboneros en la gloriosa d\u00e9cada del 60 donde Pe\u00f1arol se cans\u00f3 de levantar trofeos a nivel local e internacional.<\/p>\n<p style=\"text-align: justify;\">Rocha se consagr\u00f3 campe\u00f3n uruguayo en el 60, 61 y 62 cerrando el exitoso ciclo del <a title=\"El Primer Quinquenio de Oro\" href=\"https:\/\/www.padreydecano.com\/cms\/campanas-historicas\/el-primer-quinquenio-de-oro\/\" target=\"_blank\">primer quinquenio de oro<\/a> en la historia del club. Repiti\u00f3 posteriormente en 1964, 1965, 1967 y 1968. Tambi\u00e9n obtuvo la Copa Libertadores de Am\u00e9rica en <a title=\"Copa Libertadores 1960\" href=\"https:\/\/www.padreydecano.com\/cms\/campanas-historicas\/copa-libertadores-1960\/\" target=\"_blank\">1960<\/a>,\u00a0<a title=\"Copa Libertadores 1961\" href=\"https:\/\/www.padreydecano.com\/cms\/campanas-historicas\/copa-libertadores-1961\/\" target=\"_blank\">1961<\/a> y <a title=\"Copa Libertadores de 1966\" href=\"https:\/\/www.padreydecano.com\/cms\/editoriales\/copa-libertadores-de-1966\/\" target=\"_blank\">1966<\/a> y la Copa Intercontinental en los a\u00f1os <a title=\"Copa Intercontinental 1961\" href=\"https:\/\/www.padreydecano.com\/cms\/campanas-historicas\/copa-intercontinental-1961\/\" target=\"_blank\">1961<\/a>\u00a0y <a title=\"Copa Intercontinental 1966\" href=\"https:\/\/www.padreydecano.com\/cms\/campanas-historicas\/copa-intercontinental-1966\/\" target=\"_blank\">1966<\/a>, marcando goles decisivos que permitieron que Pe\u00f1arol se quedara con los t\u00edtulos.<\/p>\n<p style=\"text-align: justify;\">En 1969 se coron\u00f3 Campe\u00f3n de la <a href=\"https:\/\/www.padreydecano.com\/cms\/campanas-historicas\/supercopa-de-campeones-intercontinentales\/\" target=\"_blank\">Supercopa de Campeones Intercontinentales<\/a>, siendo el goleador del torneo con seis goles en seis juegos disputados.<\/p>\n<div id=\"attachment_24687\" style=\"width: 220px\" class=\"wp-caption alignleft\"><a href=\"https:\/\/www.padreydecano.com\/cms\/wp-content\/uploads\/2012\/06\/pedro-rocha-con-pele.jpg\" rel=\"shadowbox[sbpost-23647];player=img;\"><img loading=\"lazy\" decoding=\"async\" aria-describedby=\"caption-attachment-24687\" class=\" wp-image-24687\" alt=\"\" src=\"https:\/\/www.padreydecano.com\/cms\/wp-content\/uploads\/2012\/06\/pedro-rocha-con-pele-300x210.jpg\" width=\"210\" height=\"147\" srcset=\"https:\/\/www.padreydecano.com\/cms\/wp-content\/uploads\/2012\/06\/pedro-rocha-con-pele-300x210.jpg 300w, https:\/\/www.padreydecano.com\/cms\/wp-content\/uploads\/2012\/06\/pedro-rocha-con-pele.jpg 500w\" sizes=\"(max-width: 210px) 100vw, 210px\" \/><\/a><p id=\"caption-attachment-24687\" class=\"wp-caption-text\">Rocha y Pel\u00e9 en el f\u00fatbol brasilero<\/p><\/div>\n<p style=\"text-align: justify;\">En la Libertadores de 1966 anot\u00f3 goles claves, como dos anotaciones en uno de los cl\u00e1sicos por la primera fase, tres anotaciones en uno de los cl\u00e1sicos por la segunda fase y goles en las finales ante River Plate. En la final del mundo ante el Real Madrid, marc\u00f3 el primer gol de penal en tierras espa\u00f1olas.<\/p>\n<p style=\"text-align: justify;\">Tambi\u00e9n tiene un cap\u00edtulo destacado con la selecci\u00f3n uruguaya, defendi\u00e9ndola en cuatro Copas del Mundo (1962, 1966, 1970 y 1974) y un t\u00edtulo en la Copa Am\u00e9rica de 1967 con un gol en la final ante Argentina.<\/p>\n<div align=\"center\"><iframe loading=\"lazy\" src=\"http:\/\/www.youtube.com\/embed\/8Y70SleE_8A\" height=\"315\" width=\"420\" allowfullscreen=\"\" frameborder=\"0\"><\/iframe><\/div>\n","protected":false},"excerpt":{"rendered":"<p>Jugador excepcional de gran categor\u00eda y\u00a0\u00abcerebral entreala poseedor de gran potencia en ambas piernas\u00bb (libro 120)\u00a0naci\u00f3 el 3 de diciembre de 1942 en Salto. Apodado \u00abEl Verdugo\u00bb, Rocha se desempe\u00f1\u00f3 como futbolista durante 21 a\u00f1os, dividi\u00e9ndose la mayor parte de su carrera entre Pe\u00f1arol y San Pablo. Ingres\u00f3 a los planteles carboneros en la gloriosa [&hellip;]<\/p>\n","protected":false},"author":13,"featured_media":0,"parent":69,"menu_order":23,"comment_status":"open","ping_status":"open","template":"","meta":{"footnotes":""},"yoast_head":"<!-- This site is optimized with the Yoast SEO plugin v23.2 - https:\/\/yoast.com\/wordpress\/plugins\/seo\/ -->\n<title>Pedro Virgilio Rocha - Padre y Decano - El Sitio del Pueblo<\/title>\n<meta name=\"robots\" content=\"index, follow, max-snippet:-1, max-image-preview:large, max-video-preview:-1\" \/>\n<link rel=\"canonical\" href=\"https:\/\/www.padreydecano.com\/cms\/idolos\/pedro-virgilio-rocha\/\" \/>\n<meta property=\"og:locale\" content=\"es_ES\" \/>\n<meta property=\"og:type\" content=\"article\" \/>\n<meta property=\"og:title\" content=\"Pedro Virgilio Rocha - Padre y Decano - El Sitio del Pueblo\" \/>\n<meta property=\"og:description\" content=\"Jugador excepcional de gran categor\u00eda y\u00a0\u00abcerebral entreala poseedor de gran potencia en ambas piernas\u00bb (libro 120)\u00a0naci\u00f3 el 3 de diciembre de 1942 en Salto. Apodado \u00abEl Verdugo\u00bb, Rocha se desempe\u00f1\u00f3 como futbolista durante 21 a\u00f1os, dividi\u00e9ndose la mayor parte de su carrera entre Pe\u00f1arol y San Pablo. Ingres\u00f3 a los planteles carboneros en la gloriosa [&hellip;]\" \/>\n<meta property=\"og:url\" content=\"https:\/\/www.padreydecano.com\/cms\/idolos\/pedro-virgilio-rocha\/\" \/>\n<meta property=\"og:site_name\" content=\"Padre y Decano - El Sitio del Pueblo\" \/>\n<meta property=\"article:modified_time\" content=\"2013-03-08T18:15:21+00:00\" \/>\n<meta property=\"og:image\" content=\"http:\/\/www.padreydecano.com\/cms\/wp-content\/uploads\/2012\/06\/pedro-rocha-249x300.jpg\" \/>\n<meta name=\"twitter:card\" content=\"summary_large_image\" \/>\n<meta name=\"twitter:label1\" content=\"Tiempo de lectura\" \/>\n\t<meta name=\"twitter:data1\" content=\"1 minuto\" \/>\n<script type=\"application\/ld+json\" class=\"yoast-schema-graph\">{\"@context\":\"https:\/\/schema.org\",\"@graph\":[{\"@type\":\"WebPage\",\"@id\":\"https:\/\/www.padreydecano.com\/cms\/idolos\/pedro-virgilio-rocha\/\",\"url\":\"https:\/\/www.padreydecano.com\/cms\/idolos\/pedro-virgilio-rocha\/\",\"name\":\"Pedro Virgilio Rocha - Padre y Decano - El Sitio del Pueblo\",\"isPartOf\":{\"@id\":\"https:\/\/www.padreydecano.com\/cms\/#website\"},\"primaryImageOfPage\":{\"@id\":\"https:\/\/www.padreydecano.com\/cms\/idolos\/pedro-virgilio-rocha\/#primaryimage\"},\"image\":{\"@id\":\"https:\/\/www.padreydecano.com\/cms\/idolos\/pedro-virgilio-rocha\/#primaryimage\"},\"thumbnailUrl\":\"http:\/\/www.padreydecano.com\/cms\/wp-content\/uploads\/2012\/06\/pedro-rocha-249x300.jpg\",\"datePublished\":\"2012-06-08T11:12:39+00:00\",\"dateModified\":\"2013-03-08T18:15:21+00:00\",\"breadcrumb\":{\"@id\":\"https:\/\/www.padreydecano.com\/cms\/idolos\/pedro-virgilio-rocha\/#breadcrumb\"},\"inLanguage\":\"es\",\"potentialAction\":[{\"@type\":\"ReadAction\",\"target\":[\"https:\/\/www.padreydecano.com\/cms\/idolos\/pedro-virgilio-rocha\/\"]}]},{\"@type\":\"ImageObject\",\"inLanguage\":\"es\",\"@id\":\"https:\/\/www.padreydecano.com\/cms\/idolos\/pedro-virgilio-rocha\/#primaryimage\",\"url\":\"http:\/\/www.padreydecano.com\/cms\/wp-content\/uploads\/2012\/06\/pedro-rocha-249x300.jpg\",\"contentUrl\":\"http:\/\/www.padreydecano.com\/cms\/wp-content\/uploads\/2012\/06\/pedro-rocha-249x300.jpg\"},{\"@type\":\"BreadcrumbList\",\"@id\":\"https:\/\/www.padreydecano.com\/cms\/idolos\/pedro-virgilio-rocha\/#breadcrumb\",\"itemListElement\":[{\"@type\":\"ListItem\",\"position\":1,\"name\":\"Portada\",\"item\":\"https:\/\/www.padreydecano.com\/cms\/\"},{\"@type\":\"ListItem\",\"position\":2,\"name\":\"\u00cddolos\",\"item\":\"https:\/\/www.padreydecano.com\/cms\/idolos\/\"},{\"@type\":\"ListItem\",\"position\":3,\"name\":\"Pedro Virgilio Rocha\"}]},{\"@type\":\"WebSite\",\"@id\":\"https:\/\/www.padreydecano.com\/cms\/#website\",\"url\":\"https:\/\/www.padreydecano.com\/cms\/\",\"name\":\"Padre y Decano - El Sitio del Pueblo\",\"description\":\"Club Atl\u00e9tico Pe\u00f1arol\",\"publisher\":{\"@id\":\"https:\/\/www.padreydecano.com\/cms\/#organization\"},\"potentialAction\":[{\"@type\":\"SearchAction\",\"target\":{\"@type\":\"EntryPoint\",\"urlTemplate\":\"https:\/\/www.padreydecano.com\/cms\/?s={search_term_string}\"},\"query-input\":\"required name=search_term_string\"}],\"inLanguage\":\"es\"},{\"@type\":\"Organization\",\"@id\":\"https:\/\/www.padreydecano.com\/cms\/#organization\",\"name\":\"Padre y Decano\",\"url\":\"https:\/\/www.padreydecano.com\/cms\/\",\"logo\":{\"@type\":\"ImageObject\",\"inLanguage\":\"es\",\"@id\":\"https:\/\/www.padreydecano.com\/cms\/#\/schema\/logo\/image\/\",\"url\":\"https:\/\/www.padreydecano.com\/cms\/wp-content\/uploads\/2022\/01\/avatar-square.png\",\"contentUrl\":\"https:\/\/www.padreydecano.com\/cms\/wp-content\/uploads\/2022\/01\/avatar-square.png\",\"width\":1500,\"height\":1500,\"caption\":\"Padre y Decano\"},\"image\":{\"@id\":\"https:\/\/www.padreydecano.com\/cms\/#\/schema\/logo\/image\/\"}}]}<\/script>\n<!-- \/ Yoast SEO plugin. -->","yoast_head_json":{"title":"Pedro Virgilio Rocha - Padre y Decano - El Sitio del Pueblo","robots":{"index":"index","follow":"follow","max-snippet":"max-snippet:-1","max-image-preview":"max-image-preview:large","max-video-preview":"max-video-preview:-1"},"canonical":"https:\/\/www.padreydecano.com\/cms\/idolos\/pedro-virgilio-rocha\/","og_locale":"es_ES","og_type":"article","og_title":"Pedro Virgilio Rocha - Padre y Decano - El Sitio del Pueblo","og_description":"Jugador excepcional de gran categor\u00eda y\u00a0\u00abcerebral entreala poseedor de gran potencia en ambas piernas\u00bb (libro 120)\u00a0naci\u00f3 el 3 de diciembre de 1942 en Salto. Apodado \u00abEl Verdugo\u00bb, Rocha se desempe\u00f1\u00f3 como futbolista durante 21 a\u00f1os, dividi\u00e9ndose la mayor parte de su carrera entre Pe\u00f1arol y San Pablo. Ingres\u00f3 a los planteles carboneros en la gloriosa [&hellip;]","og_url":"https:\/\/www.padreydecano.com\/cms\/idolos\/pedro-virgilio-rocha\/","og_site_name":"Padre y Decano - El Sitio del Pueblo","article_modified_time":"2013-03-08T18:15:21+00:00","og_image":[{"url":"http:\/\/www.padreydecano.com\/cms\/wp-content\/uploads\/2012\/06\/pedro-rocha-249x300.jpg"}],"twitter_card":"summary_large_image","twitter_misc":{"Tiempo de lectura":"1 minuto"},"schema":{"@context":"https:\/\/schema.org","@graph":[{"@type":"WebPage","@id":"https:\/\/www.padreydecano.com\/cms\/idolos\/pedro-virgilio-rocha\/","url":"https:\/\/www.padreydecano.com\/cms\/idolos\/pedro-virgilio-rocha\/","name":"Pedro Virgilio Rocha - Padre y Decano - El Sitio del Pueblo","isPartOf":{"@id":"https:\/\/www.padreydecano.com\/cms\/#website"},"primaryImageOfPage":{"@id":"https:\/\/www.padreydecano.com\/cms\/idolos\/pedro-virgilio-rocha\/#primaryimage"},"image":{"@id":"https:\/\/www.padreydecano.com\/cms\/idolos\/pedro-virgilio-rocha\/#primaryimage"},"thumbnailUrl":"http:\/\/www.padreydecano.com\/cms\/wp-content\/uploads\/2012\/06\/pedro-rocha-249x300.jpg","datePublished":"2012-06-08T11:12:39+00:00","dateModified":"2013-03-08T18:15:21+00:00","breadcrumb":{"@id":"https:\/\/www.padreydecano.com\/cms\/idolos\/pedro-virgilio-rocha\/#breadcrumb"},"inLanguage":"es","potentialAction":[{"@type":"ReadAction","target":["https:\/\/www.padreydecano.com\/cms\/idolos\/pedro-virgilio-rocha\/"]}]},{"@type":"ImageObject","inLanguage":"es","@id":"https:\/\/www.padreydecano.com\/cms\/idolos\/pedro-virgilio-rocha\/#primaryimage","url":"http:\/\/www.padreydecano.com\/cms\/wp-content\/uploads\/2012\/06\/pedro-rocha-249x300.jpg","contentUrl":"http:\/\/www.padreydecano.com\/cms\/wp-content\/uploads\/2012\/06\/pedro-rocha-249x300.jpg"},{"@type":"BreadcrumbList","@id":"https:\/\/www.padreydecano.com\/cms\/idolos\/pedro-virgilio-rocha\/#breadcrumb","itemListElement":[{"@type":"ListItem","position":1,"name":"Portada","item":"https:\/\/www.padreydecano.com\/cms\/"},{"@type":"ListItem","position":2,"name":"\u00cddolos","item":"https:\/\/www.padreydecano.com\/cms\/idolos\/"},{"@type":"ListItem","position":3,"name":"Pedro Virgilio Rocha"}]},{"@type":"WebSite","@id":"https:\/\/www.padreydecano.com\/cms\/#website","url":"https:\/\/www.padreydecano.com\/cms\/","name":"Padre y Decano - El Sitio del Pueblo","description":"Club Atl\u00e9tico Pe\u00f1arol","publisher":{"@id":"https:\/\/www.padreydecano.com\/cms\/#organization"},"potentialAction":[{"@type":"SearchAction","target":{"@type":"EntryPoint","urlTemplate":"https:\/\/www.padreydecano.com\/cms\/?s={search_term_string}"},"query-input":"required name=search_term_string"}],"inLanguage":"es"},{"@type":"Organization","@id":"https:\/\/www.padreydecano.com\/cms\/#organization","name":"Padre y Decano","url":"https:\/\/www.padreydecano.com\/cms\/","logo":{"@type":"ImageObject","inLanguage":"es","@id":"https:\/\/www.padreydecano.com\/cms\/#\/schema\/logo\/image\/","url":"https:\/\/www.padreydecano.com\/cms\/wp-content\/uploads\/2022\/01\/avatar-square.png","contentUrl":"https:\/\/www.padreydecano.com\/cms\/wp-content\/uploads\/2022\/01\/avatar-square.png","width":1500,"height":1500,"caption":"Padre y Decano"},"image":{"@id":"https:\/\/www.padreydecano.com\/cms\/#\/schema\/logo\/image\/"}}]}},"_links":{"self":[{"href":"https:\/\/www.padreydecano.com\/cms\/wp-json\/wp\/v2\/pages\/23647"}],"collection":[{"href":"https:\/\/www.padreydecano.com\/cms\/wp-json\/wp\/v2\/pages"}],"about":[{"href":"https:\/\/www.padreydecano.com\/cms\/wp-json\/wp\/v2\/types\/page"}],"author":[{"embeddable":true,"href":"https:\/\/www.padreydecano.com\/cms\/wp-json\/wp\/v2\/users\/13"}],"replies":[{"embeddable":true,"href":"https:\/\/www.padreydecano.com\/cms\/wp-json\/wp\/v2\/comments?post=23647"}],"version-history":[{"count":0,"href":"https:\/\/www.padreydecano.com\/cms\/wp-json\/wp\/v2\/pages\/23647\/revisions"}],"up":[{"embeddable":true,"href":"https:\/\/www.padreydecano.com\/cms\/wp-json\/wp\/v2\/pages\/69"}],"wp:attachment":[{"href":"https:\/\/www.padreydecano.com\/cms\/wp-json\/wp\/v2\/media?parent=23647"}],"curies":[{"name":"wp","href":"https:\/\/api.w.org\/{rel}","templated":true}]}}