{"id":13026,"date":"2012-03-12T19:52:32","date_gmt":"2012-03-12T22:52:32","guid":{"rendered":"http:\/\/www.padreydecano.com\/cms\/?page_id=13026"},"modified":"2012-07-11T21:54:41","modified_gmt":"2012-07-12T00:54:41","slug":"copa-libertadores-1961","status":"publish","type":"page","link":"https:\/\/www.padreydecano.com\/cms\/campanas-historicas\/copa-libertadores-1961\/","title":{"rendered":"Copa Libertadores 1961"},"content":{"rendered":"<div id=\"attachment_13027\" style=\"width: 250px\" class=\"wp-caption alignright\"><a href=\"https:\/\/www.padreydecano.com\/cms\/wp-content\/uploads\/2012\/01\/final-copa-libertadores-1961.jpg\" rel=\"shadowbox[sbpost-13026];player=img;\"><img loading=\"lazy\" decoding=\"async\" aria-describedby=\"caption-attachment-13027\" class=\"wp-image-13027  \" src=\"https:\/\/www.padreydecano.com\/cms\/wp-content\/uploads\/2012\/01\/final-copa-libertadores-1961-300x202.jpg\" alt=\"\" width=\"240\" height=\"162\" srcset=\"https:\/\/www.padreydecano.com\/cms\/wp-content\/uploads\/2012\/01\/final-copa-libertadores-1961-300x202.jpg 300w, https:\/\/www.padreydecano.com\/cms\/wp-content\/uploads\/2012\/01\/final-copa-libertadores-1961.jpg 800w\" sizes=\"(max-width: 240px) 100vw, 240px\" \/><\/a><p id=\"caption-attachment-13027\" class=\"wp-caption-text\">Sorteo de capitanes en la segunda final ante Palmeiras<\/p><\/div>\n<p style=\"text-align: justify;\">Al igual que en <a title=\"Copa Libertadores de 1960\" href=\"https:\/\/www.padreydecano.com\/cms\/editoriales\/copa-libertadores-de-1960\/\" target=\"_blank\">la temporada de 1960<\/a>, el torneo en ese entonces se denominaba Copa de Campeones de Am\u00e9rica. El torneo continuaba creciendo, y pas\u00f3 a tener 9 pa\u00edses participando, siendo Venezuela el \u00fanico sudamericano que no estuvo presente. Nosotros ven\u00edamos de obtener el t\u00edtulo en 1960 y era una gran responsabilidad retenerlo. \u201c<em>1961 se transforma en uno de los tres a\u00f1os m\u00e1s sensacionales en la historia aurinegra. Adem\u00e1s de ganar por cuarta vez consecutiva la Copa Uruguaya, se obtiene por segunda vez la Copa Campeones de Am\u00e9rica y se consagra Campe\u00f3n del Mundo al vencer en las finales al Benfica de Portugal<\/em>\u201d (120, Marcos S. Antunez).<\/p>\n<p style=\"text-align: justify;\">\u201c<em>Los aurinegros cumplieron con el viejo dicho. El que pega primero pega dos veces y volvieron a coronarse en el certamen continental. La Copa ten\u00eda otra significaci\u00f3n y los equipos de los diferentes pa\u00edses pasaron a mirar la competencia con otros ojos. Mejoraron las recaudaciones y las coberturas period\u00edsticas se hicieron m\u00e1s abundantes. Los rivales se tornaron muy bravos y el camino hacia la final se hizo extremadamente dif\u00edcil<\/em>\u201d (Memorias de la Pelota, Alfredo Etchandy).<\/p>\n<div id=\"attachment_13684\" style=\"width: 240px\" class=\"wp-caption alignleft\"><a href=\"https:\/\/www.padreydecano.com\/cms\/wp-content\/uploads\/2012\/01\/Finales-ante-Olimpia.jpg\" rel=\"shadowbox[sbpost-13026];player=img;\"><img loading=\"lazy\" decoding=\"async\" aria-describedby=\"caption-attachment-13684\" class=\"size-full wp-image-13684\" title=\"\" src=\"https:\/\/www.padreydecano.com\/cms\/wp-content\/uploads\/2012\/01\/Finales-ante-Olimpia.jpg\" alt=\"\" width=\"230\" height=\"130\" srcset=\"https:\/\/www.padreydecano.com\/cms\/wp-content\/uploads\/2012\/01\/Finales-ante-Olimpia.jpg 230w, https:\/\/www.padreydecano.com\/cms\/wp-content\/uploads\/2012\/01\/Finales-ante-Olimpia-195x110.jpg 195w\" sizes=\"(max-width: 230px) 100vw, 230px\" \/><\/a><p id=\"caption-attachment-13684\" class=\"wp-caption-text\">Semifinales ante Olimpia<\/p><\/div>\n<p style=\"text-align: justify;\">El plantel se reforz\u00f3 con varias figuras como Jos\u00e9 \u201cPepe\u201d Sas\u00eda, Juan Joya, el Diablo Edgardo Gonz\u00e1lez y Pedro Rocha, quien hab\u00eda sido ascendido.<\/p>\n<p style=\"text-align: justify;\">En cuartos de final nos enfrentamos al Universitario de Lima, primero en Montevideo y luego en Per\u00fa. En la ida, aplastamos a los incaicos con un contundente 5 a 0 con anotaciones de los delanteros extranjeros Spencer y Joya, y el gran \u201cPepe\u201d Sas\u00eda. En la revancha, consumamos la primera derrota carbonera en la Copa Libertadores de Am\u00e9rica, tras caer 2 a 0 en el Estadio Nacional de Lima.<\/p>\n<p style=\"text-align: justify;\">En instancias de semifinal nos volvimos a ver las caras con Olimpia, quienes hab\u00edan quedado con la sangre en el ojo tras haber perdido la final del a\u00f1o pasado, y se quer\u00edan tomar revancha. Pe\u00f1arol no tuvo piedad y barri\u00f3 la serie ganando ambos partidos. En la ida, fue un claro 3 a 1 con goles de Joya, Cano y Cubilla, mientras que en la vuelta, un 2 a 1 de visitante con goles de Sas\u00eda y Cubilla sellaron la serie.<\/p>\n<p style=\"text-align: justify;\">En el \u00faltimo paso de Pe\u00f1arol hacia la conquista de un nuevo t\u00edtulo, aparec\u00eda Palmeiras, el duro equipo brasilero que hab\u00eda dejado por el camino a Independiente y al Santa Fe. Fueron duras batallas, muy parejas, donde Pe\u00f1arol pudo sacar una m\u00ednima diferencia.<\/p>\n<div id=\"attachment_13771\" style=\"width: 451px\" class=\"wp-caption aligncenter\"><a href=\"https:\/\/www.padreydecano.com\/cms\/wp-content\/uploads\/2012\/01\/martinez-vs-palmeiras-libertadores-1961.jpg\" rel=\"shadowbox[sbpost-13026];player=img;\"><img loading=\"lazy\" decoding=\"async\" aria-describedby=\"caption-attachment-13771\" class=\" wp-image-13771  \" src=\"https:\/\/www.padreydecano.com\/cms\/wp-content\/uploads\/2012\/01\/martinez-vs-palmeiras-libertadores-1961.jpg\" alt=\"\" width=\"441\" height=\"248\" srcset=\"https:\/\/www.padreydecano.com\/cms\/wp-content\/uploads\/2012\/01\/martinez-vs-palmeiras-libertadores-1961.jpg 630w, https:\/\/www.padreydecano.com\/cms\/wp-content\/uploads\/2012\/01\/martinez-vs-palmeiras-libertadores-1961-300x168.jpg 300w, https:\/\/www.padreydecano.com\/cms\/wp-content\/uploads\/2012\/01\/martinez-vs-palmeiras-libertadores-1961-195x110.jpg 195w\" sizes=\"(max-width: 441px) 100vw, 441px\" \/><\/a><p id=\"caption-attachment-13771\" class=\"wp-caption-text\">Sorteo de la primera final<\/p><\/div>\n<p style=\"text-align: justify; margin-top: 15px;\">La primera final se disput\u00f3 el 4 de junio en el Estadio Centenario con un marco de p\u00fablico impresionante. M\u00e1s de 70.000 personas vieron salir a la cancha a <strong>Luis Maidana, William Mart\u00ednez, N\u00faber Cano, Edgardo Gonz\u00e1lez, Roberto Matosas, Walter Aguerre, Luis Cubilla, Ernesto Ledesma, Alberto Spencer, Jos\u00e9 Sas\u00eda y Juan Joya, dirigidos por Roberto Scarone. <\/strong>El partido fue muy duro y trabado, y parec\u00eda que los brasileros rescataban un empate valios\u00edsimo en su visita a Montevideo, pero ag\u00f3nicamente, el ecuatoriano Alberto Spencer hizo el gol de la victoria a los 89 minutos de juego, para que el Centenario explotara con algarab\u00eda.<\/p>\n<div id=\"attachment_13028\" style=\"width: 152px\" class=\"wp-caption alignright\"><a href=\"https:\/\/www.padreydecano.com\/cms\/wp-content\/uploads\/2012\/01\/final-copa-libertadores-1961-2.jpg\" rel=\"shadowbox[sbpost-13026];player=img;\"><img loading=\"lazy\" decoding=\"async\" aria-describedby=\"caption-attachment-13028\" class=\" wp-image-13028  \" src=\"https:\/\/www.padreydecano.com\/cms\/wp-content\/uploads\/2012\/01\/final-copa-libertadores-1961-2-237x300.jpg\" alt=\"\" width=\"142\" height=\"180\" srcset=\"https:\/\/www.padreydecano.com\/cms\/wp-content\/uploads\/2012\/01\/final-copa-libertadores-1961-2-237x300.jpg 237w, https:\/\/www.padreydecano.com\/cms\/wp-content\/uploads\/2012\/01\/final-copa-libertadores-1961-2.jpg 498w\" sizes=\"(max-width: 142px) 100vw, 142px\" \/><\/a><p id=\"caption-attachment-13028\" class=\"wp-caption-text\">Incidencia de la final<\/p><\/div>\n<p style=\"text-align: justify;\">La revancha se jug\u00f3 el 11 de junio en el Estadio Pacaemb\u00fa. Roberto Scarone nuevamente aline\u00f3 a <strong>Luis Maidana, William Mart\u00ednez, N\u00faber Cano, Edgardo Gonz\u00e1lez, Roberto Matosas, Walter Aguerre, Luis Cubilla, Ernesto Ledesma, Alberto Spencer, Jos\u00e9 Sas\u00eda y Juan Joya<\/strong>. Mejor arranque no pod\u00eda haber para los carboneros, ya que a los 2 minutos Jos\u00e9 Sas\u00eda abri\u00f3 el marcador y puso a Pe\u00f1arol dos goles por encima, teniendo en cuenta el partido de ida. El partido estuvo controlado, reci\u00e9n a los 77 pudo empatar Nardo para el Palmeiras, aunque no les fue suficiente y Pe\u00f1arol consigui\u00f3 su segundo t\u00edtulo continental.<\/p>\n<p style=\"text-align: justify;\">\u201c<em>Los aurinegros repitieron y se convirtieron en el primer bicampe\u00f3n de la Copa de Clubes Campeones de Am\u00e9rica. Demostraron la grandeza institucional al conseguir nuevamente el lauro. Esos t\u00edtulos aumentaron el prestigio mirasol y las caravanas de festejo se nutrieron con hinchas que comulgaban la pasi\u00f3n carbonera. La Copa tomaba cada vez mayor trascendencia, y en 1961, Pe\u00f1arol demostraba que era el mejor del continente<\/em>\u201d (Memorias de la Pelota, Alfredo Etchandy).<\/p>\n<p style=\"text-align: center;\"><span style=\"color: #ffcc02;\"><strong><a href=\"https:\/\/www.padreydecano.com\/cms\/wp-content\/uploads\/2012\/01\/final-copa-libertadores-1961-3.jpg\" rel=\"shadowbox[sbpost-13026];player=img;\"><img loading=\"lazy\" decoding=\"async\" class=\"aligncenter  wp-image-13029\" src=\"https:\/\/www.padreydecano.com\/cms\/wp-content\/uploads\/2012\/01\/final-copa-libertadores-1961-3.jpg\" alt=\"\" width=\"576\" height=\"400\" srcset=\"https:\/\/www.padreydecano.com\/cms\/wp-content\/uploads\/2012\/01\/final-copa-libertadores-1961-3.jpg 720w, https:\/\/www.padreydecano.com\/cms\/wp-content\/uploads\/2012\/01\/final-copa-libertadores-1961-3-300x208.jpg 300w\" sizes=\"(max-width: 576px) 100vw, 576px\" \/><\/a><\/strong><\/span><\/p>\n<p style=\"text-align: center;\"><span style=\"color: #ffcc02;\"><strong>Campa\u00f1a Partido a Partido<\/strong><\/span><\/p>\n<p style=\"text-align: center;\"><strong>Cuartos de Final<\/strong><\/p>\n<div align=\"center\">\n<table class=\"comun\" width=\"600\">\n<tbody>\n<tr>\n<td><strong>19\/04\/1961<\/strong><\/td>\n<td><span style=\"color: #ffcc02;\"><strong>Pe\u00f1arol<\/strong><\/span><\/td>\n<td style=\"text-align: center; width: 30px;\"><strong>5<\/strong><\/td>\n<td style=\"text-align: center; width: 30px;\">0<\/td>\n<td>Universitario<\/td>\n<td style=\"text-align: center;\">(Estadio Centenario)<\/td>\n<td style=\"text-align: right;\">(Spencer x 2, Joya x 2 y Sas\u00eda)<\/td>\n<\/tr>\n<tr>\n<td><strong>30\/04\/1961<\/strong><\/td>\n<td>Universitario<\/td>\n<td style=\"text-align: center;\">2<\/td>\n<td style=\"text-align: center;\"><strong>0<\/strong><\/td>\n<td><span style=\"color: #ffcc02;\"><strong>Pe\u00f1arol<\/strong><\/span><\/td>\n<td style=\"text-align: center;\">(Estadio Nacional)<\/td>\n<td><\/td>\n<\/tr>\n<\/tbody>\n<\/table>\n<p style=\"text-align: center; margin-top: 15px;\"><strong>Semifinal<\/strong><\/p>\n<table class=\"comun\" width=\"600\">\n<tbody>\n<tr>\n<td><strong>21\/05\/1961<\/strong><\/td>\n<td><span style=\"color: #ffcc02;\"><strong>Pe\u00f1arol<\/strong><\/span><\/td>\n<td style=\"text-align: center; width: 30px;\"><strong>3<\/strong><\/td>\n<td style=\"text-align: center; width: 30px;\">1<\/td>\n<td>Olimpia<\/td>\n<td style=\"text-align: center;\">(Estadio Centenario)<\/td>\n<td style=\"text-align: right;\">(Joya, Cano y Cubilla)<\/td>\n<\/tr>\n<tr>\n<td><strong>27\/05\/1961<\/strong><\/td>\n<td>Olimpia<\/td>\n<td style=\"text-align: center;\">1<\/td>\n<td style=\"text-align: center;\"><strong>2<\/strong><\/td>\n<td><span style=\"color: #ffcc02;\"><strong>Pe\u00f1arol<\/strong><\/span><\/td>\n<td style=\"text-align: center;\">(Estadio Manuel Ferreira)<\/td>\n<td style=\"text-align: right;\">(Sas\u00eda y Cubilla)<\/td>\n<\/tr>\n<\/tbody>\n<\/table>\n<p style=\"text-align: center; margin-top: 15px;\"><strong>Final<\/strong><\/p>\n<table class=\"comun\" width=\"600\">\n<tbody>\n<tr>\n<td><strong>04\/06\/1961<\/strong><\/td>\n<td><span style=\"color: #ffcc02;\"><strong>Pe\u00f1arol<\/strong><\/span><\/td>\n<td style=\"text-align: center; width: 30px;\"><strong>1<\/strong><\/td>\n<td style=\"text-align: center; width: 30px;\">0<\/td>\n<td>Palmeiras<\/td>\n<td style=\"text-align: center;\">(Estadio Centenario)<\/td>\n<td style=\"text-align: right;\">(Spencer)<\/td>\n<\/tr>\n<tr>\n<td><strong>11\/06\/1961<\/strong><\/td>\n<td>Palmeiras<\/td>\n<td style=\"text-align: center;\">1<\/td>\n<td style=\"text-align: center;\"><strong>1<\/strong><\/td>\n<td><span style=\"color: #ffcc02;\"><strong>Pe\u00f1arol<\/strong><\/span><\/td>\n<td style=\"text-align: center;\">(Estadio Pacaemb\u00fa)<\/td>\n<td style=\"text-align: right;\">(Sasia)<\/td>\n<\/tr>\n<\/tbody>\n<\/table>\n<\/div>\n","protected":false},"excerpt":{"rendered":"<p>Al igual que en la temporada de 1960, el torneo en ese entonces se denominaba Copa de Campeones de Am\u00e9rica. El torneo continuaba creciendo, y pas\u00f3 a tener 9 pa\u00edses participando, siendo Venezuela el \u00fanico sudamericano que no estuvo presente. Nosotros ven\u00edamos de obtener el t\u00edtulo en 1960 y era una gran responsabilidad retenerlo. \u201c1961 [&hellip;]<\/p>\n","protected":false},"author":13,"featured_media":0,"parent":79,"menu_order":12,"comment_status":"open","ping_status":"open","template":"","meta":{"footnotes":""},"yoast_head":"<!-- This site is optimized with the Yoast SEO plugin v23.2 - https:\/\/yoast.com\/wordpress\/plugins\/seo\/ -->\n<title>Copa Libertadores 1961 - Padre y Decano - El Sitio del Pueblo<\/title>\n<meta name=\"robots\" content=\"index, follow, max-snippet:-1, max-image-preview:large, max-video-preview:-1\" \/>\n<link rel=\"canonical\" href=\"https:\/\/www.padreydecano.com\/cms\/campanas-historicas\/copa-libertadores-1961\/\" \/>\n<meta property=\"og:locale\" content=\"es_ES\" \/>\n<meta property=\"og:type\" content=\"article\" \/>\n<meta property=\"og:title\" content=\"Copa Libertadores 1961 - Padre y Decano - El Sitio del Pueblo\" \/>\n<meta property=\"og:description\" content=\"Al igual que en la temporada de 1960, el torneo en ese entonces se denominaba Copa de Campeones de Am\u00e9rica. El torneo continuaba creciendo, y pas\u00f3 a tener 9 pa\u00edses participando, siendo Venezuela el \u00fanico sudamericano que no estuvo presente. Nosotros ven\u00edamos de obtener el t\u00edtulo en 1960 y era una gran responsabilidad retenerlo. \u201c1961 [&hellip;]\" \/>\n<meta property=\"og:url\" content=\"https:\/\/www.padreydecano.com\/cms\/campanas-historicas\/copa-libertadores-1961\/\" \/>\n<meta property=\"og:site_name\" content=\"Padre y Decano - El Sitio del Pueblo\" \/>\n<meta property=\"article:modified_time\" content=\"2012-07-12T00:54:41+00:00\" \/>\n<meta property=\"og:image\" content=\"http:\/\/www.padreydecano.com\/cms\/wp-content\/uploads\/2012\/01\/final-copa-libertadores-1961-300x202.jpg\" \/>\n<meta name=\"twitter:card\" content=\"summary_large_image\" \/>\n<meta name=\"twitter:label1\" content=\"Tiempo de lectura\" \/>\n\t<meta name=\"twitter:data1\" content=\"4 minutos\" \/>\n<script type=\"application\/ld+json\" class=\"yoast-schema-graph\">{\"@context\":\"https:\/\/schema.org\",\"@graph\":[{\"@type\":\"WebPage\",\"@id\":\"https:\/\/www.padreydecano.com\/cms\/campanas-historicas\/copa-libertadores-1961\/\",\"url\":\"https:\/\/www.padreydecano.com\/cms\/campanas-historicas\/copa-libertadores-1961\/\",\"name\":\"Copa Libertadores 1961 - Padre y Decano - El Sitio del Pueblo\",\"isPartOf\":{\"@id\":\"https:\/\/www.padreydecano.com\/cms\/#website\"},\"primaryImageOfPage\":{\"@id\":\"https:\/\/www.padreydecano.com\/cms\/campanas-historicas\/copa-libertadores-1961\/#primaryimage\"},\"image\":{\"@id\":\"https:\/\/www.padreydecano.com\/cms\/campanas-historicas\/copa-libertadores-1961\/#primaryimage\"},\"thumbnailUrl\":\"http:\/\/www.padreydecano.com\/cms\/wp-content\/uploads\/2012\/01\/final-copa-libertadores-1961-300x202.jpg\",\"datePublished\":\"2012-03-12T22:52:32+00:00\",\"dateModified\":\"2012-07-12T00:54:41+00:00\",\"breadcrumb\":{\"@id\":\"https:\/\/www.padreydecano.com\/cms\/campanas-historicas\/copa-libertadores-1961\/#breadcrumb\"},\"inLanguage\":\"es\",\"potentialAction\":[{\"@type\":\"ReadAction\",\"target\":[\"https:\/\/www.padreydecano.com\/cms\/campanas-historicas\/copa-libertadores-1961\/\"]}]},{\"@type\":\"ImageObject\",\"inLanguage\":\"es\",\"@id\":\"https:\/\/www.padreydecano.com\/cms\/campanas-historicas\/copa-libertadores-1961\/#primaryimage\",\"url\":\"http:\/\/www.padreydecano.com\/cms\/wp-content\/uploads\/2012\/01\/final-copa-libertadores-1961-300x202.jpg\",\"contentUrl\":\"http:\/\/www.padreydecano.com\/cms\/wp-content\/uploads\/2012\/01\/final-copa-libertadores-1961-300x202.jpg\"},{\"@type\":\"BreadcrumbList\",\"@id\":\"https:\/\/www.padreydecano.com\/cms\/campanas-historicas\/copa-libertadores-1961\/#breadcrumb\",\"itemListElement\":[{\"@type\":\"ListItem\",\"position\":1,\"name\":\"Portada\",\"item\":\"https:\/\/www.padreydecano.com\/cms\/\"},{\"@type\":\"ListItem\",\"position\":2,\"name\":\"Campa\u00f1as Hist\u00f3ricas\",\"item\":\"https:\/\/www.padreydecano.com\/cms\/campanas-historicas\/\"},{\"@type\":\"ListItem\",\"position\":3,\"name\":\"Copa Libertadores 1961\"}]},{\"@type\":\"WebSite\",\"@id\":\"https:\/\/www.padreydecano.com\/cms\/#website\",\"url\":\"https:\/\/www.padreydecano.com\/cms\/\",\"name\":\"Padre y Decano - El Sitio del Pueblo\",\"description\":\"Club Atl\u00e9tico Pe\u00f1arol\",\"publisher\":{\"@id\":\"https:\/\/www.padreydecano.com\/cms\/#organization\"},\"potentialAction\":[{\"@type\":\"SearchAction\",\"target\":{\"@type\":\"EntryPoint\",\"urlTemplate\":\"https:\/\/www.padreydecano.com\/cms\/?s={search_term_string}\"},\"query-input\":\"required name=search_term_string\"}],\"inLanguage\":\"es\"},{\"@type\":\"Organization\",\"@id\":\"https:\/\/www.padreydecano.com\/cms\/#organization\",\"name\":\"Padre y Decano\",\"url\":\"https:\/\/www.padreydecano.com\/cms\/\",\"logo\":{\"@type\":\"ImageObject\",\"inLanguage\":\"es\",\"@id\":\"https:\/\/www.padreydecano.com\/cms\/#\/schema\/logo\/image\/\",\"url\":\"https:\/\/www.padreydecano.com\/cms\/wp-content\/uploads\/2022\/01\/avatar-square.png\",\"contentUrl\":\"https:\/\/www.padreydecano.com\/cms\/wp-content\/uploads\/2022\/01\/avatar-square.png\",\"width\":1500,\"height\":1500,\"caption\":\"Padre y Decano\"},\"image\":{\"@id\":\"https:\/\/www.padreydecano.com\/cms\/#\/schema\/logo\/image\/\"}}]}<\/script>\n<!-- \/ Yoast SEO plugin. -->","yoast_head_json":{"title":"Copa Libertadores 1961 - Padre y Decano - El Sitio del Pueblo","robots":{"index":"index","follow":"follow","max-snippet":"max-snippet:-1","max-image-preview":"max-image-preview:large","max-video-preview":"max-video-preview:-1"},"canonical":"https:\/\/www.padreydecano.com\/cms\/campanas-historicas\/copa-libertadores-1961\/","og_locale":"es_ES","og_type":"article","og_title":"Copa Libertadores 1961 - Padre y Decano - El Sitio del Pueblo","og_description":"Al igual que en la temporada de 1960, el torneo en ese entonces se denominaba Copa de Campeones de Am\u00e9rica. El torneo continuaba creciendo, y pas\u00f3 a tener 9 pa\u00edses participando, siendo Venezuela el \u00fanico sudamericano que no estuvo presente. Nosotros ven\u00edamos de obtener el t\u00edtulo en 1960 y era una gran responsabilidad retenerlo. \u201c1961 [&hellip;]","og_url":"https:\/\/www.padreydecano.com\/cms\/campanas-historicas\/copa-libertadores-1961\/","og_site_name":"Padre y Decano - El Sitio del Pueblo","article_modified_time":"2012-07-12T00:54:41+00:00","og_image":[{"url":"http:\/\/www.padreydecano.com\/cms\/wp-content\/uploads\/2012\/01\/final-copa-libertadores-1961-300x202.jpg"}],"twitter_card":"summary_large_image","twitter_misc":{"Tiempo de lectura":"4 minutos"},"schema":{"@context":"https:\/\/schema.org","@graph":[{"@type":"WebPage","@id":"https:\/\/www.padreydecano.com\/cms\/campanas-historicas\/copa-libertadores-1961\/","url":"https:\/\/www.padreydecano.com\/cms\/campanas-historicas\/copa-libertadores-1961\/","name":"Copa Libertadores 1961 - Padre y Decano - El Sitio del Pueblo","isPartOf":{"@id":"https:\/\/www.padreydecano.com\/cms\/#website"},"primaryImageOfPage":{"@id":"https:\/\/www.padreydecano.com\/cms\/campanas-historicas\/copa-libertadores-1961\/#primaryimage"},"image":{"@id":"https:\/\/www.padreydecano.com\/cms\/campanas-historicas\/copa-libertadores-1961\/#primaryimage"},"thumbnailUrl":"http:\/\/www.padreydecano.com\/cms\/wp-content\/uploads\/2012\/01\/final-copa-libertadores-1961-300x202.jpg","datePublished":"2012-03-12T22:52:32+00:00","dateModified":"2012-07-12T00:54:41+00:00","breadcrumb":{"@id":"https:\/\/www.padreydecano.com\/cms\/campanas-historicas\/copa-libertadores-1961\/#breadcrumb"},"inLanguage":"es","potentialAction":[{"@type":"ReadAction","target":["https:\/\/www.padreydecano.com\/cms\/campanas-historicas\/copa-libertadores-1961\/"]}]},{"@type":"ImageObject","inLanguage":"es","@id":"https:\/\/www.padreydecano.com\/cms\/campanas-historicas\/copa-libertadores-1961\/#primaryimage","url":"http:\/\/www.padreydecano.com\/cms\/wp-content\/uploads\/2012\/01\/final-copa-libertadores-1961-300x202.jpg","contentUrl":"http:\/\/www.padreydecano.com\/cms\/wp-content\/uploads\/2012\/01\/final-copa-libertadores-1961-300x202.jpg"},{"@type":"BreadcrumbList","@id":"https:\/\/www.padreydecano.com\/cms\/campanas-historicas\/copa-libertadores-1961\/#breadcrumb","itemListElement":[{"@type":"ListItem","position":1,"name":"Portada","item":"https:\/\/www.padreydecano.com\/cms\/"},{"@type":"ListItem","position":2,"name":"Campa\u00f1as Hist\u00f3ricas","item":"https:\/\/www.padreydecano.com\/cms\/campanas-historicas\/"},{"@type":"ListItem","position":3,"name":"Copa Libertadores 1961"}]},{"@type":"WebSite","@id":"https:\/\/www.padreydecano.com\/cms\/#website","url":"https:\/\/www.padreydecano.com\/cms\/","name":"Padre y Decano - El Sitio del Pueblo","description":"Club Atl\u00e9tico Pe\u00f1arol","publisher":{"@id":"https:\/\/www.padreydecano.com\/cms\/#organization"},"potentialAction":[{"@type":"SearchAction","target":{"@type":"EntryPoint","urlTemplate":"https:\/\/www.padreydecano.com\/cms\/?s={search_term_string}"},"query-input":"required name=search_term_string"}],"inLanguage":"es"},{"@type":"Organization","@id":"https:\/\/www.padreydecano.com\/cms\/#organization","name":"Padre y Decano","url":"https:\/\/www.padreydecano.com\/cms\/","logo":{"@type":"ImageObject","inLanguage":"es","@id":"https:\/\/www.padreydecano.com\/cms\/#\/schema\/logo\/image\/","url":"https:\/\/www.padreydecano.com\/cms\/wp-content\/uploads\/2022\/01\/avatar-square.png","contentUrl":"https:\/\/www.padreydecano.com\/cms\/wp-content\/uploads\/2022\/01\/avatar-square.png","width":1500,"height":1500,"caption":"Padre y Decano"},"image":{"@id":"https:\/\/www.padreydecano.com\/cms\/#\/schema\/logo\/image\/"}}]}},"_links":{"self":[{"href":"https:\/\/www.padreydecano.com\/cms\/wp-json\/wp\/v2\/pages\/13026"}],"collection":[{"href":"https:\/\/www.padreydecano.com\/cms\/wp-json\/wp\/v2\/pages"}],"about":[{"href":"https:\/\/www.padreydecano.com\/cms\/wp-json\/wp\/v2\/types\/page"}],"author":[{"embeddable":true,"href":"https:\/\/www.padreydecano.com\/cms\/wp-json\/wp\/v2\/users\/13"}],"replies":[{"embeddable":true,"href":"https:\/\/www.padreydecano.com\/cms\/wp-json\/wp\/v2\/comments?post=13026"}],"version-history":[{"count":0,"href":"https:\/\/www.padreydecano.com\/cms\/wp-json\/wp\/v2\/pages\/13026\/revisions"}],"up":[{"embeddable":true,"href":"https:\/\/www.padreydecano.com\/cms\/wp-json\/wp\/v2\/pages\/79"}],"wp:attachment":[{"href":"https:\/\/www.padreydecano.com\/cms\/wp-json\/wp\/v2\/media?parent=13026"}],"curies":[{"name":"wp","href":"https:\/\/api.w.org\/{rel}","templated":true}]}}