{"version":"1.0","provider_name":"Padre y Decano - El Sitio del Pueblo","provider_url":"https:\/\/www.padreydecano.com\/cms","title":"Venta de Abonos para la Copa Libertadores 2018 - Padre y Decano - El Sitio del Pueblo","type":"rich","width":600,"height":338,"html":"<blockquote class=\"wp-embedded-content\" data-secret=\"K6X5zqv9qF\"><a href=\"https:\/\/www.padreydecano.com\/cms\/tribuna\/venta-de-abonos-para-la-copa-libertadores-2018\/\">Venta de Abonos para la Copa Libertadores 2018<\/a><\/blockquote><iframe sandbox=\"allow-scripts\" security=\"restricted\" src=\"https:\/\/www.padreydecano.com\/cms\/tribuna\/venta-de-abonos-para-la-copa-libertadores-2018\/embed\/#?secret=K6X5zqv9qF\" width=\"600\" height=\"338\" title=\"\u00abVenta de Abonos para la Copa Libertadores 2018\u00bb \u2014 Padre y Decano - El Sitio del Pueblo\" data-secret=\"K6X5zqv9qF\" frameborder=\"0\" marginwidth=\"0\" marginheight=\"0\" scrolling=\"no\" class=\"wp-embedded-content\"><\/iframe><script type=\"text\/javascript\">\n\/* <![CDATA[ *\/\n\/*! This file is auto-generated *\/\n!function(d,l){\"use strict\";l.querySelector&&d.addEventListener&&\"undefined\"!=typeof URL&&(d.wp=d.wp||{},d.wp.receiveEmbedMessage||(d.wp.receiveEmbedMessage=function(e){var t=e.data;if((t||t.secret||t.message||t.value)&&!\/[^a-zA-Z0-9]\/.test(t.secret)){for(var s,r,n,a=l.querySelectorAll('iframe[data-secret=\"'+t.secret+'\"]'),o=l.querySelectorAll('blockquote[data-secret=\"'+t.secret+'\"]'),c=new RegExp(\"^https?:$\",\"i\"),i=0;i<o.length;i++)o[i].style.display=\"none\";for(i=0;i<a.length;i++)s=a[i],e.source===s.contentWindow&&(s.removeAttribute(\"style\"),\"height\"===t.message?(1e3<(r=parseInt(t.value,10))?r=1e3:~~r<200&&(r=200),s.height=r):\"link\"===t.message&&(r=new URL(s.getAttribute(\"src\")),n=new URL(t.value),c.test(n.protocol))&&n.host===r.host&&l.activeElement===s&&(d.top.location.href=t.value))}},d.addEventListener(\"message\",d.wp.receiveEmbedMessage,!1),l.addEventListener(\"DOMContentLoaded\",function(){for(var e,t,s=l.querySelectorAll(\"iframe.wp-embedded-content\"),r=0;r<s.length;r++)(t=(e=s[r]).getAttribute(\"data-secret\"))||(t=Math.random().toString(36).substring(2,12),e.src+=\"#?secret=\"+t,e.setAttribute(\"data-secret\",t)),e.contentWindow.postMessage({message:\"ready\",secret:t},\"*\")},!1)))}(window,document);\n\/* ]]> *\/\n<\/script>\n","thumbnail_url":"https:\/\/www.padreydecano.com\/cms\/wp-content\/uploads\/2017\/04\/Hinchada-Pe\u00f1arol-Palmeiras.jpg","thumbnail_width":690,"thumbnail_height":420,"description":"En un gran acierto dirigencial, volvieron los abonos para la fase de grupos de la Copa Libertadores de Am\u00e9rica. Con esta compra, pod\u00e9s asegurar tu lugar en el Campe\u00f3n del Siglo para los tres partidos y adem\u00e1s obtener importantes descuentos. Es importante destacar que la cantidad de abonos que se pondr\u00e1n a la venta son [&hellip;]"}

https://www.padreydecano.com/cms/wp-content/uploads/2017/04/Hinchada-Peñarol-Palmeiras.jpg

En un gran acierto dirigencial, volvieron los abonos para la fase de grupos de la Copa Libertadores de América. Con esta compra, podés asegurar tu lugar en el Campeón del Siglo para los tres partidos y además obtener importantes descuentos. Es importante destacar que la cantidad de abonos que se pondrán a la venta son [&hellip;]
