{"version":"1.0","provider_name":"Padre y Decano - El Sitio del Pueblo","provider_url":"https:\/\/www.padreydecano.com\/cms","title":"Pe\u00f1a de Salto realiz\u00f3 donaci\u00f3n de abrigos - Padre y Decano - El Sitio del Pueblo","type":"rich","width":600,"height":338,"html":"<blockquote class=\"wp-embedded-content\" data-secret=\"NgWsSTpvvh\"><a href=\"https:\/\/www.padreydecano.com\/cms\/penas\/pena-de-salto-realizo-donacion-de-abrigos\/\">Pe\u00f1a de Salto realiz\u00f3 donaci\u00f3n de abrigos<\/a><\/blockquote><iframe sandbox=\"allow-scripts\" security=\"restricted\" src=\"https:\/\/www.padreydecano.com\/cms\/penas\/pena-de-salto-realizo-donacion-de-abrigos\/embed\/#?secret=NgWsSTpvvh\" width=\"600\" height=\"338\" title=\"\u00abPe\u00f1a de Salto realiz\u00f3 donaci\u00f3n de abrigos\u00bb \u2014 Padre y Decano - El Sitio del Pueblo\" data-secret=\"NgWsSTpvvh\" frameborder=\"0\" marginwidth=\"0\" marginheight=\"0\" scrolling=\"no\" class=\"wp-embedded-content\"><\/iframe><script type=\"text\/javascript\">\n\/* <![CDATA[ *\/\n\/*! This file is auto-generated *\/\n!function(d,l){\"use strict\";l.querySelector&&d.addEventListener&&\"undefined\"!=typeof URL&&(d.wp=d.wp||{},d.wp.receiveEmbedMessage||(d.wp.receiveEmbedMessage=function(e){var t=e.data;if((t||t.secret||t.message||t.value)&&!\/[^a-zA-Z0-9]\/.test(t.secret)){for(var s,r,n,a=l.querySelectorAll('iframe[data-secret=\"'+t.secret+'\"]'),o=l.querySelectorAll('blockquote[data-secret=\"'+t.secret+'\"]'),c=new RegExp(\"^https?:$\",\"i\"),i=0;i<o.length;i++)o[i].style.display=\"none\";for(i=0;i<a.length;i++)s=a[i],e.source===s.contentWindow&&(s.removeAttribute(\"style\"),\"height\"===t.message?(1e3<(r=parseInt(t.value,10))?r=1e3:~~r<200&&(r=200),s.height=r):\"link\"===t.message&&(r=new URL(s.getAttribute(\"src\")),n=new URL(t.value),c.test(n.protocol))&&n.host===r.host&&l.activeElement===s&&(d.top.location.href=t.value))}},d.addEventListener(\"message\",d.wp.receiveEmbedMessage,!1),l.addEventListener(\"DOMContentLoaded\",function(){for(var e,t,s=l.querySelectorAll(\"iframe.wp-embedded-content\"),r=0;r<s.length;r++)(t=(e=s[r]).getAttribute(\"data-secret\"))||(t=Math.random().toString(36).substring(2,12),e.src+=\"#?secret=\"+t,e.setAttribute(\"data-secret\",t)),e.contentWindow.postMessage({message:\"ready\",secret:t},\"*\")},!1)))}(window,document);\n\/* ]]> *\/\n<\/script>\n","thumbnail_url":"https:\/\/www.padreydecano.com\/cms\/wp-content\/uploads\/2012\/07\/DSC00026-Copiar.jpg","thumbnail_width":"720","thumbnail_height":"540","description":"M\u00e1s Pe\u00f1as se siguen sumando al intenso trabajo de la Campa\u00f1a del Abrigo 2012, que est\u00e1 teniendo una muy buena repercusi\u00f3n en el interior. En esta ocasi\u00f3n la Pe\u00f1a fue turno de la Pe\u00f1a Salto es Manya.\u00a0Padre y Decano habl\u00f3 con Yamand\u00fa Olivera, secretario de la Pe\u00f1a: \u00bfC\u00f3mo surgi\u00f3 la idea de llevar adelante esta [&hellip;]"}

Peña de Salto realizó donación de abrigos - Padre y Decano - El Sitio del Pueblo

<blockquote class="wp-embedded-content" data-secret="NgWsSTpvvh"><a href="https://www.padreydecano.com/cms/penas/pena-de-salto-realizo-donacion-de-abrigos/">Peña de Salto realizó donación de abrigos</a></blockquote><iframe sandbox="allow-scripts" security="restricted" src="https://www.padreydecano.com/cms/penas/pena-de-salto-realizo-donacion-de-abrigos/embed/#?secret=NgWsSTpvvh" width="600" height="338" title="«Peña de Salto realizó donación de abrigos» — Padre y Decano - El Sitio del Pueblo" data-secret="NgWsSTpvvh" frameborder="0" marginwidth="0" marginheight="0" scrolling="no" class="wp-embedded-content"></iframe><script type="text/javascript">
/* <![CDATA[ */
/*! This file is auto-generated */
!function(d,l){"use strict";l.querySelector&&d.addEventListener&&"undefined"!=typeof URL&&(d.wp=d.wp||{},d.wp.receiveEmbedMessage||(d.wp.receiveEmbedMessage=function(e){var t=e.data;if((t||t.secret||t.message||t.value)&&!/[^a-zA-Z0-9]/.test(t.secret)){for(var s,r,n,a=l.querySelectorAll('iframe[data-secret="'+t.secret+'"]'),o=l.querySelectorAll('blockquote[data-secret="'+t.secret+'"]'),c=new RegExp("^https?:$","i"),i=0;i<o.length;i++)o[i].style.display="none";for(i=0;i<a.length;i++)s=a[i],e.source===s.contentWindow&&(s.removeAttribute("style"),"height"===t.message?(1e3<(r=parseInt(t.value,10))?r=1e3:~~r<200&&(r=200),s.height=r):"link"===t.message&&(r=new URL(s.getAttribute("src")),n=new URL(t.value),c.test(n.protocol))&&n.host===r.host&&l.activeElement===s&&(d.top.location.href=t.value))}},d.addEventListener("message",d.wp.receiveEmbedMessage,!1),l.addEventListener("DOMContentLoaded",function(){for(var e,t,s=l.querySelectorAll("iframe.wp-embedded-content"),r=0;r<s.length;r++)(t=(e=s[r]).getAttribute("data-secret"))||(t=Math.random().toString(36).substring(2,12),e.src+="#?secret="+t,e.setAttribute("data-secret",t)),e.contentWindow.postMessage({message:"ready",secret:t},"*")},!1)))}(window,document);
/* ]]> */
</script>

Más Peñas se siguen sumando al intenso trabajo de la Campaña del Abrigo 2012, que está teniendo una muy buena repercusión en el interior. En esta ocasión la Peña fue turno de la Peña Salto es Manya. Padre y Decano habló con Yamandú Olivera, secretario de la Peña: ¿Cómo surgió la idea de llevar adelante esta [&hellip;]
