{"version":"1.0","provider_name":"Padre y Decano - El Sitio del Pueblo","provider_url":"https:\/\/www.padreydecano.com\/cms","title":"La Pe\u00f1a de Colonia tiene radio propia - Padre y Decano - El Sitio del Pueblo","type":"rich","width":600,"height":338,"html":"<blockquote class=\"wp-embedded-content\" data-secret=\"O1Wd20jPUQ\"><a href=\"https:\/\/www.padreydecano.com\/cms\/penas\/la-pena-de-colonia-tiene-radio-propia\/\">La Pe\u00f1a de Colonia tiene radio propia<\/a><\/blockquote><iframe sandbox=\"allow-scripts\" security=\"restricted\" src=\"https:\/\/www.padreydecano.com\/cms\/penas\/la-pena-de-colonia-tiene-radio-propia\/embed\/#?secret=O1Wd20jPUQ\" width=\"600\" height=\"338\" title=\"\u00abLa Pe\u00f1a de Colonia tiene radio propia\u00bb \u2014 Padre y Decano - El Sitio del Pueblo\" data-secret=\"O1Wd20jPUQ\" frameborder=\"0\" marginwidth=\"0\" marginheight=\"0\" scrolling=\"no\" class=\"wp-embedded-content\"><\/iframe><script type=\"text\/javascript\">\n\/* <![CDATA[ *\/\n\/*! This file is auto-generated *\/\n!function(d,l){\"use strict\";l.querySelector&&d.addEventListener&&\"undefined\"!=typeof URL&&(d.wp=d.wp||{},d.wp.receiveEmbedMessage||(d.wp.receiveEmbedMessage=function(e){var t=e.data;if((t||t.secret||t.message||t.value)&&!\/[^a-zA-Z0-9]\/.test(t.secret)){for(var s,r,n,a=l.querySelectorAll('iframe[data-secret=\"'+t.secret+'\"]'),o=l.querySelectorAll('blockquote[data-secret=\"'+t.secret+'\"]'),c=new RegExp(\"^https?:$\",\"i\"),i=0;i<o.length;i++)o[i].style.display=\"none\";for(i=0;i<a.length;i++)s=a[i],e.source===s.contentWindow&&(s.removeAttribute(\"style\"),\"height\"===t.message?(1e3<(r=parseInt(t.value,10))?r=1e3:~~r<200&&(r=200),s.height=r):\"link\"===t.message&&(r=new URL(s.getAttribute(\"src\")),n=new URL(t.value),c.test(n.protocol))&&n.host===r.host&&l.activeElement===s&&(d.top.location.href=t.value))}},d.addEventListener(\"message\",d.wp.receiveEmbedMessage,!1),l.addEventListener(\"DOMContentLoaded\",function(){for(var e,t,s=l.querySelectorAll(\"iframe.wp-embedded-content\"),r=0;r<s.length;r++)(t=(e=s[r]).getAttribute(\"data-secret\"))||(t=Math.random().toString(36).substring(2,12),e.src+=\"#?secret=\"+t,e.setAttribute(\"data-secret\",t)),e.contentWindow.postMessage({message:\"ready\",secret:t},\"*\")},!1)))}(window,document);\n\/* ]]> *\/\n<\/script>\n","thumbnail_url":"https:\/\/www.padreydecano.com\/cms\/wp-content\/uploads\/2012\/08\/A-LO-PE\u00d1AROL-RADIO-FOTO-Copiar.jpg","thumbnail_width":"594","thumbnail_height":"480","description":"Las Pe\u00f1as tambi\u00e9n llevan a cabo grandes emprendimientos como lo es tener una radio propia. En marzo la Pe\u00f1a de Rosario inaugur\u00f3 su radio, en abril lo hizo la Pe\u00f1a de Minas\u00a0y en esta oportunidad quienes se suman a esta espectacular idea es la Pe\u00f1a de Colonia. Dialogamos con Alfredo Paulsen, presidente de dicha Pe\u00f1a: [&hellip;]"}

La Peña de Colonia tiene radio propia - Padre y Decano - El Sitio del Pueblo

<blockquote class="wp-embedded-content" data-secret="O1Wd20jPUQ"><a href="https://www.padreydecano.com/cms/penas/la-pena-de-colonia-tiene-radio-propia/">La Peña de Colonia tiene radio propia</a></blockquote><iframe sandbox="allow-scripts" security="restricted" src="https://www.padreydecano.com/cms/penas/la-pena-de-colonia-tiene-radio-propia/embed/#?secret=O1Wd20jPUQ" width="600" height="338" title="«La Peña de Colonia tiene radio propia» — Padre y Decano - El Sitio del Pueblo" data-secret="O1Wd20jPUQ" frameborder="0" marginwidth="0" marginheight="0" scrolling="no" class="wp-embedded-content"></iframe><script type="text/javascript">
/* <![CDATA[ */
/*! This file is auto-generated */
!function(d,l){"use strict";l.querySelector&&d.addEventListener&&"undefined"!=typeof URL&&(d.wp=d.wp||{},d.wp.receiveEmbedMessage||(d.wp.receiveEmbedMessage=function(e){var t=e.data;if((t||t.secret||t.message||t.value)&&!/[^a-zA-Z0-9]/.test(t.secret)){for(var s,r,n,a=l.querySelectorAll('iframe[data-secret="'+t.secret+'"]'),o=l.querySelectorAll('blockquote[data-secret="'+t.secret+'"]'),c=new RegExp("^https?:$","i"),i=0;i<o.length;i++)o[i].style.display="none";for(i=0;i<a.length;i++)s=a[i],e.source===s.contentWindow&&(s.removeAttribute("style"),"height"===t.message?(1e3<(r=parseInt(t.value,10))?r=1e3:~~r<200&&(r=200),s.height=r):"link"===t.message&&(r=new URL(s.getAttribute("src")),n=new URL(t.value),c.test(n.protocol))&&n.host===r.host&&l.activeElement===s&&(d.top.location.href=t.value))}},d.addEventListener("message",d.wp.receiveEmbedMessage,!1),l.addEventListener("DOMContentLoaded",function(){for(var e,t,s=l.querySelectorAll("iframe.wp-embedded-content"),r=0;r<s.length;r++)(t=(e=s[r]).getAttribute("data-secret"))||(t=Math.random().toString(36).substring(2,12),e.src+="#?secret="+t,e.setAttribute("data-secret",t)),e.contentWindow.postMessage({message:"ready",secret:t},"*")},!1)))}(window,document);
/* ]]> */
</script>

https://www.padreydecano.com/cms/wp-content/uploads/2012/08/A-LO-PEÑAROL-RADIO-FOTO-Copiar.jpg

Las Peñas también llevan a cabo grandes emprendimientos como lo es tener una radio propia. En marzo la Peña de Rosario inauguró su radio, en abril lo hizo la Peña de Minas y en esta oportunidad quienes se suman a esta espectacular idea es la Peña de Colonia. Dialogamos con Alfredo Paulsen, presidente de dicha Peña: [&hellip;]
