{"version":"1.0","provider_name":"Padre y Decano - El Sitio del Pueblo","provider_url":"https:\/\/www.padreydecano.com\/cms","title":"El Tony Pacheco tiene su Pe\u00f1a - Padre y Decano - El Sitio del Pueblo","type":"rich","width":600,"height":338,"html":"<blockquote class=\"wp-embedded-content\" data-secret=\"zL7EEYG779\"><a href=\"https:\/\/www.padreydecano.com\/cms\/penas\/el-tony-pacheco-tiene-su-pena\/\">El Tony Pacheco tiene su Pe\u00f1a<\/a><\/blockquote><iframe sandbox=\"allow-scripts\" security=\"restricted\" src=\"https:\/\/www.padreydecano.com\/cms\/penas\/el-tony-pacheco-tiene-su-pena\/embed\/#?secret=zL7EEYG779\" width=\"600\" height=\"338\" title=\"\u00abEl Tony Pacheco tiene su Pe\u00f1a\u00bb \u2014 Padre y Decano - El Sitio del Pueblo\" data-secret=\"zL7EEYG779\" frameborder=\"0\" marginwidth=\"0\" marginheight=\"0\" scrolling=\"no\" class=\"wp-embedded-content\"><\/iframe><script type=\"text\/javascript\">\n\/* <![CDATA[ *\/\n\/*! This file is auto-generated *\/\n!function(d,l){\"use strict\";l.querySelector&&d.addEventListener&&\"undefined\"!=typeof URL&&(d.wp=d.wp||{},d.wp.receiveEmbedMessage||(d.wp.receiveEmbedMessage=function(e){var t=e.data;if((t||t.secret||t.message||t.value)&&!\/[^a-zA-Z0-9]\/.test(t.secret)){for(var s,r,n,a=l.querySelectorAll('iframe[data-secret=\"'+t.secret+'\"]'),o=l.querySelectorAll('blockquote[data-secret=\"'+t.secret+'\"]'),c=new RegExp(\"^https?:$\",\"i\"),i=0;i<o.length;i++)o[i].style.display=\"none\";for(i=0;i<a.length;i++)s=a[i],e.source===s.contentWindow&&(s.removeAttribute(\"style\"),\"height\"===t.message?(1e3<(r=parseInt(t.value,10))?r=1e3:~~r<200&&(r=200),s.height=r):\"link\"===t.message&&(r=new URL(s.getAttribute(\"src\")),n=new URL(t.value),c.test(n.protocol))&&n.host===r.host&&l.activeElement===s&&(d.top.location.href=t.value))}},d.addEventListener(\"message\",d.wp.receiveEmbedMessage,!1),l.addEventListener(\"DOMContentLoaded\",function(){for(var e,t,s=l.querySelectorAll(\"iframe.wp-embedded-content\"),r=0;r<s.length;r++)(t=(e=s[r]).getAttribute(\"data-secret\"))||(t=Math.random().toString(36).substring(2,12),e.src+=\"#?secret=\"+t,e.setAttribute(\"data-secret\",t)),e.contentWindow.postMessage({message:\"ready\",secret:t},\"*\")},!1)))}(window,document);\n\/* ]]> *\/\n<\/script>\n","thumbnail_url":"https:\/\/www.padreydecano.com\/cms\/wp-content\/uploads\/2012\/08\/DSC08415-Copiar.jpg","thumbnail_width":"720","thumbnail_height":"540","description":"Anoche se lanz\u00f3 oficialmente la Pe\u00f1a de Pan de Az\u00facar que lleva el nombre de Antonio Pacheco, con una gran fiesta repleta de hinchas.\u00a0Se vivi\u00f3 una jornada de mucha emoci\u00f3n compartida con grandes ex jugadores que fueron figuras importantes en el Segundo Quinquenio de Oro y por supuesto con nuestro actual \u00eddolo el Tony. El [&hellip;]"}

El Tony Pacheco tiene su Peña - Padre y Decano - El Sitio del Pueblo

<blockquote class="wp-embedded-content" data-secret="zL7EEYG779"><a href="https://www.padreydecano.com/cms/penas/el-tony-pacheco-tiene-su-pena/">El Tony Pacheco tiene su Peña</a></blockquote><iframe sandbox="allow-scripts" security="restricted" src="https://www.padreydecano.com/cms/penas/el-tony-pacheco-tiene-su-pena/embed/#?secret=zL7EEYG779" width="600" height="338" title="«El Tony Pacheco tiene su Peña» — Padre y Decano - El Sitio del Pueblo" data-secret="zL7EEYG779" frameborder="0" marginwidth="0" marginheight="0" scrolling="no" class="wp-embedded-content"></iframe><script type="text/javascript">
/* <![CDATA[ */
/*! This file is auto-generated */
!function(d,l){"use strict";l.querySelector&&d.addEventListener&&"undefined"!=typeof URL&&(d.wp=d.wp||{},d.wp.receiveEmbedMessage||(d.wp.receiveEmbedMessage=function(e){var t=e.data;if((t||t.secret||t.message||t.value)&&!/[^a-zA-Z0-9]/.test(t.secret)){for(var s,r,n,a=l.querySelectorAll('iframe[data-secret="'+t.secret+'"]'),o=l.querySelectorAll('blockquote[data-secret="'+t.secret+'"]'),c=new RegExp("^https?:$","i"),i=0;i<o.length;i++)o[i].style.display="none";for(i=0;i<a.length;i++)s=a[i],e.source===s.contentWindow&&(s.removeAttribute("style"),"height"===t.message?(1e3<(r=parseInt(t.value,10))?r=1e3:~~r<200&&(r=200),s.height=r):"link"===t.message&&(r=new URL(s.getAttribute("src")),n=new URL(t.value),c.test(n.protocol))&&n.host===r.host&&l.activeElement===s&&(d.top.location.href=t.value))}},d.addEventListener("message",d.wp.receiveEmbedMessage,!1),l.addEventListener("DOMContentLoaded",function(){for(var e,t,s=l.querySelectorAll("iframe.wp-embedded-content"),r=0;r<s.length;r++)(t=(e=s[r]).getAttribute("data-secret"))||(t=Math.random().toString(36).substring(2,12),e.src+="#?secret="+t,e.setAttribute("data-secret",t)),e.contentWindow.postMessage({message:"ready",secret:t},"*")},!1)))}(window,document);
/* ]]> */
</script>

Anoche se lanzó oficialmente la Peña de Pan de Azúcar que lleva el nombre de Antonio Pacheco, con una gran fiesta repleta de hinchas. Se vivió una jornada de mucha emoción compartida con grandes ex jugadores que fueron figuras importantes en el Segundo Quinquenio de Oro y por supuesto con nuestro actual ídolo el Tony. El [&hellip;]
