{"version":"1.0","provider_name":"Padre y Decano - El Sitio del Pueblo","provider_url":"https:\/\/www.padreydecano.com\/cms","title":"Con sabor a poco - Padre y Decano - El Sitio del Pueblo","type":"rich","width":600,"height":338,"html":"<blockquote class=\"wp-embedded-content\" data-secret=\"NjNciD5jQl\"><a href=\"https:\/\/www.padreydecano.com\/cms\/partidos\/con-sabor-a-poco-2\/\">Con sabor a poco<\/a><\/blockquote><iframe sandbox=\"allow-scripts\" security=\"restricted\" src=\"https:\/\/www.padreydecano.com\/cms\/partidos\/con-sabor-a-poco-2\/embed\/#?secret=NjNciD5jQl\" width=\"600\" height=\"338\" title=\"\u00abCon sabor a poco\u00bb \u2014 Padre y Decano - El Sitio del Pueblo\" data-secret=\"NjNciD5jQl\" frameborder=\"0\" marginwidth=\"0\" marginheight=\"0\" scrolling=\"no\" class=\"wp-embedded-content\"><\/iframe><script type=\"text\/javascript\">\n\/* <![CDATA[ *\/\n\/*! This file is auto-generated *\/\n!function(d,l){\"use strict\";l.querySelector&&d.addEventListener&&\"undefined\"!=typeof URL&&(d.wp=d.wp||{},d.wp.receiveEmbedMessage||(d.wp.receiveEmbedMessage=function(e){var t=e.data;if((t||t.secret||t.message||t.value)&&!\/[^a-zA-Z0-9]\/.test(t.secret)){for(var s,r,n,a=l.querySelectorAll('iframe[data-secret=\"'+t.secret+'\"]'),o=l.querySelectorAll('blockquote[data-secret=\"'+t.secret+'\"]'),c=new RegExp(\"^https?:$\",\"i\"),i=0;i<o.length;i++)o[i].style.display=\"none\";for(i=0;i<a.length;i++)s=a[i],e.source===s.contentWindow&&(s.removeAttribute(\"style\"),\"height\"===t.message?(1e3<(r=parseInt(t.value,10))?r=1e3:~~r<200&&(r=200),s.height=r):\"link\"===t.message&&(r=new URL(s.getAttribute(\"src\")),n=new URL(t.value),c.test(n.protocol))&&n.host===r.host&&l.activeElement===s&&(d.top.location.href=t.value))}},d.addEventListener(\"message\",d.wp.receiveEmbedMessage,!1),l.addEventListener(\"DOMContentLoaded\",function(){for(var e,t,s=l.querySelectorAll(\"iframe.wp-embedded-content\"),r=0;r<s.length;r++)(t=(e=s[r]).getAttribute(\"data-secret\"))||(t=Math.random().toString(36).substring(2,12),e.src+=\"#?secret=\"+t,e.setAttribute(\"data-secret\",t)),e.contentWindow.postMessage({message:\"ready\",secret:t},\"*\")},!1)))}(window,document);\n\/* ]]> *\/\n<\/script>\n","thumbnail_url":"https:\/\/www.padreydecano.com\/cms\/wp-content\/uploads\/2022\/09\/20220911_233909.jpg","thumbnail_width":2048,"thumbnail_height":1366,"description":"Pe\u00f1arol igual\u00f3 2 a 2 frente a Rentistas en el Estadio Campe\u00f3n del Siglo por la s\u00e9ptima fecha del Torneo Clausura 2022. En otro mal partido del decano, no alcanz\u00f3 para dar vuelta el marcador. Luego de vencer a Col\u00f3n por la Copa Uruguay, Pe\u00f1arol recib\u00eda a Rentistas, uno de los equipos del fondo de [&hellip;]"}

Peñarol igualó 2 a 2 frente a Rentistas en el Estadio Campeón del Siglo por la séptima fecha del Torneo Clausura 2022. En otro mal partido del decano, no alcanzó para dar vuelta el marcador. Luego de vencer a Colón por la Copa Uruguay, Peñarol recibía a Rentistas, uno de los equipos del fondo de [&hellip;]
