{"version":"1.0","provider_name":"Padre y Decano - El Sitio del Pueblo","provider_url":"https:\/\/www.padreydecano.com\/cms","title":"Cabeza en alto - Padre y Decano - El Sitio del Pueblo","type":"rich","width":600,"height":338,"html":"<blockquote class=\"wp-embedded-content\" data-secret=\"UkUmWBQg66\"><a href=\"https:\/\/www.padreydecano.com\/cms\/partidos\/cabeza-en-alto\/\">Cabeza en alto<\/a><\/blockquote><iframe sandbox=\"allow-scripts\" security=\"restricted\" src=\"https:\/\/www.padreydecano.com\/cms\/partidos\/cabeza-en-alto\/embed\/#?secret=UkUmWBQg66\" width=\"600\" height=\"338\" title=\"\u00abCabeza en alto\u00bb \u2014 Padre y Decano - El Sitio del Pueblo\" data-secret=\"UkUmWBQg66\" frameborder=\"0\" marginwidth=\"0\" marginheight=\"0\" scrolling=\"no\" class=\"wp-embedded-content\"><\/iframe><script type=\"text\/javascript\">\n\/* <![CDATA[ *\/\n\/*! This file is auto-generated *\/\n!function(d,l){\"use strict\";l.querySelector&&d.addEventListener&&\"undefined\"!=typeof URL&&(d.wp=d.wp||{},d.wp.receiveEmbedMessage||(d.wp.receiveEmbedMessage=function(e){var t=e.data;if((t||t.secret||t.message||t.value)&&!\/[^a-zA-Z0-9]\/.test(t.secret)){for(var s,r,n,a=l.querySelectorAll('iframe[data-secret=\"'+t.secret+'\"]'),o=l.querySelectorAll('blockquote[data-secret=\"'+t.secret+'\"]'),c=new RegExp(\"^https?:$\",\"i\"),i=0;i<o.length;i++)o[i].style.display=\"none\";for(i=0;i<a.length;i++)s=a[i],e.source===s.contentWindow&&(s.removeAttribute(\"style\"),\"height\"===t.message?(1e3<(r=parseInt(t.value,10))?r=1e3:~~r<200&&(r=200),s.height=r):\"link\"===t.message&&(r=new URL(s.getAttribute(\"src\")),n=new URL(t.value),c.test(n.protocol))&&n.host===r.host&&l.activeElement===s&&(d.top.location.href=t.value))}},d.addEventListener(\"message\",d.wp.receiveEmbedMessage,!1),l.addEventListener(\"DOMContentLoaded\",function(){for(var e,t,s=l.querySelectorAll(\"iframe.wp-embedded-content\"),r=0;r<s.length;r++)(t=(e=s[r]).getAttribute(\"data-secret\"))||(t=Math.random().toString(36).substring(2,12),e.src+=\"#?secret=\"+t,e.setAttribute(\"data-secret\",t)),e.contentWindow.postMessage({message:\"ready\",secret:t},\"*\")},!1)))}(window,document);\n\/* ]]> *\/\n<\/script>\n","thumbnail_url":"https:\/\/www.padreydecano.com\/cms\/wp-content\/uploads\/2024\/10\/84a970b8-cc83-42d2-b2f1-06b5ab400c32.jpeg","thumbnail_width":1600,"thumbnail_height":1067,"description":"Pese al gran partido y la victoria en el Centenario, Pe\u00f1arol no pude acceder a la final de la Libertadores. Se termin\u00f3 el sue\u00f1o del 2024, pero la ilusi\u00f3n seguir\u00e1 viva hasta lograr la obsesi\u00f3n de todo el pueblo. El padre y decano del f\u00fatbol uruguayo recibi\u00f3 a Botafogo en el m\u00edtico Estadio Centenario por [&hellip;]"}

Pese al gran partido y la victoria en el Centenario, Peñarol no pude acceder a la final de la Libertadores. Se terminó el sueño del 2024, pero la ilusión seguirá viva hasta lograr la obsesión de todo el pueblo. El padre y decano del fútbol uruguayo recibió a Botafogo en el mítico Estadio Centenario por [&hellip;]
