{"version":"1.0","provider_name":"Padre y Decano - El Sitio del Pueblo","provider_url":"https:\/\/www.padreydecano.com\/cms","title":"\u00a1Pe\u00f1arol a la final de Am\u00e9rica! - Padre y Decano - El Sitio del Pueblo","type":"rich","width":600,"height":338,"html":"<blockquote class=\"wp-embedded-content\" data-secret=\"Lr4jwCu3bf\"><a href=\"https:\/\/www.padreydecano.com\/cms\/otras-disciplinas\/penarol-a-la-final-de-america\/\">\u00a1Pe\u00f1arol a la final de Am\u00e9rica!<\/a><\/blockquote><iframe sandbox=\"allow-scripts\" security=\"restricted\" src=\"https:\/\/www.padreydecano.com\/cms\/otras-disciplinas\/penarol-a-la-final-de-america\/embed\/#?secret=Lr4jwCu3bf\" width=\"600\" height=\"338\" title=\"\u00ab\u00a1Pe\u00f1arol a la final de Am\u00e9rica!\u00bb \u2014 Padre y Decano - El Sitio del Pueblo\" data-secret=\"Lr4jwCu3bf\" frameborder=\"0\" marginwidth=\"0\" marginheight=\"0\" scrolling=\"no\" class=\"wp-embedded-content\"><\/iframe><script type=\"text\/javascript\">\n\/* <![CDATA[ *\/\n\/*! This file is auto-generated *\/\n!function(d,l){\"use strict\";l.querySelector&&d.addEventListener&&\"undefined\"!=typeof URL&&(d.wp=d.wp||{},d.wp.receiveEmbedMessage||(d.wp.receiveEmbedMessage=function(e){var t=e.data;if((t||t.secret||t.message||t.value)&&!\/[^a-zA-Z0-9]\/.test(t.secret)){for(var s,r,n,a=l.querySelectorAll('iframe[data-secret=\"'+t.secret+'\"]'),o=l.querySelectorAll('blockquote[data-secret=\"'+t.secret+'\"]'),c=new RegExp(\"^https?:$\",\"i\"),i=0;i<o.length;i++)o[i].style.display=\"none\";for(i=0;i<a.length;i++)s=a[i],e.source===s.contentWindow&&(s.removeAttribute(\"style\"),\"height\"===t.message?(1e3<(r=parseInt(t.value,10))?r=1e3:~~r<200&&(r=200),s.height=r):\"link\"===t.message&&(r=new URL(s.getAttribute(\"src\")),n=new URL(t.value),c.test(n.protocol))&&n.host===r.host&&l.activeElement===s&&(d.top.location.href=t.value))}},d.addEventListener(\"message\",d.wp.receiveEmbedMessage,!1),l.addEventListener(\"DOMContentLoaded\",function(){for(var e,t,s=l.querySelectorAll(\"iframe.wp-embedded-content\"),r=0;r<s.length;r++)(t=(e=s[r]).getAttribute(\"data-secret\"))||(t=Math.random().toString(36).substring(2,12),e.src+=\"#?secret=\"+t,e.setAttribute(\"data-secret\",t)),e.contentWindow.postMessage({message:\"ready\",secret:t},\"*\")},!1)))}(window,document);\n\/* ]]> *\/\n<\/script>\n","thumbnail_url":"https:\/\/www.padreydecano.com\/cms\/wp-content\/uploads\/2022\/09\/IMG-20220930-WA0056.jpg","thumbnail_width":2048,"thumbnail_height":1366,"description":"&nbsp; El carbonero derrot\u00f3 2 a 0 a Cerro Porte\u00f1o y jugar\u00e1 por primera vez en su historia la final de la Copa Libertadores de F\u00fatbol Sala. El plantel del decano sigue haciendo historia del otro lado del R\u00edo de la Plata. Despu\u00e9s de clasificarse como segundo en el grupo de la muerte del torneo [&hellip;]"}

¡Peñarol a la final de América! - Padre y Decano - El Sitio del Pueblo

<blockquote class="wp-embedded-content" data-secret="Lr4jwCu3bf"><a href="https://www.padreydecano.com/cms/otras-disciplinas/penarol-a-la-final-de-america/">¡Peñarol a la final de América!</a></blockquote><iframe sandbox="allow-scripts" security="restricted" src="https://www.padreydecano.com/cms/otras-disciplinas/penarol-a-la-final-de-america/embed/#?secret=Lr4jwCu3bf" width="600" height="338" title="«¡Peñarol a la final de América!» — Padre y Decano - El Sitio del Pueblo" data-secret="Lr4jwCu3bf" frameborder="0" marginwidth="0" marginheight="0" scrolling="no" class="wp-embedded-content"></iframe><script type="text/javascript">
/* <![CDATA[ */
/*! This file is auto-generated */
!function(d,l){"use strict";l.querySelector&&d.addEventListener&&"undefined"!=typeof URL&&(d.wp=d.wp||{},d.wp.receiveEmbedMessage||(d.wp.receiveEmbedMessage=function(e){var t=e.data;if((t||t.secret||t.message||t.value)&&!/[^a-zA-Z0-9]/.test(t.secret)){for(var s,r,n,a=l.querySelectorAll('iframe[data-secret="'+t.secret+'"]'),o=l.querySelectorAll('blockquote[data-secret="'+t.secret+'"]'),c=new RegExp("^https?:$","i"),i=0;i<o.length;i++)o[i].style.display="none";for(i=0;i<a.length;i++)s=a[i],e.source===s.contentWindow&&(s.removeAttribute("style"),"height"===t.message?(1e3<(r=parseInt(t.value,10))?r=1e3:~~r<200&&(r=200),s.height=r):"link"===t.message&&(r=new URL(s.getAttribute("src")),n=new URL(t.value),c.test(n.protocol))&&n.host===r.host&&l.activeElement===s&&(d.top.location.href=t.value))}},d.addEventListener("message",d.wp.receiveEmbedMessage,!1),l.addEventListener("DOMContentLoaded",function(){for(var e,t,s=l.querySelectorAll("iframe.wp-embedded-content"),r=0;r<s.length;r++)(t=(e=s[r]).getAttribute("data-secret"))||(t=Math.random().toString(36).substring(2,12),e.src+="#?secret="+t,e.setAttribute("data-secret",t)),e.contentWindow.postMessage({message:"ready",secret:t},"*")},!1)))}(window,document);
/* ]]> */
</script>

&nbsp; El carbonero derrotó 2 a 0 a Cerro Porteño y jugará por primera vez en su historia la final de la Copa Libertadores de Fútbol Sala. El plantel del decano sigue haciendo historia del otro lado del Río de la Plata. Después de clasificarse como segundo en el grupo de la muerte del torneo [&hellip;]
