{"version":"1.0","provider_name":"Padre y Decano - El Sitio del Pueblo","provider_url":"https:\/\/www.padreydecano.com\/cms","title":"Victoria ante 25 de Agosto - Padre y Decano - El Sitio del Pueblo","type":"rich","width":600,"height":338,"html":"<blockquote class=\"wp-embedded-content\" data-secret=\"KDjRY2TCFd\"><a href=\"https:\/\/www.padreydecano.com\/cms\/noticias\/victoria-ante-25-de-agosto\/\">Victoria ante 25 de Agosto<\/a><\/blockquote><iframe sandbox=\"allow-scripts\" security=\"restricted\" src=\"https:\/\/www.padreydecano.com\/cms\/noticias\/victoria-ante-25-de-agosto\/embed\/#?secret=KDjRY2TCFd\" width=\"600\" height=\"338\" title=\"\u00abVictoria ante 25 de Agosto\u00bb \u2014 Padre y Decano - El Sitio del Pueblo\" data-secret=\"KDjRY2TCFd\" frameborder=\"0\" marginwidth=\"0\" marginheight=\"0\" scrolling=\"no\" class=\"wp-embedded-content\"><\/iframe><script type=\"text\/javascript\">\n\/* <![CDATA[ *\/\n\/*! This file is auto-generated *\/\n!function(d,l){\"use strict\";l.querySelector&&d.addEventListener&&\"undefined\"!=typeof URL&&(d.wp=d.wp||{},d.wp.receiveEmbedMessage||(d.wp.receiveEmbedMessage=function(e){var t=e.data;if((t||t.secret||t.message||t.value)&&!\/[^a-zA-Z0-9]\/.test(t.secret)){for(var s,r,n,a=l.querySelectorAll('iframe[data-secret=\"'+t.secret+'\"]'),o=l.querySelectorAll('blockquote[data-secret=\"'+t.secret+'\"]'),c=new RegExp(\"^https?:$\",\"i\"),i=0;i<o.length;i++)o[i].style.display=\"none\";for(i=0;i<a.length;i++)s=a[i],e.source===s.contentWindow&&(s.removeAttribute(\"style\"),\"height\"===t.message?(1e3<(r=parseInt(t.value,10))?r=1e3:~~r<200&&(r=200),s.height=r):\"link\"===t.message&&(r=new URL(s.getAttribute(\"src\")),n=new URL(t.value),c.test(n.protocol))&&n.host===r.host&&l.activeElement===s&&(d.top.location.href=t.value))}},d.addEventListener(\"message\",d.wp.receiveEmbedMessage,!1),l.addEventListener(\"DOMContentLoaded\",function(){for(var e,t,s=l.querySelectorAll(\"iframe.wp-embedded-content\"),r=0;r<s.length;r++)(t=(e=s[r]).getAttribute(\"data-secret\"))||(t=Math.random().toString(36).substring(2,12),e.src+=\"#?secret=\"+t,e.setAttribute(\"data-secret\",t)),e.contentWindow.postMessage({message:\"ready\",secret:t},\"*\")},!1)))}(window,document);\n\/* ]]> *\/\n<\/script>\n","thumbnail_url":"https:\/\/www.padreydecano.com\/cms\/wp-content\/uploads\/2019\/08\/Bruno-Tasende-0349-min.jpg","thumbnail_width":6000,"thumbnail_height":4000,"description":"Pe\u00f1arol venci\u00f3 a 25 de Agosto por 74-61 en cancha de Atenas y sigue a un punto de la cima. Asaravicius y Warner fueron las figuras del equipo. El partido arranc\u00f3 de manera muy intensa, con mucho gol para ambos lados. Calvin Warner fue quien carg\u00f3 con la mayor\u00eda de los puntos carboneros. El juego [&hellip;]"}

Peñarol venció a 25 de Agosto por 74-61 en cancha de Atenas y sigue a un punto de la cima. Asaravicius y Warner fueron las figuras del equipo. El partido arrancó de manera muy intensa, con mucho gol para ambos lados. Calvin Warner fue quien cargó con la mayoría de los puntos carboneros. El juego [&hellip;]
