{"version":"1.0","provider_name":"Padre y Decano - El Sitio del Pueblo","provider_url":"https:\/\/www.padreydecano.com\/cms","title":"Una final adelantada - Padre y Decano - El Sitio del Pueblo","type":"rich","width":600,"height":338,"html":"<blockquote class=\"wp-embedded-content\" data-secret=\"HsVLdwCth6\"><a href=\"https:\/\/www.padreydecano.com\/cms\/noticias\/una-final-adelantada\/\">Una final adelantada<\/a><\/blockquote><iframe sandbox=\"allow-scripts\" security=\"restricted\" src=\"https:\/\/www.padreydecano.com\/cms\/noticias\/una-final-adelantada\/embed\/#?secret=HsVLdwCth6\" width=\"600\" height=\"338\" title=\"\u00abUna final adelantada\u00bb \u2014 Padre y Decano - El Sitio del Pueblo\" data-secret=\"HsVLdwCth6\" frameborder=\"0\" marginwidth=\"0\" marginheight=\"0\" scrolling=\"no\" class=\"wp-embedded-content\"><\/iframe><script type=\"text\/javascript\">\n\/* <![CDATA[ *\/\n\/*! This file is auto-generated *\/\n!function(d,l){\"use strict\";l.querySelector&&d.addEventListener&&\"undefined\"!=typeof URL&&(d.wp=d.wp||{},d.wp.receiveEmbedMessage||(d.wp.receiveEmbedMessage=function(e){var t=e.data;if((t||t.secret||t.message||t.value)&&!\/[^a-zA-Z0-9]\/.test(t.secret)){for(var s,r,n,a=l.querySelectorAll('iframe[data-secret=\"'+t.secret+'\"]'),o=l.querySelectorAll('blockquote[data-secret=\"'+t.secret+'\"]'),c=new RegExp(\"^https?:$\",\"i\"),i=0;i<o.length;i++)o[i].style.display=\"none\";for(i=0;i<a.length;i++)s=a[i],e.source===s.contentWindow&&(s.removeAttribute(\"style\"),\"height\"===t.message?(1e3<(r=parseInt(t.value,10))?r=1e3:~~r<200&&(r=200),s.height=r):\"link\"===t.message&&(r=new URL(s.getAttribute(\"src\")),n=new URL(t.value),c.test(n.protocol))&&n.host===r.host&&l.activeElement===s&&(d.top.location.href=t.value))}},d.addEventListener(\"message\",d.wp.receiveEmbedMessage,!1),l.addEventListener(\"DOMContentLoaded\",function(){for(var e,t,s=l.querySelectorAll(\"iframe.wp-embedded-content\"),r=0;r<s.length;r++)(t=(e=s[r]).getAttribute(\"data-secret\"))||(t=Math.random().toString(36).substring(2,12),e.src+=\"#?secret=\"+t,e.setAttribute(\"data-secret\",t)),e.contentWindow.postMessage({message:\"ready\",secret:t},\"*\")},!1)))}(window,document);\n\/* ]]> *\/\n<\/script>\n","thumbnail_url":"https:\/\/www.padreydecano.com\/cms\/wp-content\/uploads\/2021\/11\/1535F3DF-7625-40A2-A762-8D9A5B0CA294.jpeg","thumbnail_width":2048,"thumbnail_height":1364,"description":"Pe\u00f1arol recibir\u00e1 a Cerro Largo en el Estadio Campe\u00f3n del Siglo por la antepen\u00faltima fecha del Torneo Clausura. Luego del empate ante River Plate, el Carbonero enfrentar\u00e1 al Arach\u00e1n en un duelo infartante de cara a la recta final del campeonato. El encuentro se disputar\u00e1 a las 21:45 HS e ir\u00e1 televisado por VTV. Equipo [&hellip;]"}

Peñarol recibirá a Cerro Largo en el Estadio Campeón del Siglo por la antepenúltima fecha del Torneo Clausura. Luego del empate ante River Plate, el Carbonero enfrentará al Arachán en un duelo infartante de cara a la recta final del campeonato. El encuentro se disputará a las 21:45 HS e irá televisado por VTV. Equipo [&hellip;]
