{"version":"1.0","provider_name":"Padre y Decano - El Sitio del Pueblo","provider_url":"https:\/\/www.padreydecano.com\/cms","title":"Todos juntos - Padre y Decano - El Sitio del Pueblo","type":"rich","width":600,"height":338,"html":"<blockquote class=\"wp-embedded-content\" data-secret=\"Dgj70rlNrH\"><a href=\"https:\/\/www.padreydecano.com\/cms\/noticias\/todos-juntos\/\">Todos juntos<\/a><\/blockquote><iframe sandbox=\"allow-scripts\" security=\"restricted\" src=\"https:\/\/www.padreydecano.com\/cms\/noticias\/todos-juntos\/embed\/#?secret=Dgj70rlNrH\" width=\"600\" height=\"338\" title=\"\u00abTodos juntos\u00bb \u2014 Padre y Decano - El Sitio del Pueblo\" data-secret=\"Dgj70rlNrH\" frameborder=\"0\" marginwidth=\"0\" marginheight=\"0\" scrolling=\"no\" class=\"wp-embedded-content\"><\/iframe><script type=\"text\/javascript\">\n\/* <![CDATA[ *\/\n\/*! This file is auto-generated *\/\n!function(d,l){\"use strict\";l.querySelector&&d.addEventListener&&\"undefined\"!=typeof URL&&(d.wp=d.wp||{},d.wp.receiveEmbedMessage||(d.wp.receiveEmbedMessage=function(e){var t=e.data;if((t||t.secret||t.message||t.value)&&!\/[^a-zA-Z0-9]\/.test(t.secret)){for(var s,r,n,a=l.querySelectorAll('iframe[data-secret=\"'+t.secret+'\"]'),o=l.querySelectorAll('blockquote[data-secret=\"'+t.secret+'\"]'),c=new RegExp(\"^https?:$\",\"i\"),i=0;i<o.length;i++)o[i].style.display=\"none\";for(i=0;i<a.length;i++)s=a[i],e.source===s.contentWindow&&(s.removeAttribute(\"style\"),\"height\"===t.message?(1e3<(r=parseInt(t.value,10))?r=1e3:~~r<200&&(r=200),s.height=r):\"link\"===t.message&&(r=new URL(s.getAttribute(\"src\")),n=new URL(t.value),c.test(n.protocol))&&n.host===r.host&&l.activeElement===s&&(d.top.location.href=t.value))}},d.addEventListener(\"message\",d.wp.receiveEmbedMessage,!1),l.addEventListener(\"DOMContentLoaded\",function(){for(var e,t,s=l.querySelectorAll(\"iframe.wp-embedded-content\"),r=0;r<s.length;r++)(t=(e=s[r]).getAttribute(\"data-secret\"))||(t=Math.random().toString(36).substring(2,12),e.src+=\"#?secret=\"+t,e.setAttribute(\"data-secret\",t)),e.contentWindow.postMessage({message:\"ready\",secret:t},\"*\")},!1)))}(window,document);\n\/* ]]> *\/\n<\/script>\n","thumbnail_url":"https:\/\/www.padreydecano.com\/cms\/wp-content\/uploads\/2021\/06\/PE\u00d1AROL-TORQUE-NAHUELPAN.jpg","thumbnail_width":1599,"thumbnail_height":1066,"description":"Pe\u00f1arol visitar\u00e1 a Nacional el pr\u00f3ximo domingo 4 de julio por la novena fecha del Torneo Apertura. Luego de varios a\u00f1os, el Decano pisar\u00e1 el Parque Central en b\u00fasqueda de una impostergable victoria como marca el historial. El partido ser\u00e1 a las 16:00 HS e ir\u00e1 televisado por VTV. Equipo probable Kevin Dawson; Maximiliano Pereira, [&hellip;]"}

https://www.padreydecano.com/cms/wp-content/uploads/2021/06/PEÑAROL-TORQUE-NAHUELPAN.jpg

Peñarol visitará a Nacional el próximo domingo 4 de julio por la novena fecha del Torneo Apertura. Luego de varios años, el Decano pisará el Parque Central en búsqueda de una impostergable victoria como marca el historial. El partido será a las 16:00 HS e irá televisado por VTV. Equipo probable Kevin Dawson; Maximiliano Pereira, [&hellip;]
