{"version":"1.0","provider_name":"Padre y Decano - El Sitio del Pueblo","provider_url":"https:\/\/www.padreydecano.com\/cms","title":"Sumar para la Tabla Anual - Padre y Decano - El Sitio del Pueblo","type":"rich","width":600,"height":338,"html":"<blockquote class=\"wp-embedded-content\" data-secret=\"H8W4fcJxnL\"><a href=\"https:\/\/www.padreydecano.com\/cms\/noticias\/sumar-para-la-tabla-anual\/\">Sumar para la Tabla Anual<\/a><\/blockquote><iframe sandbox=\"allow-scripts\" security=\"restricted\" src=\"https:\/\/www.padreydecano.com\/cms\/noticias\/sumar-para-la-tabla-anual\/embed\/#?secret=H8W4fcJxnL\" width=\"600\" height=\"338\" title=\"\u00abSumar para la Tabla Anual\u00bb \u2014 Padre y Decano - El Sitio del Pueblo\" data-secret=\"H8W4fcJxnL\" frameborder=\"0\" marginwidth=\"0\" marginheight=\"0\" scrolling=\"no\" class=\"wp-embedded-content\"><\/iframe><script type=\"text\/javascript\">\n\/* <![CDATA[ *\/\n\/*! This file is auto-generated *\/\n!function(d,l){\"use strict\";l.querySelector&&d.addEventListener&&\"undefined\"!=typeof URL&&(d.wp=d.wp||{},d.wp.receiveEmbedMessage||(d.wp.receiveEmbedMessage=function(e){var t=e.data;if((t||t.secret||t.message||t.value)&&!\/[^a-zA-Z0-9]\/.test(t.secret)){for(var s,r,n,a=l.querySelectorAll('iframe[data-secret=\"'+t.secret+'\"]'),o=l.querySelectorAll('blockquote[data-secret=\"'+t.secret+'\"]'),c=new RegExp(\"^https?:$\",\"i\"),i=0;i<o.length;i++)o[i].style.display=\"none\";for(i=0;i<a.length;i++)s=a[i],e.source===s.contentWindow&&(s.removeAttribute(\"style\"),\"height\"===t.message?(1e3<(r=parseInt(t.value,10))?r=1e3:~~r<200&&(r=200),s.height=r):\"link\"===t.message&&(r=new URL(s.getAttribute(\"src\")),n=new URL(t.value),c.test(n.protocol))&&n.host===r.host&&l.activeElement===s&&(d.top.location.href=t.value))}},d.addEventListener(\"message\",d.wp.receiveEmbedMessage,!1),l.addEventListener(\"DOMContentLoaded\",function(){for(var e,t,s=l.querySelectorAll(\"iframe.wp-embedded-content\"),r=0;r<s.length;r++)(t=(e=s[r]).getAttribute(\"data-secret\"))||(t=Math.random().toString(36).substring(2,12),e.src+=\"#?secret=\"+t,e.setAttribute(\"data-secret\",t)),e.contentWindow.postMessage({message:\"ready\",secret:t},\"*\")},!1)))}(window,document);\n\/* ]]> *\/\n<\/script>\n","thumbnail_url":"https:\/\/www.padreydecano.com\/cms\/wp-content\/uploads\/2021\/08\/WhatsApp-Image-2021-08-06-at-20.05.37.jpeg","thumbnail_width":1600,"thumbnail_height":1066,"description":"Pe\u00f1arol recibir\u00e1 el pr\u00f3ximo s\u00e1bado a Progreso por la pen\u00faltima fecha del Torneo Apertura. Luego de la gran victoria por Copa Sudamericana, el Carbonero enfrentar\u00e1 al Gaucho del Pantanoso por puntos vitales en la tabla anual. El encuentro ser\u00e1 a las 19:00hs en el Estadio Campe\u00f3n del Siglo y se televisar\u00e1 por VTV. Equipo probable [&hellip;]"}

Peñarol recibirá el próximo sábado a Progreso por la penúltima fecha del Torneo Apertura. Luego de la gran victoria por Copa Sudamericana, el Carbonero enfrentará al Gaucho del Pantanoso por puntos vitales en la tabla anual. El encuentro será a las 19:00hs en el Estadio Campeón del Siglo y se televisará por VTV. Equipo probable [&hellip;]
