{"version":"1.0","provider_name":"Padre y Decano - El Sitio del Pueblo","provider_url":"https:\/\/www.padreydecano.com\/cms","title":"Reformas en Los Aromos - Padre y Decano - El Sitio del Pueblo","type":"rich","width":600,"height":338,"html":"<blockquote class=\"wp-embedded-content\" data-secret=\"UgacX5FaxQ\"><a href=\"https:\/\/www.padreydecano.com\/cms\/noticias\/reformas-en-los-aromos\/\">Reformas en Los Aromos<\/a><\/blockquote><iframe sandbox=\"allow-scripts\" security=\"restricted\" src=\"https:\/\/www.padreydecano.com\/cms\/noticias\/reformas-en-los-aromos\/embed\/#?secret=UgacX5FaxQ\" width=\"600\" height=\"338\" title=\"\u00abReformas en Los Aromos\u00bb \u2014 Padre y Decano - El Sitio del Pueblo\" data-secret=\"UgacX5FaxQ\" frameborder=\"0\" marginwidth=\"0\" marginheight=\"0\" scrolling=\"no\" class=\"wp-embedded-content\"><\/iframe><script type=\"text\/javascript\">\n\/* <![CDATA[ *\/\n\/*! This file is auto-generated *\/\n!function(d,l){\"use strict\";l.querySelector&&d.addEventListener&&\"undefined\"!=typeof URL&&(d.wp=d.wp||{},d.wp.receiveEmbedMessage||(d.wp.receiveEmbedMessage=function(e){var t=e.data;if((t||t.secret||t.message||t.value)&&!\/[^a-zA-Z0-9]\/.test(t.secret)){for(var s,r,n,a=l.querySelectorAll('iframe[data-secret=\"'+t.secret+'\"]'),o=l.querySelectorAll('blockquote[data-secret=\"'+t.secret+'\"]'),c=new RegExp(\"^https?:$\",\"i\"),i=0;i<o.length;i++)o[i].style.display=\"none\";for(i=0;i<a.length;i++)s=a[i],e.source===s.contentWindow&&(s.removeAttribute(\"style\"),\"height\"===t.message?(1e3<(r=parseInt(t.value,10))?r=1e3:~~r<200&&(r=200),s.height=r):\"link\"===t.message&&(r=new URL(s.getAttribute(\"src\")),n=new URL(t.value),c.test(n.protocol))&&n.host===r.host&&l.activeElement===s&&(d.top.location.href=t.value))}},d.addEventListener(\"message\",d.wp.receiveEmbedMessage,!1),l.addEventListener(\"DOMContentLoaded\",function(){for(var e,t,s=l.querySelectorAll(\"iframe.wp-embedded-content\"),r=0;r<s.length;r++)(t=(e=s[r]).getAttribute(\"data-secret\"))||(t=Math.random().toString(36).substring(2,12),e.src+=\"#?secret=\"+t,e.setAttribute(\"data-secret\",t)),e.contentWindow.postMessage({message:\"ready\",secret:t},\"*\")},!1)))}(window,document);\n\/* ]]> *\/\n<\/script>\n","thumbnail_url":"https:\/\/www.padreydecano.com\/cms\/wp-content\/uploads\/2015\/07\/reformas-aromos-2.jpg","thumbnail_width":800,"thumbnail_height":600,"description":"Juan Pedro Damiani present\u00f3 las reformas en el Complejo Los Aromos \u00abWashington Cataldi\u00bb. El titular aurinegro se mostr\u00f3 satisfecho por las mejoras edilicias en la concentraci\u00f3n de Pe\u00f1arol. En poco tiempo el Decano ha reformado todas sus instalaciones. El Presidente estuvo acompa\u00f1ado de los gerentes \u00c1lvaro Alonso y Pablo Nieto.\u00a0Con la presencia de Rodolfo Catino, [&hellip;]"}

Juan Pedro Damiani presentó las reformas en el Complejo Los Aromos «Washington Cataldi». El titular aurinegro se mostró satisfecho por las mejoras edilicias en la concentración de Peñarol. En poco tiempo el Decano ha reformado todas sus instalaciones. El Presidente estuvo acompañado de los gerentes Álvaro Alonso y Pablo Nieto. Con la presencia de Rodolfo Catino, [&hellip;]
