{"version":"1.0","provider_name":"Padre y Decano - El Sitio del Pueblo","provider_url":"https:\/\/www.padreydecano.com\/cms","title":"Ram\u00f3n Arias no seguir\u00e1 en Pe\u00f1arol\u00a0 - Padre y Decano - El Sitio del Pueblo","type":"rich","width":600,"height":338,"html":"<blockquote class=\"wp-embedded-content\" data-secret=\"FftY2IPT7I\"><a href=\"https:\/\/www.padreydecano.com\/cms\/noticias\/ramon-arias-no-seguira-en-penarol\/\">Ram\u00f3n Arias no seguir\u00e1 en Pe\u00f1arol\u00a0<\/a><\/blockquote><iframe sandbox=\"allow-scripts\" security=\"restricted\" src=\"https:\/\/www.padreydecano.com\/cms\/noticias\/ramon-arias-no-seguira-en-penarol\/embed\/#?secret=FftY2IPT7I\" width=\"600\" height=\"338\" title=\"\u00abRam\u00f3n Arias no seguir\u00e1 en Pe\u00f1arol\u00a0\u00bb \u2014 Padre y Decano - El Sitio del Pueblo\" data-secret=\"FftY2IPT7I\" frameborder=\"0\" marginwidth=\"0\" marginheight=\"0\" scrolling=\"no\" class=\"wp-embedded-content\"><\/iframe><script type=\"text\/javascript\">\n\/* <![CDATA[ *\/\n\/*! This file is auto-generated *\/\n!function(d,l){\"use strict\";l.querySelector&&d.addEventListener&&\"undefined\"!=typeof URL&&(d.wp=d.wp||{},d.wp.receiveEmbedMessage||(d.wp.receiveEmbedMessage=function(e){var t=e.data;if((t||t.secret||t.message||t.value)&&!\/[^a-zA-Z0-9]\/.test(t.secret)){for(var s,r,n,a=l.querySelectorAll('iframe[data-secret=\"'+t.secret+'\"]'),o=l.querySelectorAll('blockquote[data-secret=\"'+t.secret+'\"]'),c=new RegExp(\"^https?:$\",\"i\"),i=0;i<o.length;i++)o[i].style.display=\"none\";for(i=0;i<a.length;i++)s=a[i],e.source===s.contentWindow&&(s.removeAttribute(\"style\"),\"height\"===t.message?(1e3<(r=parseInt(t.value,10))?r=1e3:~~r<200&&(r=200),s.height=r):\"link\"===t.message&&(r=new URL(s.getAttribute(\"src\")),n=new URL(t.value),c.test(n.protocol))&&n.host===r.host&&l.activeElement===s&&(d.top.location.href=t.value))}},d.addEventListener(\"message\",d.wp.receiveEmbedMessage,!1),l.addEventListener(\"DOMContentLoaded\",function(){for(var e,t,s=l.querySelectorAll(\"iframe.wp-embedded-content\"),r=0;r<s.length;r++)(t=(e=s[r]).getAttribute(\"data-secret\"))||(t=Math.random().toString(36).substring(2,12),e.src+=\"#?secret=\"+t,e.setAttribute(\"data-secret\",t)),e.contentWindow.postMessage({message:\"ready\",secret:t},\"*\")},!1)))}(window,document);\n\/* ]]> *\/\n<\/script>\n","thumbnail_url":"https:\/\/www.padreydecano.com\/cms\/wp-content\/uploads\/2022\/08\/Ramon-Cachila-Arias-1.jpg","thumbnail_width":1024,"thumbnail_height":678,"description":"El zaguero de 30 a\u00f1os continuar\u00e1 su carrera en el f\u00fatbol de Turqu\u00eda. Arias se despidi\u00f3 de sus compa\u00f1eros despu\u00e9s de la victoria ante Defensor en el Franzini. De los jugadores del plantel con m\u00e1s partidos en la temporada, importante con Larriera y titular en el primer partido bajo las \u00f3rdenes de Leo Ramos. En [&hellip;]"}

Ramón Arias no seguirá en Peñarol  - Padre y Decano - El Sitio del Pueblo

<blockquote class="wp-embedded-content" data-secret="FftY2IPT7I"><a href="https://www.padreydecano.com/cms/noticias/ramon-arias-no-seguira-en-penarol/">Ramón Arias no seguirá en Peñarol </a></blockquote><iframe sandbox="allow-scripts" security="restricted" src="https://www.padreydecano.com/cms/noticias/ramon-arias-no-seguira-en-penarol/embed/#?secret=FftY2IPT7I" width="600" height="338" title="«Ramón Arias no seguirá en Peñarol » — Padre y Decano - El Sitio del Pueblo" data-secret="FftY2IPT7I" frameborder="0" marginwidth="0" marginheight="0" scrolling="no" class="wp-embedded-content"></iframe><script type="text/javascript">
/* <![CDATA[ */
/*! This file is auto-generated */
!function(d,l){"use strict";l.querySelector&&d.addEventListener&&"undefined"!=typeof URL&&(d.wp=d.wp||{},d.wp.receiveEmbedMessage||(d.wp.receiveEmbedMessage=function(e){var t=e.data;if((t||t.secret||t.message||t.value)&&!/[^a-zA-Z0-9]/.test(t.secret)){for(var s,r,n,a=l.querySelectorAll('iframe[data-secret="'+t.secret+'"]'),o=l.querySelectorAll('blockquote[data-secret="'+t.secret+'"]'),c=new RegExp("^https?:$","i"),i=0;i<o.length;i++)o[i].style.display="none";for(i=0;i<a.length;i++)s=a[i],e.source===s.contentWindow&&(s.removeAttribute("style"),"height"===t.message?(1e3<(r=parseInt(t.value,10))?r=1e3:~~r<200&&(r=200),s.height=r):"link"===t.message&&(r=new URL(s.getAttribute("src")),n=new URL(t.value),c.test(n.protocol))&&n.host===r.host&&l.activeElement===s&&(d.top.location.href=t.value))}},d.addEventListener("message",d.wp.receiveEmbedMessage,!1),l.addEventListener("DOMContentLoaded",function(){for(var e,t,s=l.querySelectorAll("iframe.wp-embedded-content"),r=0;r<s.length;r++)(t=(e=s[r]).getAttribute("data-secret"))||(t=Math.random().toString(36).substring(2,12),e.src+="#?secret="+t,e.setAttribute("data-secret",t)),e.contentWindow.postMessage({message:"ready",secret:t},"*")},!1)))}(window,document);
/* ]]> */
</script>

El zaguero de 30 años continuará su carrera en el fútbol de Turquía. Arias se despidió de sus compañeros después de la victoria ante Defensor en el Franzini. De los jugadores del plantel con más partidos en la temporada, importante con Larriera y titular en el primer partido bajo las órdenes de Leo Ramos. En [&hellip;]
