{"version":"1.0","provider_name":"Padre y Decano - El Sitio del Pueblo","provider_url":"https:\/\/www.padreydecano.com\/cms","title":"Rachetti le retir\u00f3 la confianza a Osvaldo Gim\u00e9nez - Padre y Decano - El Sitio del Pueblo","type":"rich","width":600,"height":338,"html":"<blockquote class=\"wp-embedded-content\" data-secret=\"Mn7Mh9yT4N\"><a href=\"https:\/\/www.padreydecano.com\/cms\/noticias\/rachetti-le-retiro-la-confianza-a-osvaldo-gimenez\/\">Rachetti le retir\u00f3 la confianza a Osvaldo Gim\u00e9nez<\/a><\/blockquote><iframe sandbox=\"allow-scripts\" security=\"restricted\" src=\"https:\/\/www.padreydecano.com\/cms\/noticias\/rachetti-le-retiro-la-confianza-a-osvaldo-gimenez\/embed\/#?secret=Mn7Mh9yT4N\" width=\"600\" height=\"338\" title=\"\u00abRachetti le retir\u00f3 la confianza a Osvaldo Gim\u00e9nez\u00bb \u2014 Padre y Decano - El Sitio del Pueblo\" data-secret=\"Mn7Mh9yT4N\" frameborder=\"0\" marginwidth=\"0\" marginheight=\"0\" scrolling=\"no\" class=\"wp-embedded-content\"><\/iframe><script type=\"text\/javascript\">\n\/* <![CDATA[ *\/\n\/*! This file is auto-generated *\/\n!function(d,l){\"use strict\";l.querySelector&&d.addEventListener&&\"undefined\"!=typeof URL&&(d.wp=d.wp||{},d.wp.receiveEmbedMessage||(d.wp.receiveEmbedMessage=function(e){var t=e.data;if((t||t.secret||t.message||t.value)&&!\/[^a-zA-Z0-9]\/.test(t.secret)){for(var s,r,n,a=l.querySelectorAll('iframe[data-secret=\"'+t.secret+'\"]'),o=l.querySelectorAll('blockquote[data-secret=\"'+t.secret+'\"]'),c=new RegExp(\"^https?:$\",\"i\"),i=0;i<o.length;i++)o[i].style.display=\"none\";for(i=0;i<a.length;i++)s=a[i],e.source===s.contentWindow&&(s.removeAttribute(\"style\"),\"height\"===t.message?(1e3<(r=parseInt(t.value,10))?r=1e3:~~r<200&&(r=200),s.height=r):\"link\"===t.message&&(r=new URL(s.getAttribute(\"src\")),n=new URL(t.value),c.test(n.protocol))&&n.host===r.host&&l.activeElement===s&&(d.top.location.href=t.value))}},d.addEventListener(\"message\",d.wp.receiveEmbedMessage,!1),l.addEventListener(\"DOMContentLoaded\",function(){for(var e,t,s=l.querySelectorAll(\"iframe.wp-embedded-content\"),r=0;r<s.length;r++)(t=(e=s[r]).getAttribute(\"data-secret\"))||(t=Math.random().toString(36).substring(2,12),e.src+=\"#?secret=\"+t,e.setAttribute(\"data-secret\",t)),e.contentWindow.postMessage({message:\"ready\",secret:t},\"*\")},!1)))}(window,document);\n\/* ]]> *\/\n<\/script>\n","thumbnail_url":"https:\/\/www.padreydecano.com\/cms\/wp-content\/uploads\/2012\/09\/destacada_gimenez.jpg","thumbnail_width":"953","thumbnail_height":"537","description":"El prosecretario del Club Ricardo Rachetti mand\u00f3 un mail a los presentes en el Consejo Directivo comunicando que su movimiento Renovaci\u00f3n Aurinegra le quita el respaldo al gerente deportivo Osvaldo Gim\u00e9nez. El directivo lo confirm\u00f3 en el programa partidario \u00abF\u00fatbol\u00a0a lo Pe\u00f1arol\u00bb. El mail, enviado en medio del consejo directivo &#8211; al cual Rachetti no [&hellip;]"}

Rachetti le retiró la confianza a Osvaldo Giménez - Padre y Decano - El Sitio del Pueblo

<blockquote class="wp-embedded-content" data-secret="Mn7Mh9yT4N"><a href="https://www.padreydecano.com/cms/noticias/rachetti-le-retiro-la-confianza-a-osvaldo-gimenez/">Rachetti le retiró la confianza a Osvaldo Giménez</a></blockquote><iframe sandbox="allow-scripts" security="restricted" src="https://www.padreydecano.com/cms/noticias/rachetti-le-retiro-la-confianza-a-osvaldo-gimenez/embed/#?secret=Mn7Mh9yT4N" width="600" height="338" title="«Rachetti le retiró la confianza a Osvaldo Giménez» — Padre y Decano - El Sitio del Pueblo" data-secret="Mn7Mh9yT4N" frameborder="0" marginwidth="0" marginheight="0" scrolling="no" class="wp-embedded-content"></iframe><script type="text/javascript">
/* <![CDATA[ */
/*! This file is auto-generated */
!function(d,l){"use strict";l.querySelector&&d.addEventListener&&"undefined"!=typeof URL&&(d.wp=d.wp||{},d.wp.receiveEmbedMessage||(d.wp.receiveEmbedMessage=function(e){var t=e.data;if((t||t.secret||t.message||t.value)&&!/[^a-zA-Z0-9]/.test(t.secret)){for(var s,r,n,a=l.querySelectorAll('iframe[data-secret="'+t.secret+'"]'),o=l.querySelectorAll('blockquote[data-secret="'+t.secret+'"]'),c=new RegExp("^https?:$","i"),i=0;i<o.length;i++)o[i].style.display="none";for(i=0;i<a.length;i++)s=a[i],e.source===s.contentWindow&&(s.removeAttribute("style"),"height"===t.message?(1e3<(r=parseInt(t.value,10))?r=1e3:~~r<200&&(r=200),s.height=r):"link"===t.message&&(r=new URL(s.getAttribute("src")),n=new URL(t.value),c.test(n.protocol))&&n.host===r.host&&l.activeElement===s&&(d.top.location.href=t.value))}},d.addEventListener("message",d.wp.receiveEmbedMessage,!1),l.addEventListener("DOMContentLoaded",function(){for(var e,t,s=l.querySelectorAll("iframe.wp-embedded-content"),r=0;r<s.length;r++)(t=(e=s[r]).getAttribute("data-secret"))||(t=Math.random().toString(36).substring(2,12),e.src+="#?secret="+t,e.setAttribute("data-secret",t)),e.contentWindow.postMessage({message:"ready",secret:t},"*")},!1)))}(window,document);
/* ]]> */
</script>

El prosecretario del Club Ricardo Rachetti mandó un mail a los presentes en el Consejo Directivo comunicando que su movimiento Renovación Aurinegra le quita el respaldo al gerente deportivo Osvaldo Giménez. El directivo lo confirmó en el programa partidario «Fútbol a lo Peñarol». El mail, enviado en medio del consejo directivo &#8211; al cual Rachetti no [&hellip;]
