{"version":"1.0","provider_name":"Padre y Decano - El Sitio del Pueblo","provider_url":"https:\/\/www.padreydecano.com\/cms","title":"Primer enfrentamiento - Padre y Decano - El Sitio del Pueblo","type":"rich","width":600,"height":338,"html":"<blockquote class=\"wp-embedded-content\" data-secret=\"CahImIXR6N\"><a href=\"https:\/\/www.padreydecano.com\/cms\/noticias\/primer-enfrentamiento\/\">Primer enfrentamiento<\/a><\/blockquote><iframe sandbox=\"allow-scripts\" security=\"restricted\" src=\"https:\/\/www.padreydecano.com\/cms\/noticias\/primer-enfrentamiento\/embed\/#?secret=CahImIXR6N\" width=\"600\" height=\"338\" title=\"\u00abPrimer enfrentamiento\u00bb \u2014 Padre y Decano - El Sitio del Pueblo\" data-secret=\"CahImIXR6N\" frameborder=\"0\" marginwidth=\"0\" marginheight=\"0\" scrolling=\"no\" class=\"wp-embedded-content\"><\/iframe><script type=\"text\/javascript\">\n\/* <![CDATA[ *\/\n\/*! This file is auto-generated *\/\n!function(d,l){\"use strict\";l.querySelector&&d.addEventListener&&\"undefined\"!=typeof URL&&(d.wp=d.wp||{},d.wp.receiveEmbedMessage||(d.wp.receiveEmbedMessage=function(e){var t=e.data;if((t||t.secret||t.message||t.value)&&!\/[^a-zA-Z0-9]\/.test(t.secret)){for(var s,r,n,a=l.querySelectorAll('iframe[data-secret=\"'+t.secret+'\"]'),o=l.querySelectorAll('blockquote[data-secret=\"'+t.secret+'\"]'),c=new RegExp(\"^https?:$\",\"i\"),i=0;i<o.length;i++)o[i].style.display=\"none\";for(i=0;i<a.length;i++)s=a[i],e.source===s.contentWindow&&(s.removeAttribute(\"style\"),\"height\"===t.message?(1e3<(r=parseInt(t.value,10))?r=1e3:~~r<200&&(r=200),s.height=r):\"link\"===t.message&&(r=new URL(s.getAttribute(\"src\")),n=new URL(t.value),c.test(n.protocol))&&n.host===r.host&&l.activeElement===s&&(d.top.location.href=t.value))}},d.addEventListener(\"message\",d.wp.receiveEmbedMessage,!1),l.addEventListener(\"DOMContentLoaded\",function(){for(var e,t,s=l.querySelectorAll(\"iframe.wp-embedded-content\"),r=0;r<s.length;r++)(t=(e=s[r]).getAttribute(\"data-secret\"))||(t=Math.random().toString(36).substring(2,12),e.src+=\"#?secret=\"+t,e.setAttribute(\"data-secret\",t)),e.contentWindow.postMessage({message:\"ready\",secret:t},\"*\")},!1)))}(window,document);\n\/* ]]> *\/\n<\/script>\n","thumbnail_url":"https:\/\/www.padreydecano.com\/cms\/wp-content\/uploads\/2025\/04\/0f6645a6-1114-464f-93dc-b8f933bf908b.jpeg","thumbnail_width":2048,"thumbnail_height":1365,"description":"El decano del f\u00fatbol uruguayo enfrentar\u00e1 a San Antonio Bulo Bulo por la segunda fecha de la fase de grupos de la Copa Libertadores 2025. Conoc\u00e9 m\u00e1s del rival ac\u00e1. San Antonio es un equipo boliviano con sede en Entre R\u00edos a 265 kilometros de Cochabamba. Fue fundado en el 1962 pero reci\u00e9n en 2024 [&hellip;]"}

El decano del fútbol uruguayo enfrentará a San Antonio Bulo Bulo por la segunda fecha de la fase de grupos de la Copa Libertadores 2025. Conocé más del rival acá. San Antonio es un equipo boliviano con sede en Entre Ríos a 265 kilometros de Cochabamba. Fue fundado en el 1962 pero recién en 2024 [&hellip;]
