{"version":"1.0","provider_name":"Padre y Decano - El Sitio del Pueblo","provider_url":"https:\/\/www.padreydecano.com\/cms","title":"Per\u00edodo de pases: Invierno 2019 - Padre y Decano - El Sitio del Pueblo","type":"rich","width":600,"height":338,"html":"<blockquote class=\"wp-embedded-content\" data-secret=\"Uj9Z9MhZHX\"><a href=\"https:\/\/www.padreydecano.com\/cms\/noticias\/periodo-de-pases-invierno-2019\/\">Per\u00edodo de pases: Invierno 2019<\/a><\/blockquote><iframe sandbox=\"allow-scripts\" security=\"restricted\" src=\"https:\/\/www.padreydecano.com\/cms\/noticias\/periodo-de-pases-invierno-2019\/embed\/#?secret=Uj9Z9MhZHX\" width=\"600\" height=\"338\" title=\"\u00abPer\u00edodo de pases: Invierno 2019\u00bb \u2014 Padre y Decano - El Sitio del Pueblo\" data-secret=\"Uj9Z9MhZHX\" frameborder=\"0\" marginwidth=\"0\" marginheight=\"0\" scrolling=\"no\" class=\"wp-embedded-content\"><\/iframe><script type=\"text\/javascript\">\n\/* <![CDATA[ *\/\n\/*! This file is auto-generated *\/\n!function(d,l){\"use strict\";l.querySelector&&d.addEventListener&&\"undefined\"!=typeof URL&&(d.wp=d.wp||{},d.wp.receiveEmbedMessage||(d.wp.receiveEmbedMessage=function(e){var t=e.data;if((t||t.secret||t.message||t.value)&&!\/[^a-zA-Z0-9]\/.test(t.secret)){for(var s,r,n,a=l.querySelectorAll('iframe[data-secret=\"'+t.secret+'\"]'),o=l.querySelectorAll('blockquote[data-secret=\"'+t.secret+'\"]'),c=new RegExp(\"^https?:$\",\"i\"),i=0;i<o.length;i++)o[i].style.display=\"none\";for(i=0;i<a.length;i++)s=a[i],e.source===s.contentWindow&&(s.removeAttribute(\"style\"),\"height\"===t.message?(1e3<(r=parseInt(t.value,10))?r=1e3:~~r<200&&(r=200),s.height=r):\"link\"===t.message&&(r=new URL(s.getAttribute(\"src\")),n=new URL(t.value),c.test(n.protocol))&&n.host===r.host&&l.activeElement===s&&(d.top.location.href=t.value))}},d.addEventListener(\"message\",d.wp.receiveEmbedMessage,!1),l.addEventListener(\"DOMContentLoaded\",function(){for(var e,t,s=l.querySelectorAll(\"iframe.wp-embedded-content\"),r=0;r<s.length;r++)(t=(e=s[r]).getAttribute(\"data-secret\"))||(t=Math.random().toString(36).substring(2,12),e.src+=\"#?secret=\"+t,e.setAttribute(\"data-secret\",t)),e.contentWindow.postMessage({message:\"ready\",secret:t},\"*\")},!1)))}(window,document);\n\/* ]]> *\/\n<\/script>\n","thumbnail_url":"https:\/\/www.padreydecano.com\/cms\/wp-content\/uploads\/2014\/02\/tio-sanchez.jpg","thumbnail_width":800,"thumbnail_height":530,"description":"El per\u00edodo para incorporar jugadores cierra en la jornada de hoy, y todo parece indicar que no habr\u00e1 sorpresas de \u00faltima hora. En los \u00faltimos d\u00edas se manejaron los nombres de David Terans (volante de Atl\u00e9tico Mineiro), \u00c1ngelo Henriquez (delantero de Universidad de Chile) y Nicol\u00e1s Blandi (delantero de San Lorenzo), pero fueron descartados por [&hellip;]"}

Período de pases: Invierno 2019 - Padre y Decano - El Sitio del Pueblo

<blockquote class="wp-embedded-content" data-secret="Uj9Z9MhZHX"><a href="https://www.padreydecano.com/cms/noticias/periodo-de-pases-invierno-2019/">Período de pases: Invierno 2019</a></blockquote><iframe sandbox="allow-scripts" security="restricted" src="https://www.padreydecano.com/cms/noticias/periodo-de-pases-invierno-2019/embed/#?secret=Uj9Z9MhZHX" width="600" height="338" title="«Período de pases: Invierno 2019» — Padre y Decano - El Sitio del Pueblo" data-secret="Uj9Z9MhZHX" frameborder="0" marginwidth="0" marginheight="0" scrolling="no" class="wp-embedded-content"></iframe><script type="text/javascript">
/* <![CDATA[ */
/*! This file is auto-generated */
!function(d,l){"use strict";l.querySelector&&d.addEventListener&&"undefined"!=typeof URL&&(d.wp=d.wp||{},d.wp.receiveEmbedMessage||(d.wp.receiveEmbedMessage=function(e){var t=e.data;if((t||t.secret||t.message||t.value)&&!/[^a-zA-Z0-9]/.test(t.secret)){for(var s,r,n,a=l.querySelectorAll('iframe[data-secret="'+t.secret+'"]'),o=l.querySelectorAll('blockquote[data-secret="'+t.secret+'"]'),c=new RegExp("^https?:$","i"),i=0;i<o.length;i++)o[i].style.display="none";for(i=0;i<a.length;i++)s=a[i],e.source===s.contentWindow&&(s.removeAttribute("style"),"height"===t.message?(1e3<(r=parseInt(t.value,10))?r=1e3:~~r<200&&(r=200),s.height=r):"link"===t.message&&(r=new URL(s.getAttribute("src")),n=new URL(t.value),c.test(n.protocol))&&n.host===r.host&&l.activeElement===s&&(d.top.location.href=t.value))}},d.addEventListener("message",d.wp.receiveEmbedMessage,!1),l.addEventListener("DOMContentLoaded",function(){for(var e,t,s=l.querySelectorAll("iframe.wp-embedded-content"),r=0;r<s.length;r++)(t=(e=s[r]).getAttribute("data-secret"))||(t=Math.random().toString(36).substring(2,12),e.src+="#?secret="+t,e.setAttribute("data-secret",t)),e.contentWindow.postMessage({message:"ready",secret:t},"*")},!1)))}(window,document);
/* ]]> */
</script>

El período para incorporar jugadores cierra en la jornada de hoy, y todo parece indicar que no habrá sorpresas de última hora. En los últimos días se manejaron los nombres de David Terans (volante de Atlético Mineiro), Ángelo Henriquez (delantero de Universidad de Chile) y Nicolás Blandi (delantero de San Lorenzo), pero fueron descartados por [&hellip;]
