{"version":"1.0","provider_name":"Padre y Decano - El Sitio del Pueblo","provider_url":"https:\/\/www.padreydecano.com\/cms","title":"Pe\u00f1arol presente en el #SportBizLatam - Padre y Decano - El Sitio del Pueblo","type":"rich","width":600,"height":338,"html":"<blockquote class=\"wp-embedded-content\" data-secret=\"071Yc3Crqa\"><a href=\"https:\/\/www.padreydecano.com\/cms\/noticias\/penarol-presente-en-el-sportbizlatam\/\">Pe\u00f1arol presente en el #SportBizLatam<\/a><\/blockquote><iframe sandbox=\"allow-scripts\" security=\"restricted\" src=\"https:\/\/www.padreydecano.com\/cms\/noticias\/penarol-presente-en-el-sportbizlatam\/embed\/#?secret=071Yc3Crqa\" width=\"600\" height=\"338\" title=\"\u00abPe\u00f1arol presente en el #SportBizLatam\u00bb \u2014 Padre y Decano - El Sitio del Pueblo\" data-secret=\"071Yc3Crqa\" frameborder=\"0\" marginwidth=\"0\" marginheight=\"0\" scrolling=\"no\" class=\"wp-embedded-content\"><\/iframe><script type=\"text\/javascript\">\n\/* <![CDATA[ *\/\n\/*! This file is auto-generated *\/\n!function(d,l){\"use strict\";l.querySelector&&d.addEventListener&&\"undefined\"!=typeof URL&&(d.wp=d.wp||{},d.wp.receiveEmbedMessage||(d.wp.receiveEmbedMessage=function(e){var t=e.data;if((t||t.secret||t.message||t.value)&&!\/[^a-zA-Z0-9]\/.test(t.secret)){for(var s,r,n,a=l.querySelectorAll('iframe[data-secret=\"'+t.secret+'\"]'),o=l.querySelectorAll('blockquote[data-secret=\"'+t.secret+'\"]'),c=new RegExp(\"^https?:$\",\"i\"),i=0;i<o.length;i++)o[i].style.display=\"none\";for(i=0;i<a.length;i++)s=a[i],e.source===s.contentWindow&&(s.removeAttribute(\"style\"),\"height\"===t.message?(1e3<(r=parseInt(t.value,10))?r=1e3:~~r<200&&(r=200),s.height=r):\"link\"===t.message&&(r=new URL(s.getAttribute(\"src\")),n=new URL(t.value),c.test(n.protocol))&&n.host===r.host&&l.activeElement===s&&(d.top.location.href=t.value))}},d.addEventListener(\"message\",d.wp.receiveEmbedMessage,!1),l.addEventListener(\"DOMContentLoaded\",function(){for(var e,t,s=l.querySelectorAll(\"iframe.wp-embedded-content\"),r=0;r<s.length;r++)(t=(e=s[r]).getAttribute(\"data-secret\"))||(t=Math.random().toString(36).substring(2,12),e.src+=\"#?secret=\"+t,e.setAttribute(\"data-secret\",t)),e.contentWindow.postMessage({message:\"ready\",secret:t},\"*\")},!1)))}(window,document);\n\/* ]]> *\/\n<\/script>\n","description":"Desde el viernes 8 de julio y hasta el domingo 10 inclusive, se desarrollar\u00e1 la 3ra edici\u00f3n de la Expo F\u00fatbol en el LATU. La misma contar\u00e1 con la presencia del stand del 50 veces campe\u00f3n uruguayo, as\u00ed como tambi\u00e9n de otros clubes menores: tal es el caso de Plaza Colonia, Wanderers y Nacional. Adem\u00e1s, [&hellip;]","thumbnail_url":"http:\/\/www.padreydecano.com\/cms\/wp-content\/uploads\/2016\/07\/SPORTBIZLATAM.jpg"}

Peñarol presente en el #SportBizLatam - Padre y Decano - El Sitio del Pueblo

<blockquote class="wp-embedded-content" data-secret="071Yc3Crqa"><a href="https://www.padreydecano.com/cms/noticias/penarol-presente-en-el-sportbizlatam/">Peñarol presente en el #SportBizLatam</a></blockquote><iframe sandbox="allow-scripts" security="restricted" src="https://www.padreydecano.com/cms/noticias/penarol-presente-en-el-sportbizlatam/embed/#?secret=071Yc3Crqa" width="600" height="338" title="«Peñarol presente en el #SportBizLatam» — Padre y Decano - El Sitio del Pueblo" data-secret="071Yc3Crqa" frameborder="0" marginwidth="0" marginheight="0" scrolling="no" class="wp-embedded-content"></iframe><script type="text/javascript">
/* <![CDATA[ */
/*! This file is auto-generated */
!function(d,l){"use strict";l.querySelector&&d.addEventListener&&"undefined"!=typeof URL&&(d.wp=d.wp||{},d.wp.receiveEmbedMessage||(d.wp.receiveEmbedMessage=function(e){var t=e.data;if((t||t.secret||t.message||t.value)&&!/[^a-zA-Z0-9]/.test(t.secret)){for(var s,r,n,a=l.querySelectorAll('iframe[data-secret="'+t.secret+'"]'),o=l.querySelectorAll('blockquote[data-secret="'+t.secret+'"]'),c=new RegExp("^https?:$","i"),i=0;i<o.length;i++)o[i].style.display="none";for(i=0;i<a.length;i++)s=a[i],e.source===s.contentWindow&&(s.removeAttribute("style"),"height"===t.message?(1e3<(r=parseInt(t.value,10))?r=1e3:~~r<200&&(r=200),s.height=r):"link"===t.message&&(r=new URL(s.getAttribute("src")),n=new URL(t.value),c.test(n.protocol))&&n.host===r.host&&l.activeElement===s&&(d.top.location.href=t.value))}},d.addEventListener("message",d.wp.receiveEmbedMessage,!1),l.addEventListener("DOMContentLoaded",function(){for(var e,t,s=l.querySelectorAll("iframe.wp-embedded-content"),r=0;r<s.length;r++)(t=(e=s[r]).getAttribute("data-secret"))||(t=Math.random().toString(36).substring(2,12),e.src+="#?secret="+t,e.setAttribute("data-secret",t)),e.contentWindow.postMessage({message:"ready",secret:t},"*")},!1)))}(window,document);
/* ]]> */
</script>

Desde el viernes 8 de julio y hasta el domingo 10 inclusive, se desarrollará la 3ra edición de la Expo Fútbol en el LATU. La misma contará con la presencia del stand del 50 veces campeón uruguayo, así como también de otros clubes menores: tal es el caso de Plaza Colonia, Wanderers y Nacional. Además, [&hellip;]
