{"version":"1.0","provider_name":"Padre y Decano - El Sitio del Pueblo","provider_url":"https:\/\/www.padreydecano.com\/cms","title":"No hay excusa - Padre y Decano - El Sitio del Pueblo","type":"rich","width":600,"height":338,"html":"<blockquote class=\"wp-embedded-content\" data-secret=\"s71ICtqYny\"><a href=\"https:\/\/www.padreydecano.com\/cms\/noticias\/no-hay-excusa\/\">No hay excusa<\/a><\/blockquote><iframe sandbox=\"allow-scripts\" security=\"restricted\" src=\"https:\/\/www.padreydecano.com\/cms\/noticias\/no-hay-excusa\/embed\/#?secret=s71ICtqYny\" width=\"600\" height=\"338\" title=\"\u00abNo hay excusa\u00bb \u2014 Padre y Decano - El Sitio del Pueblo\" data-secret=\"s71ICtqYny\" frameborder=\"0\" marginwidth=\"0\" marginheight=\"0\" scrolling=\"no\" class=\"wp-embedded-content\"><\/iframe><script type=\"text\/javascript\">\n\/* <![CDATA[ *\/\n\/*! This file is auto-generated *\/\n!function(d,l){\"use strict\";l.querySelector&&d.addEventListener&&\"undefined\"!=typeof URL&&(d.wp=d.wp||{},d.wp.receiveEmbedMessage||(d.wp.receiveEmbedMessage=function(e){var t=e.data;if((t||t.secret||t.message||t.value)&&!\/[^a-zA-Z0-9]\/.test(t.secret)){for(var s,r,n,a=l.querySelectorAll('iframe[data-secret=\"'+t.secret+'\"]'),o=l.querySelectorAll('blockquote[data-secret=\"'+t.secret+'\"]'),c=new RegExp(\"^https?:$\",\"i\"),i=0;i<o.length;i++)o[i].style.display=\"none\";for(i=0;i<a.length;i++)s=a[i],e.source===s.contentWindow&&(s.removeAttribute(\"style\"),\"height\"===t.message?(1e3<(r=parseInt(t.value,10))?r=1e3:~~r<200&&(r=200),s.height=r):\"link\"===t.message&&(r=new URL(s.getAttribute(\"src\")),n=new URL(t.value),c.test(n.protocol))&&n.host===r.host&&l.activeElement===s&&(d.top.location.href=t.value))}},d.addEventListener(\"message\",d.wp.receiveEmbedMessage,!1),l.addEventListener(\"DOMContentLoaded\",function(){for(var e,t,s=l.querySelectorAll(\"iframe.wp-embedded-content\"),r=0;r<s.length;r++)(t=(e=s[r]).getAttribute(\"data-secret\"))||(t=Math.random().toString(36).substring(2,12),e.src+=\"#?secret=\"+t,e.setAttribute(\"data-secret\",t)),e.contentWindow.postMessage({message:\"ready\",secret:t},\"*\")},!1)))}(window,document);\n\/* ]]> *\/\n<\/script>\n","thumbnail_url":"https:\/\/www.padreydecano.com\/cms\/wp-content\/uploads\/2021\/10\/C7C00AE9-262D-4324-9BFC-26A67E241CF1.jpeg","thumbnail_width":2048,"thumbnail_height":1366,"description":"Pe\u00f1arol recibir\u00e1 el pr\u00f3ximo domingo a Nacional por la novena fecha del Torneo Clausura. En una nueva edici\u00f3n del cl\u00e1sico, el Carbonero buscar\u00e1 afirmarse como l\u00edder en ambas tablas de posiciones. El partido est\u00e1 programado para las 16:00 HS, en el Estadio Campe\u00f3n del Siglo y ser\u00e1 televisado por VTV. Equipo probable Kevin Dawson; Giovanni [&hellip;]"}

Peñarol recibirá el próximo domingo a Nacional por la novena fecha del Torneo Clausura. En una nueva edición del clásico, el Carbonero buscará afirmarse como líder en ambas tablas de posiciones. El partido está programado para las 16:00 HS, en el Estadio Campeón del Siglo y será televisado por VTV. Equipo probable Kevin Dawson; Giovanni [&hellip;]
