{"version":"1.0","provider_name":"Padre y Decano - El Sitio del Pueblo","provider_url":"https:\/\/www.padreydecano.com\/cms","title":"Nicol\u00e1s Garc\u00eda jugar\u00e1 en Cerro Largo - Padre y Decano - El Sitio del Pueblo","type":"rich","width":600,"height":338,"html":"<blockquote class=\"wp-embedded-content\" data-secret=\"eQmTZxPjnL\"><a href=\"https:\/\/www.padreydecano.com\/cms\/noticias\/nicolas-garcia-jugara-en-cerro-largo\/\">Nicol\u00e1s Garc\u00eda jugar\u00e1 en Cerro Largo<\/a><\/blockquote><iframe sandbox=\"allow-scripts\" security=\"restricted\" src=\"https:\/\/www.padreydecano.com\/cms\/noticias\/nicolas-garcia-jugara-en-cerro-largo\/embed\/#?secret=eQmTZxPjnL\" width=\"600\" height=\"338\" title=\"\u00abNicol\u00e1s Garc\u00eda jugar\u00e1 en Cerro Largo\u00bb \u2014 Padre y Decano - El Sitio del Pueblo\" data-secret=\"eQmTZxPjnL\" frameborder=\"0\" marginwidth=\"0\" marginheight=\"0\" scrolling=\"no\" class=\"wp-embedded-content\"><\/iframe><script type=\"text\/javascript\">\n\/* <![CDATA[ *\/\n\/*! This file is auto-generated *\/\n!function(d,l){\"use strict\";l.querySelector&&d.addEventListener&&\"undefined\"!=typeof URL&&(d.wp=d.wp||{},d.wp.receiveEmbedMessage||(d.wp.receiveEmbedMessage=function(e){var t=e.data;if((t||t.secret||t.message||t.value)&&!\/[^a-zA-Z0-9]\/.test(t.secret)){for(var s,r,n,a=l.querySelectorAll('iframe[data-secret=\"'+t.secret+'\"]'),o=l.querySelectorAll('blockquote[data-secret=\"'+t.secret+'\"]'),c=new RegExp(\"^https?:$\",\"i\"),i=0;i<o.length;i++)o[i].style.display=\"none\";for(i=0;i<a.length;i++)s=a[i],e.source===s.contentWindow&&(s.removeAttribute(\"style\"),\"height\"===t.message?(1e3<(r=parseInt(t.value,10))?r=1e3:~~r<200&&(r=200),s.height=r):\"link\"===t.message&&(r=new URL(s.getAttribute(\"src\")),n=new URL(t.value),c.test(n.protocol))&&n.host===r.host&&l.activeElement===s&&(d.top.location.href=t.value))}},d.addEventListener(\"message\",d.wp.receiveEmbedMessage,!1),l.addEventListener(\"DOMContentLoaded\",function(){for(var e,t,s=l.querySelectorAll(\"iframe.wp-embedded-content\"),r=0;r<s.length;r++)(t=(e=s[r]).getAttribute(\"data-secret\"))||(t=Math.random().toString(36).substring(2,12),e.src+=\"#?secret=\"+t,e.setAttribute(\"data-secret\",t)),e.contentWindow.postMessage({message:\"ready\",secret:t},\"*\")},!1)))}(window,document);\n\/* ]]> *\/\n<\/script>\n","thumbnail_url":"https:\/\/www.padreydecano.com\/cms\/wp-content\/uploads\/2022\/02\/73B75D31-7070-4CB2-A3C4-9CB3AA8DD6DA.jpeg","thumbnail_width":1000,"thumbnail_height":662,"description":"El delantero de 21 a\u00f1os jugar\u00e1 cedido en el club arach\u00e1n en busca de minutos y de poder crecer en primera divisi\u00f3n. De los m\u00e1ximos goleadores de formativas del aurinegro, con 111 anotaciones en las juveniles. Fue parte del primer equipo del decano en 2021 pero sin disputar una cantidad considerable de minutos. En total [&hellip;]"}

Nicolás García jugará en Cerro Largo - Padre y Decano - El Sitio del Pueblo

<blockquote class="wp-embedded-content" data-secret="eQmTZxPjnL"><a href="https://www.padreydecano.com/cms/noticias/nicolas-garcia-jugara-en-cerro-largo/">Nicolás García jugará en Cerro Largo</a></blockquote><iframe sandbox="allow-scripts" security="restricted" src="https://www.padreydecano.com/cms/noticias/nicolas-garcia-jugara-en-cerro-largo/embed/#?secret=eQmTZxPjnL" width="600" height="338" title="«Nicolás García jugará en Cerro Largo» — Padre y Decano - El Sitio del Pueblo" data-secret="eQmTZxPjnL" frameborder="0" marginwidth="0" marginheight="0" scrolling="no" class="wp-embedded-content"></iframe><script type="text/javascript">
/* <![CDATA[ */
/*! This file is auto-generated */
!function(d,l){"use strict";l.querySelector&&d.addEventListener&&"undefined"!=typeof URL&&(d.wp=d.wp||{},d.wp.receiveEmbedMessage||(d.wp.receiveEmbedMessage=function(e){var t=e.data;if((t||t.secret||t.message||t.value)&&!/[^a-zA-Z0-9]/.test(t.secret)){for(var s,r,n,a=l.querySelectorAll('iframe[data-secret="'+t.secret+'"]'),o=l.querySelectorAll('blockquote[data-secret="'+t.secret+'"]'),c=new RegExp("^https?:$","i"),i=0;i<o.length;i++)o[i].style.display="none";for(i=0;i<a.length;i++)s=a[i],e.source===s.contentWindow&&(s.removeAttribute("style"),"height"===t.message?(1e3<(r=parseInt(t.value,10))?r=1e3:~~r<200&&(r=200),s.height=r):"link"===t.message&&(r=new URL(s.getAttribute("src")),n=new URL(t.value),c.test(n.protocol))&&n.host===r.host&&l.activeElement===s&&(d.top.location.href=t.value))}},d.addEventListener("message",d.wp.receiveEmbedMessage,!1),l.addEventListener("DOMContentLoaded",function(){for(var e,t,s=l.querySelectorAll("iframe.wp-embedded-content"),r=0;r<s.length;r++)(t=(e=s[r]).getAttribute("data-secret"))||(t=Math.random().toString(36).substring(2,12),e.src+="#?secret="+t,e.setAttribute("data-secret",t)),e.contentWindow.postMessage({message:"ready",secret:t},"*")},!1)))}(window,document);
/* ]]> */
</script>

El delantero de 21 años jugará cedido en el club arachán en busca de minutos y de poder crecer en primera división. De los máximos goleadores de formativas del aurinegro, con 111 anotaciones en las juveniles. Fue parte del primer equipo del decano en 2021 pero sin disputar una cantidad considerable de minutos. En total [&hellip;]
