{"version":"1.0","provider_name":"Padre y Decano - El Sitio del Pueblo","provider_url":"https:\/\/www.padreydecano.com\/cms","title":"Llega pero en duda - Padre y Decano - El Sitio del Pueblo","type":"rich","width":600,"height":338,"html":"<blockquote class=\"wp-embedded-content\" data-secret=\"c6Phpeb9lI\"><a href=\"https:\/\/www.padreydecano.com\/cms\/noticias\/llega-pero-en-duda\/\">Llega pero en duda<\/a><\/blockquote><iframe sandbox=\"allow-scripts\" security=\"restricted\" src=\"https:\/\/www.padreydecano.com\/cms\/noticias\/llega-pero-en-duda\/embed\/#?secret=c6Phpeb9lI\" width=\"600\" height=\"338\" title=\"\u00abLlega pero en duda\u00bb \u2014 Padre y Decano - El Sitio del Pueblo\" data-secret=\"c6Phpeb9lI\" frameborder=\"0\" marginwidth=\"0\" marginheight=\"0\" scrolling=\"no\" class=\"wp-embedded-content\"><\/iframe><script type=\"text\/javascript\">\n\/* <![CDATA[ *\/\n\/*! This file is auto-generated *\/\n!function(d,l){\"use strict\";l.querySelector&&d.addEventListener&&\"undefined\"!=typeof URL&&(d.wp=d.wp||{},d.wp.receiveEmbedMessage||(d.wp.receiveEmbedMessage=function(e){var t=e.data;if((t||t.secret||t.message||t.value)&&!\/[^a-zA-Z0-9]\/.test(t.secret)){for(var s,r,n,a=l.querySelectorAll('iframe[data-secret=\"'+t.secret+'\"]'),o=l.querySelectorAll('blockquote[data-secret=\"'+t.secret+'\"]'),c=new RegExp(\"^https?:$\",\"i\"),i=0;i<o.length;i++)o[i].style.display=\"none\";for(i=0;i<a.length;i++)s=a[i],e.source===s.contentWindow&&(s.removeAttribute(\"style\"),\"height\"===t.message?(1e3<(r=parseInt(t.value,10))?r=1e3:~~r<200&&(r=200),s.height=r):\"link\"===t.message&&(r=new URL(s.getAttribute(\"src\")),n=new URL(t.value),c.test(n.protocol))&&n.host===r.host&&l.activeElement===s&&(d.top.location.href=t.value))}},d.addEventListener(\"message\",d.wp.receiveEmbedMessage,!1),l.addEventListener(\"DOMContentLoaded\",function(){for(var e,t,s=l.querySelectorAll(\"iframe.wp-embedded-content\"),r=0;r<s.length;r++)(t=(e=s[r]).getAttribute(\"data-secret\"))||(t=Math.random().toString(36).substring(2,12),e.src+=\"#?secret=\"+t,e.setAttribute(\"data-secret\",t)),e.contentWindow.postMessage({message:\"ready\",secret:t},\"*\")},!1)))}(window,document);\n\/* ]]> *\/\n<\/script>\n","thumbnail_url":"https:\/\/www.padreydecano.com\/cms\/wp-content\/uploads\/2019\/08\/IMG-20190812-WA0015.jpg","thumbnail_width":1599,"thumbnail_height":1066,"description":"Walter Gargano tuvo que realizar un viaje por motivos personales a M\u00e9xico, lo que origin\u00f3 que no entrene en la semana previa al partido frente River Plate. Es duda para el encuentro. Seg\u00fan indican desde la dirigencia se encontraban enterados del viaje hace tiempo, al parecer era impostergable para el jugador, que por motivos personales [&hellip;]"}

Walter Gargano tuvo que realizar un viaje por motivos personales a México, lo que originó que no entrene en la semana previa al partido frente River Plate. Es duda para el encuentro. Según indican desde la dirigencia se encontraban enterados del viaje hace tiempo, al parecer era impostergable para el jugador, que por motivos personales [&hellip;]
