{"version":"1.0","provider_name":"Padre y Decano - El Sitio del Pueblo","provider_url":"https:\/\/www.padreydecano.com\/cms","title":"La tradicional peregrinaci\u00f3n al Barrio Pe\u00f1arol - Padre y Decano - El Sitio del Pueblo","type":"rich","width":600,"height":338,"html":"<blockquote class=\"wp-embedded-content\" data-secret=\"Y8GsptZzBm\"><a href=\"https:\/\/www.padreydecano.com\/cms\/noticias\/la-tradicional-peregrinacion-al-barrio-penarol\/\">La tradicional peregrinaci\u00f3n al Barrio Pe\u00f1arol<\/a><\/blockquote><iframe sandbox=\"allow-scripts\" security=\"restricted\" src=\"https:\/\/www.padreydecano.com\/cms\/noticias\/la-tradicional-peregrinacion-al-barrio-penarol\/embed\/#?secret=Y8GsptZzBm\" width=\"600\" height=\"338\" title=\"\u00abLa tradicional peregrinaci\u00f3n al Barrio Pe\u00f1arol\u00bb \u2014 Padre y Decano - El Sitio del Pueblo\" data-secret=\"Y8GsptZzBm\" frameborder=\"0\" marginwidth=\"0\" marginheight=\"0\" scrolling=\"no\" class=\"wp-embedded-content\"><\/iframe><script type=\"text\/javascript\">\n\/* <![CDATA[ *\/\n\/*! This file is auto-generated *\/\n!function(d,l){\"use strict\";l.querySelector&&d.addEventListener&&\"undefined\"!=typeof URL&&(d.wp=d.wp||{},d.wp.receiveEmbedMessage||(d.wp.receiveEmbedMessage=function(e){var t=e.data;if((t||t.secret||t.message||t.value)&&!\/[^a-zA-Z0-9]\/.test(t.secret)){for(var s,r,n,a=l.querySelectorAll('iframe[data-secret=\"'+t.secret+'\"]'),o=l.querySelectorAll('blockquote[data-secret=\"'+t.secret+'\"]'),c=new RegExp(\"^https?:$\",\"i\"),i=0;i<o.length;i++)o[i].style.display=\"none\";for(i=0;i<a.length;i++)s=a[i],e.source===s.contentWindow&&(s.removeAttribute(\"style\"),\"height\"===t.message?(1e3<(r=parseInt(t.value,10))?r=1e3:~~r<200&&(r=200),s.height=r):\"link\"===t.message&&(r=new URL(s.getAttribute(\"src\")),n=new URL(t.value),c.test(n.protocol))&&n.host===r.host&&l.activeElement===s&&(d.top.location.href=t.value))}},d.addEventListener(\"message\",d.wp.receiveEmbedMessage,!1),l.addEventListener(\"DOMContentLoaded\",function(){for(var e,t,s=l.querySelectorAll(\"iframe.wp-embedded-content\"),r=0;r<s.length;r++)(t=(e=s[r]).getAttribute(\"data-secret\"))||(t=Math.random().toString(36).substring(2,12),e.src+=\"#?secret=\"+t,e.setAttribute(\"data-secret\",t)),e.contentWindow.postMessage({message:\"ready\",secret:t},\"*\")},!1)))}(window,document);\n\/* ]]> *\/\n<\/script>\n","thumbnail_url":"https:\/\/www.padreydecano.com\/cms\/wp-content\/uploads\/2017\/09\/fernando-morena-aniversario.jpg","thumbnail_width":1600,"thumbnail_height":900,"description":"&nbsp; En el aniversario 126 del club, los hinchas mirasoles disfrutaron del tradicional paseo en ferrocarril desde la estaci\u00f3n de AFE hasta el Barrio Pe\u00f1arol. El \u00eddolo aurinegro Fernando Morena particip\u00f3 de la actividad en la que tambi\u00e9n estuvieron presentes dirigentes aurinegros.\u00a0Antes de partir, la \u00abLa batuca Peque\u00f1o R\u00edo\u00bb le dedic\u00f3 el famoso tema \u00abMorena [&hellip;]"}

La tradicional peregrinación al Barrio Peñarol - Padre y Decano - El Sitio del Pueblo

<blockquote class="wp-embedded-content" data-secret="Y8GsptZzBm"><a href="https://www.padreydecano.com/cms/noticias/la-tradicional-peregrinacion-al-barrio-penarol/">La tradicional peregrinación al Barrio Peñarol</a></blockquote><iframe sandbox="allow-scripts" security="restricted" src="https://www.padreydecano.com/cms/noticias/la-tradicional-peregrinacion-al-barrio-penarol/embed/#?secret=Y8GsptZzBm" width="600" height="338" title="«La tradicional peregrinación al Barrio Peñarol» — Padre y Decano - El Sitio del Pueblo" data-secret="Y8GsptZzBm" frameborder="0" marginwidth="0" marginheight="0" scrolling="no" class="wp-embedded-content"></iframe><script type="text/javascript">
/* <![CDATA[ */
/*! This file is auto-generated */
!function(d,l){"use strict";l.querySelector&&d.addEventListener&&"undefined"!=typeof URL&&(d.wp=d.wp||{},d.wp.receiveEmbedMessage||(d.wp.receiveEmbedMessage=function(e){var t=e.data;if((t||t.secret||t.message||t.value)&&!/[^a-zA-Z0-9]/.test(t.secret)){for(var s,r,n,a=l.querySelectorAll('iframe[data-secret="'+t.secret+'"]'),o=l.querySelectorAll('blockquote[data-secret="'+t.secret+'"]'),c=new RegExp("^https?:$","i"),i=0;i<o.length;i++)o[i].style.display="none";for(i=0;i<a.length;i++)s=a[i],e.source===s.contentWindow&&(s.removeAttribute("style"),"height"===t.message?(1e3<(r=parseInt(t.value,10))?r=1e3:~~r<200&&(r=200),s.height=r):"link"===t.message&&(r=new URL(s.getAttribute("src")),n=new URL(t.value),c.test(n.protocol))&&n.host===r.host&&l.activeElement===s&&(d.top.location.href=t.value))}},d.addEventListener("message",d.wp.receiveEmbedMessage,!1),l.addEventListener("DOMContentLoaded",function(){for(var e,t,s=l.querySelectorAll("iframe.wp-embedded-content"),r=0;r<s.length;r++)(t=(e=s[r]).getAttribute("data-secret"))||(t=Math.random().toString(36).substring(2,12),e.src+="#?secret="+t,e.setAttribute("data-secret",t)),e.contentWindow.postMessage({message:"ready",secret:t},"*")},!1)))}(window,document);
/* ]]> */
</script>

&nbsp; En el aniversario 126 del club, los hinchas mirasoles disfrutaron del tradicional paseo en ferrocarril desde la estación de AFE hasta el Barrio Peñarol. El ídolo aurinegro Fernando Morena participó de la actividad en la que también estuvieron presentes dirigentes aurinegros. Antes de partir, la «La batuca Pequeño Río» le dedicó el famoso tema «Morena [&hellip;]
