{"version":"1.0","provider_name":"Padre y Decano - El Sitio del Pueblo","provider_url":"https:\/\/www.padreydecano.com\/cms","title":"Guruceaga a la Selecci\u00f3n y Frascarelli a Jardines - Padre y Decano - El Sitio del Pueblo","type":"rich","width":600,"height":338,"html":"<blockquote class=\"wp-embedded-content\" data-secret=\"r2xnfkMlVk\"><a href=\"https:\/\/www.padreydecano.com\/cms\/noticias\/guruceaga-a-la-seleccion-y-frascarelli-a-jardines\/\">Guruceaga a la Selecci\u00f3n y Frascarelli a Jardines<\/a><\/blockquote><iframe sandbox=\"allow-scripts\" security=\"restricted\" src=\"https:\/\/www.padreydecano.com\/cms\/noticias\/guruceaga-a-la-seleccion-y-frascarelli-a-jardines\/embed\/#?secret=r2xnfkMlVk\" width=\"600\" height=\"338\" title=\"\u00abGuruceaga a la Selecci\u00f3n y Frascarelli a Jardines\u00bb \u2014 Padre y Decano - El Sitio del Pueblo\" data-secret=\"r2xnfkMlVk\" frameborder=\"0\" marginwidth=\"0\" marginheight=\"0\" scrolling=\"no\" class=\"wp-embedded-content\"><\/iframe><script type=\"text\/javascript\">\n\/* <![CDATA[ *\/\n\/*! This file is auto-generated *\/\n!function(d,l){\"use strict\";l.querySelector&&d.addEventListener&&\"undefined\"!=typeof URL&&(d.wp=d.wp||{},d.wp.receiveEmbedMessage||(d.wp.receiveEmbedMessage=function(e){var t=e.data;if((t||t.secret||t.message||t.value)&&!\/[^a-zA-Z0-9]\/.test(t.secret)){for(var s,r,n,a=l.querySelectorAll('iframe[data-secret=\"'+t.secret+'\"]'),o=l.querySelectorAll('blockquote[data-secret=\"'+t.secret+'\"]'),c=new RegExp(\"^https?:$\",\"i\"),i=0;i<o.length;i++)o[i].style.display=\"none\";for(i=0;i<a.length;i++)s=a[i],e.source===s.contentWindow&&(s.removeAttribute(\"style\"),\"height\"===t.message?(1e3<(r=parseInt(t.value,10))?r=1e3:~~r<200&&(r=200),s.height=r):\"link\"===t.message&&(r=new URL(s.getAttribute(\"src\")),n=new URL(t.value),c.test(n.protocol))&&n.host===r.host&&l.activeElement===s&&(d.top.location.href=t.value))}},d.addEventListener(\"message\",d.wp.receiveEmbedMessage,!1),l.addEventListener(\"DOMContentLoaded\",function(){for(var e,t,s=l.querySelectorAll(\"iframe.wp-embedded-content\"),r=0;r<s.length;r++)(t=(e=s[r]).getAttribute(\"data-secret\"))||(t=Math.random().toString(36).substring(2,12),e.src+=\"#?secret=\"+t,e.setAttribute(\"data-secret\",t)),e.contentWindow.postMessage({message:\"ready\",secret:t},\"*\")},!1)))}(window,document);\n\/* ]]> *\/\n<\/script>\n","thumbnail_url":"https:\/\/www.padreydecano.com\/cms\/wp-content\/uploads\/2016\/02\/Guruceaga.jpg","thumbnail_width":500,"thumbnail_height":304,"description":"La Asociaci\u00f3n Uruguaya de F\u00fatbol divulg\u00f3 la lista de convocados por \u00d3scar Washington Tab\u00e1rez para los partidos ante Venezuela (6 de octubre) y Colombia (11 de octubre) en el marco de las Eliminatorias para Rusia 2018. La principal novedad fue la convocatoria de Gast\u00f3n Guruceaga. De esta forma, nuestro arquero no estar\u00e1 disponible para el [&hellip;]"}

Guruceaga a la Selección y Frascarelli a Jardines - Padre y Decano - El Sitio del Pueblo

<blockquote class="wp-embedded-content" data-secret="r2xnfkMlVk"><a href="https://www.padreydecano.com/cms/noticias/guruceaga-a-la-seleccion-y-frascarelli-a-jardines/">Guruceaga a la Selección y Frascarelli a Jardines</a></blockquote><iframe sandbox="allow-scripts" security="restricted" src="https://www.padreydecano.com/cms/noticias/guruceaga-a-la-seleccion-y-frascarelli-a-jardines/embed/#?secret=r2xnfkMlVk" width="600" height="338" title="«Guruceaga a la Selección y Frascarelli a Jardines» — Padre y Decano - El Sitio del Pueblo" data-secret="r2xnfkMlVk" frameborder="0" marginwidth="0" marginheight="0" scrolling="no" class="wp-embedded-content"></iframe><script type="text/javascript">
/* <![CDATA[ */
/*! This file is auto-generated */
!function(d,l){"use strict";l.querySelector&&d.addEventListener&&"undefined"!=typeof URL&&(d.wp=d.wp||{},d.wp.receiveEmbedMessage||(d.wp.receiveEmbedMessage=function(e){var t=e.data;if((t||t.secret||t.message||t.value)&&!/[^a-zA-Z0-9]/.test(t.secret)){for(var s,r,n,a=l.querySelectorAll('iframe[data-secret="'+t.secret+'"]'),o=l.querySelectorAll('blockquote[data-secret="'+t.secret+'"]'),c=new RegExp("^https?:$","i"),i=0;i<o.length;i++)o[i].style.display="none";for(i=0;i<a.length;i++)s=a[i],e.source===s.contentWindow&&(s.removeAttribute("style"),"height"===t.message?(1e3<(r=parseInt(t.value,10))?r=1e3:~~r<200&&(r=200),s.height=r):"link"===t.message&&(r=new URL(s.getAttribute("src")),n=new URL(t.value),c.test(n.protocol))&&n.host===r.host&&l.activeElement===s&&(d.top.location.href=t.value))}},d.addEventListener("message",d.wp.receiveEmbedMessage,!1),l.addEventListener("DOMContentLoaded",function(){for(var e,t,s=l.querySelectorAll("iframe.wp-embedded-content"),r=0;r<s.length;r++)(t=(e=s[r]).getAttribute("data-secret"))||(t=Math.random().toString(36).substring(2,12),e.src+="#?secret="+t,e.setAttribute("data-secret",t)),e.contentWindow.postMessage({message:"ready",secret:t},"*")},!1)))}(window,document);
/* ]]> */
</script>

La Asociación Uruguaya de Fútbol divulgó la lista de convocados por Óscar Washington Tabárez para los partidos ante Venezuela (6 de octubre) y Colombia (11 de octubre) en el marco de las Eliminatorias para Rusia 2018. La principal novedad fue la convocatoria de Gastón Guruceaga. De esta forma, nuestro arquero no estará disponible para el [&hellip;]
