{"version":"1.0","provider_name":"Padre y Decano - El Sitio del Pueblo","provider_url":"https:\/\/www.padreydecano.com\/cms","title":"Gabriel Rojas es nuevo jugador de Pe\u00f1arol - Padre y Decano - El Sitio del Pueblo","type":"rich","width":600,"height":338,"html":"<blockquote class=\"wp-embedded-content\" data-secret=\"m35913Rxei\"><a href=\"https:\/\/www.padreydecano.com\/cms\/noticias\/gabriel-rojas-es-nuevo-jugador-de-penarol\/\">Gabriel Rojas es nuevo jugador de Pe\u00f1arol<\/a><\/blockquote><iframe sandbox=\"allow-scripts\" security=\"restricted\" src=\"https:\/\/www.padreydecano.com\/cms\/noticias\/gabriel-rojas-es-nuevo-jugador-de-penarol\/embed\/#?secret=m35913Rxei\" width=\"600\" height=\"338\" title=\"\u00abGabriel Rojas es nuevo jugador de Pe\u00f1arol\u00bb \u2014 Padre y Decano - El Sitio del Pueblo\" data-secret=\"m35913Rxei\" frameborder=\"0\" marginwidth=\"0\" marginheight=\"0\" scrolling=\"no\" class=\"wp-embedded-content\"><\/iframe><script type=\"text\/javascript\">\n\/* <![CDATA[ *\/\n\/*! This file is auto-generated *\/\n!function(d,l){\"use strict\";l.querySelector&&d.addEventListener&&\"undefined\"!=typeof URL&&(d.wp=d.wp||{},d.wp.receiveEmbedMessage||(d.wp.receiveEmbedMessage=function(e){var t=e.data;if((t||t.secret||t.message||t.value)&&!\/[^a-zA-Z0-9]\/.test(t.secret)){for(var s,r,n,a=l.querySelectorAll('iframe[data-secret=\"'+t.secret+'\"]'),o=l.querySelectorAll('blockquote[data-secret=\"'+t.secret+'\"]'),c=new RegExp(\"^https?:$\",\"i\"),i=0;i<o.length;i++)o[i].style.display=\"none\";for(i=0;i<a.length;i++)s=a[i],e.source===s.contentWindow&&(s.removeAttribute(\"style\"),\"height\"===t.message?(1e3<(r=parseInt(t.value,10))?r=1e3:~~r<200&&(r=200),s.height=r):\"link\"===t.message&&(r=new URL(s.getAttribute(\"src\")),n=new URL(t.value),c.test(n.protocol))&&n.host===r.host&&l.activeElement===s&&(d.top.location.href=t.value))}},d.addEventListener(\"message\",d.wp.receiveEmbedMessage,!1),l.addEventListener(\"DOMContentLoaded\",function(){for(var e,t,s=l.querySelectorAll(\"iframe.wp-embedded-content\"),r=0;r<s.length;r++)(t=(e=s[r]).getAttribute(\"data-secret\"))||(t=Math.random().toString(36).substring(2,12),e.src+=\"#?secret=\"+t,e.setAttribute(\"data-secret\",t)),e.contentWindow.postMessage({message:\"ready\",secret:t},\"*\")},!1)))}(window,document);\n\/* ]]> *\/\n<\/script>\n","thumbnail_url":"https:\/\/www.padreydecano.com\/cms\/wp-content\/uploads\/2019\/07\/IMG-20190708-WA0005.jpg","thumbnail_width":586,"thumbnail_height":641,"description":"El lateral izquierdo argentino de 22 a\u00f1os llegar\u00e1 a Pe\u00f1arol a pr\u00e9stamo por un a\u00f1o, desde San Lorenzo. Junto a Rodrigo Rojo y la posibilidad de Jes\u00fas Trindade, ser\u00e1n los encargados de ocupar el sector izquierdo en el equipo de Diego L\u00f3pez.\u00a0 \u00daltima temporada Gabriel viene de disputar 11 partidos (814 minutos) en la \u00faltima [&hellip;]"}

Gabriel Rojas es nuevo jugador de Peñarol - Padre y Decano - El Sitio del Pueblo

<blockquote class="wp-embedded-content" data-secret="m35913Rxei"><a href="https://www.padreydecano.com/cms/noticias/gabriel-rojas-es-nuevo-jugador-de-penarol/">Gabriel Rojas es nuevo jugador de Peñarol</a></blockquote><iframe sandbox="allow-scripts" security="restricted" src="https://www.padreydecano.com/cms/noticias/gabriel-rojas-es-nuevo-jugador-de-penarol/embed/#?secret=m35913Rxei" width="600" height="338" title="«Gabriel Rojas es nuevo jugador de Peñarol» — Padre y Decano - El Sitio del Pueblo" data-secret="m35913Rxei" frameborder="0" marginwidth="0" marginheight="0" scrolling="no" class="wp-embedded-content"></iframe><script type="text/javascript">
/* <![CDATA[ */
/*! This file is auto-generated */
!function(d,l){"use strict";l.querySelector&&d.addEventListener&&"undefined"!=typeof URL&&(d.wp=d.wp||{},d.wp.receiveEmbedMessage||(d.wp.receiveEmbedMessage=function(e){var t=e.data;if((t||t.secret||t.message||t.value)&&!/[^a-zA-Z0-9]/.test(t.secret)){for(var s,r,n,a=l.querySelectorAll('iframe[data-secret="'+t.secret+'"]'),o=l.querySelectorAll('blockquote[data-secret="'+t.secret+'"]'),c=new RegExp("^https?:$","i"),i=0;i<o.length;i++)o[i].style.display="none";for(i=0;i<a.length;i++)s=a[i],e.source===s.contentWindow&&(s.removeAttribute("style"),"height"===t.message?(1e3<(r=parseInt(t.value,10))?r=1e3:~~r<200&&(r=200),s.height=r):"link"===t.message&&(r=new URL(s.getAttribute("src")),n=new URL(t.value),c.test(n.protocol))&&n.host===r.host&&l.activeElement===s&&(d.top.location.href=t.value))}},d.addEventListener("message",d.wp.receiveEmbedMessage,!1),l.addEventListener("DOMContentLoaded",function(){for(var e,t,s=l.querySelectorAll("iframe.wp-embedded-content"),r=0;r<s.length;r++)(t=(e=s[r]).getAttribute("data-secret"))||(t=Math.random().toString(36).substring(2,12),e.src+="#?secret="+t,e.setAttribute("data-secret",t)),e.contentWindow.postMessage({message:"ready",secret:t},"*")},!1)))}(window,document);
/* ]]> */
</script>

El lateral izquierdo argentino de 22 años llegará a Peñarol a préstamo por un año, desde San Lorenzo. Junto a Rodrigo Rojo y la posibilidad de Jesús Trindade, serán los encargados de ocupar el sector izquierdo en el equipo de Diego López.  Última temporada Gabriel viene de disputar 11 partidos (814 minutos) en la última [&hellip;]
