{"version":"1.0","provider_name":"Padre y Decano - El Sitio del Pueblo","provider_url":"https:\/\/www.padreydecano.com\/cms","title":"Dualidad de criterios de AUDAF - Padre y Decano - El Sitio del Pueblo","type":"rich","width":600,"height":338,"html":"<blockquote class=\"wp-embedded-content\" data-secret=\"SKIa7QSplt\"><a href=\"https:\/\/www.padreydecano.com\/cms\/noticias\/dualidad-de-criterios-de-audaf\/\">Dualidad de criterios de AUDAF<\/a><\/blockquote><iframe sandbox=\"allow-scripts\" security=\"restricted\" src=\"https:\/\/www.padreydecano.com\/cms\/noticias\/dualidad-de-criterios-de-audaf\/embed\/#?secret=SKIa7QSplt\" width=\"600\" height=\"338\" title=\"\u00abDualidad de criterios de AUDAF\u00bb \u2014 Padre y Decano - El Sitio del Pueblo\" data-secret=\"SKIa7QSplt\" frameborder=\"0\" marginwidth=\"0\" marginheight=\"0\" scrolling=\"no\" class=\"wp-embedded-content\"><\/iframe><script type=\"text\/javascript\">\n\/* <![CDATA[ *\/\n\/*! This file is auto-generated *\/\n!function(d,l){\"use strict\";l.querySelector&&d.addEventListener&&\"undefined\"!=typeof URL&&(d.wp=d.wp||{},d.wp.receiveEmbedMessage||(d.wp.receiveEmbedMessage=function(e){var t=e.data;if((t||t.secret||t.message||t.value)&&!\/[^a-zA-Z0-9]\/.test(t.secret)){for(var s,r,n,a=l.querySelectorAll('iframe[data-secret=\"'+t.secret+'\"]'),o=l.querySelectorAll('blockquote[data-secret=\"'+t.secret+'\"]'),c=new RegExp(\"^https?:$\",\"i\"),i=0;i<o.length;i++)o[i].style.display=\"none\";for(i=0;i<a.length;i++)s=a[i],e.source===s.contentWindow&&(s.removeAttribute(\"style\"),\"height\"===t.message?(1e3<(r=parseInt(t.value,10))?r=1e3:~~r<200&&(r=200),s.height=r):\"link\"===t.message&&(r=new URL(s.getAttribute(\"src\")),n=new URL(t.value),c.test(n.protocol))&&n.host===r.host&&l.activeElement===s&&(d.top.location.href=t.value))}},d.addEventListener(\"message\",d.wp.receiveEmbedMessage,!1),l.addEventListener(\"DOMContentLoaded\",function(){for(var e,t,s=l.querySelectorAll(\"iframe.wp-embedded-content\"),r=0;r<s.length;r++)(t=(e=s[r]).getAttribute(\"data-secret\"))||(t=Math.random().toString(36).substring(2,12),e.src+=\"#?secret=\"+t,e.setAttribute(\"data-secret\",t)),e.contentWindow.postMessage({message:\"ready\",secret:t},\"*\")},!1)))}(window,document);\n\/* ]]> *\/\n<\/script>\n","thumbnail_url":"https:\/\/www.padreydecano.com\/cms\/wp-content\/uploads\/2012\/09\/audaf-prudente-chica.jpg","thumbnail_width":"202","thumbnail_height":"110","description":"Se arm\u00f3 un revuelo en el F\u00fatbol Uruguayo luego de las declaraciones de Edgar Welker. Como todos sabemos luego de que el vicepresidente de Pe\u00f1arol opinara al finalizar\u00a0el partido con River Plate sobre la actuaci\u00f3n del \u00e1rbitro Prudente, la Asociaci\u00f3n Uruguaya de Arbitros de F\u00fatbol (AUDAF) respondi\u00f3 con un comunicado pidiendo que Welker se retracte. [&hellip;]"}

Se armó un revuelo en el Fútbol Uruguayo luego de las declaraciones de Edgar Welker. Como todos sabemos luego de que el vicepresidente de Peñarol opinara al finalizar el partido con River Plate sobre la actuación del árbitro Prudente, la Asociación Uruguaya de Arbitros de Fútbol (AUDAF) respondió con un comunicado pidiendo que Welker se retracte. [&hellip;]
