{"version":"1.0","provider_name":"Padre y Decano - El Sitio del Pueblo","provider_url":"https:\/\/www.padreydecano.com\/cms","title":"\u00bfDos partidos sin los convocados? - Padre y Decano - El Sitio del Pueblo","type":"rich","width":600,"height":338,"html":"<blockquote class=\"wp-embedded-content\" data-secret=\"o8TeYQjoj7\"><a href=\"https:\/\/www.padreydecano.com\/cms\/noticias\/dos-partidos-sin-los-convocados\/\">\u00bfDos partidos sin los convocados?<\/a><\/blockquote><iframe sandbox=\"allow-scripts\" security=\"restricted\" src=\"https:\/\/www.padreydecano.com\/cms\/noticias\/dos-partidos-sin-los-convocados\/embed\/#?secret=o8TeYQjoj7\" width=\"600\" height=\"338\" title=\"\u00ab\u00bfDos partidos sin los convocados?\u00bb \u2014 Padre y Decano - El Sitio del Pueblo\" data-secret=\"o8TeYQjoj7\" frameborder=\"0\" marginwidth=\"0\" marginheight=\"0\" scrolling=\"no\" class=\"wp-embedded-content\"><\/iframe><script type=\"text\/javascript\">\n\/* <![CDATA[ *\/\n\/*! This file is auto-generated *\/\n!function(d,l){\"use strict\";l.querySelector&&d.addEventListener&&\"undefined\"!=typeof URL&&(d.wp=d.wp||{},d.wp.receiveEmbedMessage||(d.wp.receiveEmbedMessage=function(e){var t=e.data;if((t||t.secret||t.message||t.value)&&!\/[^a-zA-Z0-9]\/.test(t.secret)){for(var s,r,n,a=l.querySelectorAll('iframe[data-secret=\"'+t.secret+'\"]'),o=l.querySelectorAll('blockquote[data-secret=\"'+t.secret+'\"]'),c=new RegExp(\"^https?:$\",\"i\"),i=0;i<o.length;i++)o[i].style.display=\"none\";for(i=0;i<a.length;i++)s=a[i],e.source===s.contentWindow&&(s.removeAttribute(\"style\"),\"height\"===t.message?(1e3<(r=parseInt(t.value,10))?r=1e3:~~r<200&&(r=200),s.height=r):\"link\"===t.message&&(r=new URL(s.getAttribute(\"src\")),n=new URL(t.value),c.test(n.protocol))&&n.host===r.host&&l.activeElement===s&&(d.top.location.href=t.value))}},d.addEventListener(\"message\",d.wp.receiveEmbedMessage,!1),l.addEventListener(\"DOMContentLoaded\",function(){for(var e,t,s=l.querySelectorAll(\"iframe.wp-embedded-content\"),r=0;r<s.length;r++)(t=(e=s[r]).getAttribute(\"data-secret\"))||(t=Math.random().toString(36).substring(2,12),e.src+=\"#?secret=\"+t,e.setAttribute(\"data-secret\",t)),e.contentWindow.postMessage({message:\"ready\",secret:t},\"*\")},!1)))}(window,document);\n\/* ]]> *\/\n<\/script>\n","thumbnail_url":"https:\/\/www.padreydecano.com\/cms\/wp-content\/uploads\/2017\/09\/pe\u00f1arol-nacional-clausura-2017-foto-mariano-alvez-62.jpg","thumbnail_width":1100,"thumbnail_height":729,"description":"Tras la suspensi\u00f3n de los partidos del domingo correspondientes a la Fecha 6 del Torneo Clausura, la Mesa Ejecutiva tendr\u00e1 la tarea de reprogramar la actividad para que el campeonato termine en los d\u00edas pautados. Seg\u00fan desliz\u00f3 ayer Daniel Banchero en Sin L\u00edmite (VTV) hay un proyecto para que el s\u00e1bado 30 de setiembre se [&hellip;]"}

https://www.padreydecano.com/cms/wp-content/uploads/2017/09/peñarol-nacional-clausura-2017-foto-mariano-alvez-62.jpg

Tras la suspensión de los partidos del domingo correspondientes a la Fecha 6 del Torneo Clausura, la Mesa Ejecutiva tendrá la tarea de reprogramar la actividad para que el campeonato termine en los días pautados. Según deslizó ayer Daniel Banchero en Sin Límite (VTV) hay un proyecto para que el sábado 30 de setiembre se [&hellip;]
