{"version":"1.0","provider_name":"Padre y Decano - El Sitio del Pueblo","provider_url":"https:\/\/www.padreydecano.com\/cms","title":"Da Silva: \u201cPe\u00f1arol va a pelear el campeonato\u201d - Padre y Decano - El Sitio del Pueblo","type":"rich","width":600,"height":338,"html":"<blockquote class=\"wp-embedded-content\" data-secret=\"vog8sw1O9k\"><a href=\"https:\/\/www.padreydecano.com\/cms\/noticias\/da-silva-penarol-va-a-pelear-el-campeonato\/\">Da Silva: \u201cPe\u00f1arol va a pelear el campeonato\u201d<\/a><\/blockquote><iframe sandbox=\"allow-scripts\" security=\"restricted\" src=\"https:\/\/www.padreydecano.com\/cms\/noticias\/da-silva-penarol-va-a-pelear-el-campeonato\/embed\/#?secret=vog8sw1O9k\" width=\"600\" height=\"338\" title=\"\u00abDa Silva: \u201cPe\u00f1arol va a pelear el campeonato\u201d\u00bb \u2014 Padre y Decano - El Sitio del Pueblo\" data-secret=\"vog8sw1O9k\" frameborder=\"0\" marginwidth=\"0\" marginheight=\"0\" scrolling=\"no\" class=\"wp-embedded-content\"><\/iframe><script type=\"text\/javascript\">\n\/* <![CDATA[ *\/\n\/*! This file is auto-generated *\/\n!function(d,l){\"use strict\";l.querySelector&&d.addEventListener&&\"undefined\"!=typeof URL&&(d.wp=d.wp||{},d.wp.receiveEmbedMessage||(d.wp.receiveEmbedMessage=function(e){var t=e.data;if((t||t.secret||t.message||t.value)&&!\/[^a-zA-Z0-9]\/.test(t.secret)){for(var s,r,n,a=l.querySelectorAll('iframe[data-secret=\"'+t.secret+'\"]'),o=l.querySelectorAll('blockquote[data-secret=\"'+t.secret+'\"]'),c=new RegExp(\"^https?:$\",\"i\"),i=0;i<o.length;i++)o[i].style.display=\"none\";for(i=0;i<a.length;i++)s=a[i],e.source===s.contentWindow&&(s.removeAttribute(\"style\"),\"height\"===t.message?(1e3<(r=parseInt(t.value,10))?r=1e3:~~r<200&&(r=200),s.height=r):\"link\"===t.message&&(r=new URL(s.getAttribute(\"src\")),n=new URL(t.value),c.test(n.protocol))&&n.host===r.host&&l.activeElement===s&&(d.top.location.href=t.value))}},d.addEventListener(\"message\",d.wp.receiveEmbedMessage,!1),l.addEventListener(\"DOMContentLoaded\",function(){for(var e,t,s=l.querySelectorAll(\"iframe.wp-embedded-content\"),r=0;r<s.length;r++)(t=(e=s[r]).getAttribute(\"data-secret\"))||(t=Math.random().toString(36).substring(2,12),e.src+=\"#?secret=\"+t,e.setAttribute(\"data-secret\",t)),e.contentWindow.postMessage({message:\"ready\",secret:t},\"*\")},!1)))}(window,document);\n\/* ]]> *\/\n<\/script>\n","thumbnail_url":"https:\/\/www.padreydecano.com\/cms\/wp-content\/uploads\/2012\/09\/IMG_3230-Copiar.jpg","thumbnail_width":"800","thumbnail_height":"533","description":"Tras el empate a uno, Jorge Da Silva dijo que \u201ces algo similar a lo de la fecha pasada, es muy dif\u00edcil hacer un an\u00e1lisis cuando ten\u00e9s un comienzo de campeonato con partidos tan at\u00edpicos. En este nos toc\u00f3 jugar desde los 6\u00b4 con un jugador menos para teminar jugando con nueve desde los 41. [&hellip;]"}

Da Silva: “Peñarol va a pelear el campeonato” - Padre y Decano - El Sitio del Pueblo

<blockquote class="wp-embedded-content" data-secret="vog8sw1O9k"><a href="https://www.padreydecano.com/cms/noticias/da-silva-penarol-va-a-pelear-el-campeonato/">Da Silva: “Peñarol va a pelear el campeonato”</a></blockquote><iframe sandbox="allow-scripts" security="restricted" src="https://www.padreydecano.com/cms/noticias/da-silva-penarol-va-a-pelear-el-campeonato/embed/#?secret=vog8sw1O9k" width="600" height="338" title="«Da Silva: “Peñarol va a pelear el campeonato”» — Padre y Decano - El Sitio del Pueblo" data-secret="vog8sw1O9k" frameborder="0" marginwidth="0" marginheight="0" scrolling="no" class="wp-embedded-content"></iframe><script type="text/javascript">
/* <![CDATA[ */
/*! This file is auto-generated */
!function(d,l){"use strict";l.querySelector&&d.addEventListener&&"undefined"!=typeof URL&&(d.wp=d.wp||{},d.wp.receiveEmbedMessage||(d.wp.receiveEmbedMessage=function(e){var t=e.data;if((t||t.secret||t.message||t.value)&&!/[^a-zA-Z0-9]/.test(t.secret)){for(var s,r,n,a=l.querySelectorAll('iframe[data-secret="'+t.secret+'"]'),o=l.querySelectorAll('blockquote[data-secret="'+t.secret+'"]'),c=new RegExp("^https?:$","i"),i=0;i<o.length;i++)o[i].style.display="none";for(i=0;i<a.length;i++)s=a[i],e.source===s.contentWindow&&(s.removeAttribute("style"),"height"===t.message?(1e3<(r=parseInt(t.value,10))?r=1e3:~~r<200&&(r=200),s.height=r):"link"===t.message&&(r=new URL(s.getAttribute("src")),n=new URL(t.value),c.test(n.protocol))&&n.host===r.host&&l.activeElement===s&&(d.top.location.href=t.value))}},d.addEventListener("message",d.wp.receiveEmbedMessage,!1),l.addEventListener("DOMContentLoaded",function(){for(var e,t,s=l.querySelectorAll("iframe.wp-embedded-content"),r=0;r<s.length;r++)(t=(e=s[r]).getAttribute("data-secret"))||(t=Math.random().toString(36).substring(2,12),e.src+="#?secret="+t,e.setAttribute("data-secret",t)),e.contentWindow.postMessage({message:"ready",secret:t},"*")},!1)))}(window,document);
/* ]]> */
</script>

Tras el empate a uno, Jorge Da Silva dijo que “es algo similar a lo de la fecha pasada, es muy difícil hacer un análisis cuando tenés un comienzo de campeonato con partidos tan atípicos. En este nos tocó jugar desde los 6´ con un jugador menos para teminar jugando con nueve desde los 41. [&hellip;]
