{"version":"1.0","provider_name":"Padre y Decano - El Sitio del Pueblo","provider_url":"https:\/\/www.padreydecano.com\/cms","title":"Cuesta arriba - Padre y Decano - El Sitio del Pueblo","type":"rich","width":600,"height":338,"html":"<blockquote class=\"wp-embedded-content\" data-secret=\"bZusJ7TcwQ\"><a href=\"https:\/\/www.padreydecano.com\/cms\/noticias\/cuesta-arriba\/\">Cuesta arriba<\/a><\/blockquote><iframe sandbox=\"allow-scripts\" security=\"restricted\" src=\"https:\/\/www.padreydecano.com\/cms\/noticias\/cuesta-arriba\/embed\/#?secret=bZusJ7TcwQ\" width=\"600\" height=\"338\" title=\"\u00abCuesta arriba\u00bb \u2014 Padre y Decano - El Sitio del Pueblo\" data-secret=\"bZusJ7TcwQ\" frameborder=\"0\" marginwidth=\"0\" marginheight=\"0\" scrolling=\"no\" class=\"wp-embedded-content\"><\/iframe><script type=\"text\/javascript\">\n\/* <![CDATA[ *\/\n\/*! This file is auto-generated *\/\n!function(d,l){\"use strict\";l.querySelector&&d.addEventListener&&\"undefined\"!=typeof URL&&(d.wp=d.wp||{},d.wp.receiveEmbedMessage||(d.wp.receiveEmbedMessage=function(e){var t=e.data;if((t||t.secret||t.message||t.value)&&!\/[^a-zA-Z0-9]\/.test(t.secret)){for(var s,r,n,a=l.querySelectorAll('iframe[data-secret=\"'+t.secret+'\"]'),o=l.querySelectorAll('blockquote[data-secret=\"'+t.secret+'\"]'),c=new RegExp(\"^https?:$\",\"i\"),i=0;i<o.length;i++)o[i].style.display=\"none\";for(i=0;i<a.length;i++)s=a[i],e.source===s.contentWindow&&(s.removeAttribute(\"style\"),\"height\"===t.message?(1e3<(r=parseInt(t.value,10))?r=1e3:~~r<200&&(r=200),s.height=r):\"link\"===t.message&&(r=new URL(s.getAttribute(\"src\")),n=new URL(t.value),c.test(n.protocol))&&n.host===r.host&&l.activeElement===s&&(d.top.location.href=t.value))}},d.addEventListener(\"message\",d.wp.receiveEmbedMessage,!1),l.addEventListener(\"DOMContentLoaded\",function(){for(var e,t,s=l.querySelectorAll(\"iframe.wp-embedded-content\"),r=0;r<s.length;r++)(t=(e=s[r]).getAttribute(\"data-secret\"))||(t=Math.random().toString(36).substring(2,12),e.src+=\"#?secret=\"+t,e.setAttribute(\"data-secret\",t)),e.contentWindow.postMessage({message:\"ready\",secret:t},\"*\")},!1)))}(window,document);\n\/* ]]> *\/\n<\/script>\n","thumbnail_url":"https:\/\/www.padreydecano.com\/cms\/wp-content\/uploads\/2019\/12\/WhatsApp-Image-2019-12-11-at-21.40.50.jpeg","thumbnail_width":1599,"thumbnail_height":1066,"description":"Pe\u00f1arol perdi\u00f3 2 a 0 el cl\u00e1sico por la final del Torneo Clausura 2019, en el Estadio Centenario. Nuevamente se vio un flojo partido por parte de los dirigidos por Diego L\u00f3pez. El carbonero lleg\u00f3 con varias bajas al choque cl\u00e1sico. Walter Gargano, Cristian Rodr\u00edguez por lesi\u00f3n, mientras que Rodrigo Abascal, Guzm\u00e1n Pereira e Ignacio [&hellip;]"}

Peñarol perdió 2 a 0 el clásico por la final del Torneo Clausura 2019, en el Estadio Centenario. Nuevamente se vio un flojo partido por parte de los dirigidos por Diego López. El carbonero llegó con varias bajas al choque clásico. Walter Gargano, Cristian Rodríguez por lesión, mientras que Rodrigo Abascal, Guzmán Pereira e Ignacio [&hellip;]
