{"version":"1.0","provider_name":"Padre y Decano - El Sitio del Pueblo","provider_url":"https:\/\/www.padreydecano.com\/cms","title":"Cuchilla en mano - Padre y Decano - El Sitio del Pueblo","type":"rich","width":600,"height":338,"html":"<blockquote class=\"wp-embedded-content\" data-secret=\"ne1SReBbaJ\"><a href=\"https:\/\/www.padreydecano.com\/cms\/noticias\/cuchilla-en-mano\/\">Cuchilla en mano<\/a><\/blockquote><iframe sandbox=\"allow-scripts\" security=\"restricted\" src=\"https:\/\/www.padreydecano.com\/cms\/noticias\/cuchilla-en-mano\/embed\/#?secret=ne1SReBbaJ\" width=\"600\" height=\"338\" title=\"\u00abCuchilla en mano\u00bb \u2014 Padre y Decano - El Sitio del Pueblo\" data-secret=\"ne1SReBbaJ\" frameborder=\"0\" marginwidth=\"0\" marginheight=\"0\" scrolling=\"no\" class=\"wp-embedded-content\"><\/iframe><script type=\"text\/javascript\">\n\/* <![CDATA[ *\/\n\/*! This file is auto-generated *\/\n!function(d,l){\"use strict\";l.querySelector&&d.addEventListener&&\"undefined\"!=typeof URL&&(d.wp=d.wp||{},d.wp.receiveEmbedMessage||(d.wp.receiveEmbedMessage=function(e){var t=e.data;if((t||t.secret||t.message||t.value)&&!\/[^a-zA-Z0-9]\/.test(t.secret)){for(var s,r,n,a=l.querySelectorAll('iframe[data-secret=\"'+t.secret+'\"]'),o=l.querySelectorAll('blockquote[data-secret=\"'+t.secret+'\"]'),c=new RegExp(\"^https?:$\",\"i\"),i=0;i<o.length;i++)o[i].style.display=\"none\";for(i=0;i<a.length;i++)s=a[i],e.source===s.contentWindow&&(s.removeAttribute(\"style\"),\"height\"===t.message?(1e3<(r=parseInt(t.value,10))?r=1e3:~~r<200&&(r=200),s.height=r):\"link\"===t.message&&(r=new URL(s.getAttribute(\"src\")),n=new URL(t.value),c.test(n.protocol))&&n.host===r.host&&l.activeElement===s&&(d.top.location.href=t.value))}},d.addEventListener(\"message\",d.wp.receiveEmbedMessage,!1),l.addEventListener(\"DOMContentLoaded\",function(){for(var e,t,s=l.querySelectorAll(\"iframe.wp-embedded-content\"),r=0;r<s.length;r++)(t=(e=s[r]).getAttribute(\"data-secret\"))||(t=Math.random().toString(36).substring(2,12),e.src+=\"#?secret=\"+t,e.setAttribute(\"data-secret\",t)),e.contentWindow.postMessage({message:\"ready\",secret:t},\"*\")},!1)))}(window,document);\n\/* ]]> *\/\n<\/script>\n","thumbnail_url":"https:\/\/www.padreydecano.com\/cms\/wp-content\/uploads\/2018\/02\/expulsion-lucas-hernandez-penarol-liverpool-apertura-2018-foto-mariano-alvez-33.jpg","thumbnail_width":1100,"thumbnail_height":734,"description":"Pe\u00f1arol visitar\u00e1 el pr\u00f3ximo viernes a Liverpool por la d\u00e9cima fecha del Torneo Clausura. A las 17:00 horas y en el Estadio Belvedere, el Carbonero se medir\u00e1 frente al l\u00edder del Torneo, en lo que ser\u00e1 un partido vital para el futuro del campeonato. El partido ser\u00e1 televisado por VTV. Una final adelantada. Todo o [&hellip;]"}

Peñarol visitará el próximo viernes a Liverpool por la décima fecha del Torneo Clausura. A las 17:00 horas y en el Estadio Belvedere, el Carbonero se medirá frente al líder del Torneo, en lo que será un partido vital para el futuro del campeonato. El partido será televisado por VTV. Una final adelantada. Todo o [&hellip;]
