{"version":"1.0","provider_name":"Padre y Decano - El Sitio del Pueblo","provider_url":"https:\/\/www.padreydecano.com\/cms","title":"Cristian Lema: \"Me quiero quedar en Pe\u00f1arol\" - Padre y Decano - El Sitio del Pueblo","type":"rich","width":600,"height":338,"html":"<blockquote class=\"wp-embedded-content\" data-secret=\"08mHbMVvMq\"><a href=\"https:\/\/www.padreydecano.com\/cms\/noticias\/cristian-lema-me-quiero-quedar-en-penarol\/\">Cristian Lema: \u00abMe quiero quedar en Pe\u00f1arol\u00bb<\/a><\/blockquote><iframe sandbox=\"allow-scripts\" security=\"restricted\" src=\"https:\/\/www.padreydecano.com\/cms\/noticias\/cristian-lema-me-quiero-quedar-en-penarol\/embed\/#?secret=08mHbMVvMq\" width=\"600\" height=\"338\" title=\"\u00abCristian Lema: \u00abMe quiero quedar en Pe\u00f1arol\u00bb\u00bb \u2014 Padre y Decano - El Sitio del Pueblo\" data-secret=\"08mHbMVvMq\" frameborder=\"0\" marginwidth=\"0\" marginheight=\"0\" scrolling=\"no\" class=\"wp-embedded-content\"><\/iframe><script type=\"text\/javascript\">\n\/* <![CDATA[ *\/\n\/*! This file is auto-generated *\/\n!function(d,l){\"use strict\";l.querySelector&&d.addEventListener&&\"undefined\"!=typeof URL&&(d.wp=d.wp||{},d.wp.receiveEmbedMessage||(d.wp.receiveEmbedMessage=function(e){var t=e.data;if((t||t.secret||t.message||t.value)&&!\/[^a-zA-Z0-9]\/.test(t.secret)){for(var s,r,n,a=l.querySelectorAll('iframe[data-secret=\"'+t.secret+'\"]'),o=l.querySelectorAll('blockquote[data-secret=\"'+t.secret+'\"]'),c=new RegExp(\"^https?:$\",\"i\"),i=0;i<o.length;i++)o[i].style.display=\"none\";for(i=0;i<a.length;i++)s=a[i],e.source===s.contentWindow&&(s.removeAttribute(\"style\"),\"height\"===t.message?(1e3<(r=parseInt(t.value,10))?r=1e3:~~r<200&&(r=200),s.height=r):\"link\"===t.message&&(r=new URL(s.getAttribute(\"src\")),n=new URL(t.value),c.test(n.protocol))&&n.host===r.host&&l.activeElement===s&&(d.top.location.href=t.value))}},d.addEventListener(\"message\",d.wp.receiveEmbedMessage,!1),l.addEventListener(\"DOMContentLoaded\",function(){for(var e,t,s=l.querySelectorAll(\"iframe.wp-embedded-content\"),r=0;r<s.length;r++)(t=(e=s[r]).getAttribute(\"data-secret\"))||(t=Math.random().toString(36).substring(2,12),e.src+=\"#?secret=\"+t,e.setAttribute(\"data-secret\",t)),e.contentWindow.postMessage({message:\"ready\",secret:t},\"*\")},!1)))}(window,document);\n\/* ]]> *\/\n<\/script>\n","thumbnail_url":"https:\/\/www.padreydecano.com\/cms\/wp-content\/uploads\/2019\/05\/IFA_0781_resized_20190530_085233337-2.jpg","thumbnail_width":776,"thumbnail_height":518,"description":"Cristian Lema habl\u00f3 luego del partido en que Pe\u00f1arol venci\u00f3 2 a 0 aDeportivo Cali, y clasific\u00f3 a la siguiente fase de la Copa Sudamericana. El jugador manifest\u00f3 que quiere seguir en el conjunto que orienta Diego L\u00f3pez, pero que su situaci\u00f3n contractual es complicada. Pendientes internacionales \u201cS\u00ed, por ah\u00ed era una deuda, pero creo [&hellip;]"}

Cristian Lema: "Me quiero quedar en Peñarol" - Padre y Decano - El Sitio del Pueblo

<blockquote class="wp-embedded-content" data-secret="08mHbMVvMq"><a href="https://www.padreydecano.com/cms/noticias/cristian-lema-me-quiero-quedar-en-penarol/">Cristian Lema: «Me quiero quedar en Peñarol»</a></blockquote><iframe sandbox="allow-scripts" security="restricted" src="https://www.padreydecano.com/cms/noticias/cristian-lema-me-quiero-quedar-en-penarol/embed/#?secret=08mHbMVvMq" width="600" height="338" title="«Cristian Lema: «Me quiero quedar en Peñarol»» — Padre y Decano - El Sitio del Pueblo" data-secret="08mHbMVvMq" frameborder="0" marginwidth="0" marginheight="0" scrolling="no" class="wp-embedded-content"></iframe><script type="text/javascript">
/* <![CDATA[ */
/*! This file is auto-generated */
!function(d,l){"use strict";l.querySelector&&d.addEventListener&&"undefined"!=typeof URL&&(d.wp=d.wp||{},d.wp.receiveEmbedMessage||(d.wp.receiveEmbedMessage=function(e){var t=e.data;if((t||t.secret||t.message||t.value)&&!/[^a-zA-Z0-9]/.test(t.secret)){for(var s,r,n,a=l.querySelectorAll('iframe[data-secret="'+t.secret+'"]'),o=l.querySelectorAll('blockquote[data-secret="'+t.secret+'"]'),c=new RegExp("^https?:$","i"),i=0;i<o.length;i++)o[i].style.display="none";for(i=0;i<a.length;i++)s=a[i],e.source===s.contentWindow&&(s.removeAttribute("style"),"height"===t.message?(1e3<(r=parseInt(t.value,10))?r=1e3:~~r<200&&(r=200),s.height=r):"link"===t.message&&(r=new URL(s.getAttribute("src")),n=new URL(t.value),c.test(n.protocol))&&n.host===r.host&&l.activeElement===s&&(d.top.location.href=t.value))}},d.addEventListener("message",d.wp.receiveEmbedMessage,!1),l.addEventListener("DOMContentLoaded",function(){for(var e,t,s=l.querySelectorAll("iframe.wp-embedded-content"),r=0;r<s.length;r++)(t=(e=s[r]).getAttribute("data-secret"))||(t=Math.random().toString(36).substring(2,12),e.src+="#?secret="+t,e.setAttribute("data-secret",t)),e.contentWindow.postMessage({message:"ready",secret:t},"*")},!1)))}(window,document);
/* ]]> */
</script>

Cristian Lema habló luego del partido en que Peñarol venció 2 a 0 aDeportivo Cali, y clasificó a la siguiente fase de la Copa Sudamericana. El jugador manifestó que quiere seguir en el conjunto que orienta Diego López, pero que su situación contractual es complicada. Pendientes internacionales “Sí, por ahí era una deuda, pero creo [&hellip;]
