{"version":"1.0","provider_name":"Padre y Decano - El Sitio del Pueblo","provider_url":"https:\/\/www.padreydecano.com\/cms","title":"Con Miramar en la Escuela Naval - Padre y Decano - El Sitio del Pueblo","type":"rich","width":600,"height":338,"html":"<blockquote class=\"wp-embedded-content\" data-secret=\"mOUhnlPCnj\"><a href=\"https:\/\/www.padreydecano.com\/cms\/noticias\/con-miramar-en-la-escuela-naval\/\">Con Miramar en la Escuela Naval<\/a><\/blockquote><iframe sandbox=\"allow-scripts\" security=\"restricted\" src=\"https:\/\/www.padreydecano.com\/cms\/noticias\/con-miramar-en-la-escuela-naval\/embed\/#?secret=mOUhnlPCnj\" width=\"600\" height=\"338\" title=\"\u00abCon Miramar en la Escuela Naval\u00bb \u2014 Padre y Decano - El Sitio del Pueblo\" data-secret=\"mOUhnlPCnj\" frameborder=\"0\" marginwidth=\"0\" marginheight=\"0\" scrolling=\"no\" class=\"wp-embedded-content\"><\/iframe><script type=\"text\/javascript\">\n\/* <![CDATA[ *\/\n\/*! This file is auto-generated *\/\n!function(d,l){\"use strict\";l.querySelector&&d.addEventListener&&\"undefined\"!=typeof URL&&(d.wp=d.wp||{},d.wp.receiveEmbedMessage||(d.wp.receiveEmbedMessage=function(e){var t=e.data;if((t||t.secret||t.message||t.value)&&!\/[^a-zA-Z0-9]\/.test(t.secret)){for(var s,r,n,a=l.querySelectorAll('iframe[data-secret=\"'+t.secret+'\"]'),o=l.querySelectorAll('blockquote[data-secret=\"'+t.secret+'\"]'),c=new RegExp(\"^https?:$\",\"i\"),i=0;i<o.length;i++)o[i].style.display=\"none\";for(i=0;i<a.length;i++)s=a[i],e.source===s.contentWindow&&(s.removeAttribute(\"style\"),\"height\"===t.message?(1e3<(r=parseInt(t.value,10))?r=1e3:~~r<200&&(r=200),s.height=r):\"link\"===t.message&&(r=new URL(s.getAttribute(\"src\")),n=new URL(t.value),c.test(n.protocol))&&n.host===r.host&&l.activeElement===s&&(d.top.location.href=t.value))}},d.addEventListener(\"message\",d.wp.receiveEmbedMessage,!1),l.addEventListener(\"DOMContentLoaded\",function(){for(var e,t,s=l.querySelectorAll(\"iframe.wp-embedded-content\"),r=0;r<s.length;r++)(t=(e=s[r]).getAttribute(\"data-secret\"))||(t=Math.random().toString(36).substring(2,12),e.src+=\"#?secret=\"+t,e.setAttribute(\"data-secret\",t)),e.contentWindow.postMessage({message:\"ready\",secret:t},\"*\")},!1)))}(window,document);\n\/* ]]> *\/\n<\/script>\n","thumbnail_url":"https:\/\/www.padreydecano.com\/cms\/wp-content\/uploads\/2012\/07\/DSC_0043.jpg","thumbnail_width":"800","thumbnail_height":"532","description":"Actualizaci\u00f3n 31\/07\/12: El partido se disputar\u00e1 en el Centro de Alto Rendimiento finalmente Ma\u00f1ana mi\u00e9rcoles 1 de agosto estaremos enfrentando a Miramar Misiones desde las 10 horas en la Escuela Naval. Ser\u00e1 un nuevo partido de pr\u00e1ctica donde el \u00abPolilla\u00bb Da Silva seguir\u00e1 ajustando los detalles del equipo titular que debutar\u00e1 en el campeonato uruguayo, [&hellip;]"}

Actualización 31/07/12: El partido se disputará en el Centro de Alto Rendimiento finalmente Mañana miércoles 1 de agosto estaremos enfrentando a Miramar Misiones desde las 10 horas en la Escuela Naval. Será un nuevo partido de práctica donde el «Polilla» Da Silva seguirá ajustando los detalles del equipo titular que debutará en el campeonato uruguayo, [&hellip;]
