{"version":"1.0","provider_name":"Padre y Decano - El Sitio del Pueblo","provider_url":"https:\/\/www.padreydecano.com\/cms","title":"Con cinta, sin capitan\u00eda - Padre y Decano - El Sitio del Pueblo","type":"rich","width":600,"height":338,"html":"<blockquote class=\"wp-embedded-content\" data-secret=\"bUrhFr7dSN\"><a href=\"https:\/\/www.padreydecano.com\/cms\/noticias\/con-cinta-sin-capitania\/\">Con cinta, sin capitan\u00eda<\/a><\/blockquote><iframe sandbox=\"allow-scripts\" security=\"restricted\" src=\"https:\/\/www.padreydecano.com\/cms\/noticias\/con-cinta-sin-capitania\/embed\/#?secret=bUrhFr7dSN\" width=\"600\" height=\"338\" title=\"\u00abCon cinta, sin capitan\u00eda\u00bb \u2014 Padre y Decano - El Sitio del Pueblo\" data-secret=\"bUrhFr7dSN\" frameborder=\"0\" marginwidth=\"0\" marginheight=\"0\" scrolling=\"no\" class=\"wp-embedded-content\"><\/iframe><script type=\"text\/javascript\">\n\/* <![CDATA[ *\/\n\/*! This file is auto-generated *\/\n!function(d,l){\"use strict\";l.querySelector&&d.addEventListener&&\"undefined\"!=typeof URL&&(d.wp=d.wp||{},d.wp.receiveEmbedMessage||(d.wp.receiveEmbedMessage=function(e){var t=e.data;if((t||t.secret||t.message||t.value)&&!\/[^a-zA-Z0-9]\/.test(t.secret)){for(var s,r,n,a=l.querySelectorAll('iframe[data-secret=\"'+t.secret+'\"]'),o=l.querySelectorAll('blockquote[data-secret=\"'+t.secret+'\"]'),c=new RegExp(\"^https?:$\",\"i\"),i=0;i<o.length;i++)o[i].style.display=\"none\";for(i=0;i<a.length;i++)s=a[i],e.source===s.contentWindow&&(s.removeAttribute(\"style\"),\"height\"===t.message?(1e3<(r=parseInt(t.value,10))?r=1e3:~~r<200&&(r=200),s.height=r):\"link\"===t.message&&(r=new URL(s.getAttribute(\"src\")),n=new URL(t.value),c.test(n.protocol))&&n.host===r.host&&l.activeElement===s&&(d.top.location.href=t.value))}},d.addEventListener(\"message\",d.wp.receiveEmbedMessage,!1),l.addEventListener(\"DOMContentLoaded\",function(){for(var e,t,s=l.querySelectorAll(\"iframe.wp-embedded-content\"),r=0;r<s.length;r++)(t=(e=s[r]).getAttribute(\"data-secret\"))||(t=Math.random().toString(36).substring(2,12),e.src+=\"#?secret=\"+t,e.setAttribute(\"data-secret\",t)),e.contentWindow.postMessage({message:\"ready\",secret:t},\"*\")},!1)))}(window,document);\n\/* ]]> *\/\n<\/script>\n","thumbnail_url":"https:\/\/www.padreydecano.com\/cms\/wp-content\/uploads\/2022\/09\/IMG-20220905-WA0047.jpg","thumbnail_width":2048,"thumbnail_height":1362,"description":"En un p\u00e9simo momento deportivo, Pe\u00f1arol peca la falta de profesionalismo de sus referentes con actitudes dentro y fuera de la cancha, principalmente del capit\u00e1n que contin\u00faa con su bajo rendimiento. Contin\u00faan los ecos de la imperdonable derrota en el Parque Central ante el tradicional rival. El carbonero fue ampliamente superado y nunca estuvo en [&hellip;]"}

Con cinta, sin capitanía - Padre y Decano - El Sitio del Pueblo

<blockquote class="wp-embedded-content" data-secret="bUrhFr7dSN"><a href="https://www.padreydecano.com/cms/noticias/con-cinta-sin-capitania/">Con cinta, sin capitanía</a></blockquote><iframe sandbox="allow-scripts" security="restricted" src="https://www.padreydecano.com/cms/noticias/con-cinta-sin-capitania/embed/#?secret=bUrhFr7dSN" width="600" height="338" title="«Con cinta, sin capitanía» — Padre y Decano - El Sitio del Pueblo" data-secret="bUrhFr7dSN" frameborder="0" marginwidth="0" marginheight="0" scrolling="no" class="wp-embedded-content"></iframe><script type="text/javascript">
/* <![CDATA[ */
/*! This file is auto-generated */
!function(d,l){"use strict";l.querySelector&&d.addEventListener&&"undefined"!=typeof URL&&(d.wp=d.wp||{},d.wp.receiveEmbedMessage||(d.wp.receiveEmbedMessage=function(e){var t=e.data;if((t||t.secret||t.message||t.value)&&!/[^a-zA-Z0-9]/.test(t.secret)){for(var s,r,n,a=l.querySelectorAll('iframe[data-secret="'+t.secret+'"]'),o=l.querySelectorAll('blockquote[data-secret="'+t.secret+'"]'),c=new RegExp("^https?:$","i"),i=0;i<o.length;i++)o[i].style.display="none";for(i=0;i<a.length;i++)s=a[i],e.source===s.contentWindow&&(s.removeAttribute("style"),"height"===t.message?(1e3<(r=parseInt(t.value,10))?r=1e3:~~r<200&&(r=200),s.height=r):"link"===t.message&&(r=new URL(s.getAttribute("src")),n=new URL(t.value),c.test(n.protocol))&&n.host===r.host&&l.activeElement===s&&(d.top.location.href=t.value))}},d.addEventListener("message",d.wp.receiveEmbedMessage,!1),l.addEventListener("DOMContentLoaded",function(){for(var e,t,s=l.querySelectorAll("iframe.wp-embedded-content"),r=0;r<s.length;r++)(t=(e=s[r]).getAttribute("data-secret"))||(t=Math.random().toString(36).substring(2,12),e.src+="#?secret="+t,e.setAttribute("data-secret",t)),e.contentWindow.postMessage({message:"ready",secret:t},"*")},!1)))}(window,document);
/* ]]> */
</script>

En un pésimo momento deportivo, Peñarol peca la falta de profesionalismo de sus referentes con actitudes dentro y fuera de la cancha, principalmente del capitán que continúa con su bajo rendimiento. Continúan los ecos de la imperdonable derrota en el Parque Central ante el tradicional rival. El carbonero fue ampliamente superado y nunca estuvo en [&hellip;]
