{"version":"1.0","provider_name":"Padre y Decano - El Sitio del Pueblo","provider_url":"https:\/\/www.padreydecano.com\/cms","title":"Cambios en la cuota social para el 2014 - Padre y Decano - El Sitio del Pueblo","type":"rich","width":600,"height":338,"html":"<blockquote class=\"wp-embedded-content\" data-secret=\"8LquC2JSSn\"><a href=\"https:\/\/www.padreydecano.com\/cms\/noticias\/cambios-en-la-cuota-social-para-el-2014\/\">Cambios en la cuota social para el 2014<\/a><\/blockquote><iframe sandbox=\"allow-scripts\" security=\"restricted\" src=\"https:\/\/www.padreydecano.com\/cms\/noticias\/cambios-en-la-cuota-social-para-el-2014\/embed\/#?secret=8LquC2JSSn\" width=\"600\" height=\"338\" title=\"\u00abCambios en la cuota social para el 2014\u00bb \u2014 Padre y Decano - El Sitio del Pueblo\" data-secret=\"8LquC2JSSn\" frameborder=\"0\" marginwidth=\"0\" marginheight=\"0\" scrolling=\"no\" class=\"wp-embedded-content\"><\/iframe><script type=\"text\/javascript\">\n\/* <![CDATA[ *\/\n\/*! This file is auto-generated *\/\n!function(d,l){\"use strict\";l.querySelector&&d.addEventListener&&\"undefined\"!=typeof URL&&(d.wp=d.wp||{},d.wp.receiveEmbedMessage||(d.wp.receiveEmbedMessage=function(e){var t=e.data;if((t||t.secret||t.message||t.value)&&!\/[^a-zA-Z0-9]\/.test(t.secret)){for(var s,r,n,a=l.querySelectorAll('iframe[data-secret=\"'+t.secret+'\"]'),o=l.querySelectorAll('blockquote[data-secret=\"'+t.secret+'\"]'),c=new RegExp(\"^https?:$\",\"i\"),i=0;i<o.length;i++)o[i].style.display=\"none\";for(i=0;i<a.length;i++)s=a[i],e.source===s.contentWindow&&(s.removeAttribute(\"style\"),\"height\"===t.message?(1e3<(r=parseInt(t.value,10))?r=1e3:~~r<200&&(r=200),s.height=r):\"link\"===t.message&&(r=new URL(s.getAttribute(\"src\")),n=new URL(t.value),c.test(n.protocol))&&n.host===r.host&&l.activeElement===s&&(d.top.location.href=t.value))}},d.addEventListener(\"message\",d.wp.receiveEmbedMessage,!1),l.addEventListener(\"DOMContentLoaded\",function(){for(var e,t,s=l.querySelectorAll(\"iframe.wp-embedded-content\"),r=0;r<s.length;r++)(t=(e=s[r]).getAttribute(\"data-secret\"))||(t=Math.random().toString(36).substring(2,12),e.src+=\"#?secret=\"+t,e.setAttribute(\"data-secret\",t)),e.contentWindow.postMessage({message:\"ready\",secret:t},\"*\")},!1)))}(window,document);\n\/* ]]> *\/\n<\/script>\n","thumbnail_url":"https:\/\/www.padreydecano.com\/cms\/wp-content\/uploads\/2014\/01\/Cuota-Social-2014.jpg","thumbnail_width":654,"thumbnail_height":462,"description":"Desde enero de 2014 se modifican los precios de la cuota social. Hay un aumento como todos los a\u00f1os, que var\u00eda seg\u00fan la forma de pago. Para los que pagan por d\u00e9bito autom\u00e1tico es menor. El socio adherente no var\u00eda como as\u00ed tampoco el socio del exterior. El costo del carnet sigue siendo $200. El [&hellip;]"}

Desde enero de 2014 se modifican los precios de la cuota social. Hay un aumento como todos los años, que varía según la forma de pago. Para los que pagan por débito automático es menor. El socio adherente no varía como así tampoco el socio del exterior. El costo del carnet sigue siendo $200. El [&hellip;]
