{"version":"1.0","provider_name":"Padre y Decano - El Sitio del Pueblo","provider_url":"https:\/\/www.padreydecano.com\/cms","title":"Cambiar la actitud - Padre y Decano - El Sitio del Pueblo","type":"rich","width":600,"height":338,"html":"<blockquote class=\"wp-embedded-content\" data-secret=\"GUo7VabZRC\"><a href=\"https:\/\/www.padreydecano.com\/cms\/noticias\/cambiar-la-actitud\/\">Cambiar la actitud<\/a><\/blockquote><iframe sandbox=\"allow-scripts\" security=\"restricted\" src=\"https:\/\/www.padreydecano.com\/cms\/noticias\/cambiar-la-actitud\/embed\/#?secret=GUo7VabZRC\" width=\"600\" height=\"338\" title=\"\u00abCambiar la actitud\u00bb \u2014 Padre y Decano - El Sitio del Pueblo\" data-secret=\"GUo7VabZRC\" frameborder=\"0\" marginwidth=\"0\" marginheight=\"0\" scrolling=\"no\" class=\"wp-embedded-content\"><\/iframe><script type=\"text\/javascript\">\n\/* <![CDATA[ *\/\n\/*! This file is auto-generated *\/\n!function(d,l){\"use strict\";l.querySelector&&d.addEventListener&&\"undefined\"!=typeof URL&&(d.wp=d.wp||{},d.wp.receiveEmbedMessage||(d.wp.receiveEmbedMessage=function(e){var t=e.data;if((t||t.secret||t.message||t.value)&&!\/[^a-zA-Z0-9]\/.test(t.secret)){for(var s,r,n,a=l.querySelectorAll('iframe[data-secret=\"'+t.secret+'\"]'),o=l.querySelectorAll('blockquote[data-secret=\"'+t.secret+'\"]'),c=new RegExp(\"^https?:$\",\"i\"),i=0;i<o.length;i++)o[i].style.display=\"none\";for(i=0;i<a.length;i++)s=a[i],e.source===s.contentWindow&&(s.removeAttribute(\"style\"),\"height\"===t.message?(1e3<(r=parseInt(t.value,10))?r=1e3:~~r<200&&(r=200),s.height=r):\"link\"===t.message&&(r=new URL(s.getAttribute(\"src\")),n=new URL(t.value),c.test(n.protocol))&&n.host===r.host&&l.activeElement===s&&(d.top.location.href=t.value))}},d.addEventListener(\"message\",d.wp.receiveEmbedMessage,!1),l.addEventListener(\"DOMContentLoaded\",function(){for(var e,t,s=l.querySelectorAll(\"iframe.wp-embedded-content\"),r=0;r<s.length;r++)(t=(e=s[r]).getAttribute(\"data-secret\"))||(t=Math.random().toString(36).substring(2,12),e.src+=\"#?secret=\"+t,e.setAttribute(\"data-secret\",t)),e.contentWindow.postMessage({message:\"ready\",secret:t},\"*\")},!1)))}(window,document);\n\/* ]]> *\/\n<\/script>\n","thumbnail_url":"https:\/\/www.padreydecano.com\/cms\/wp-content\/uploads\/2021\/02\/IMG-20210206-WA0155.jpg","thumbnail_width":1599,"thumbnail_height":1066,"description":"Este s\u00e1bado a partir de las 21:45 horas, Pe\u00f1arol enfrentar\u00e1 a Wanderers por la novena fecha del Torneo Clausura. En el Parque Viera y televisado por VTV, el Carbonero buscar\u00e1 un triunfo de cara al futuro del campeonato. Lejos del Torneo Clausura. A\u00fan m\u00e1s de la Tabla Anual. Pe\u00f1arol pasa por un momento complicado en [&hellip;]"}

Este sábado a partir de las 21:45 horas, Peñarol enfrentará a Wanderers por la novena fecha del Torneo Clausura. En el Parque Viera y televisado por VTV, el Carbonero buscará un triunfo de cara al futuro del campeonato. Lejos del Torneo Clausura. Aún más de la Tabla Anual. Peñarol pasa por un momento complicado en [&hellip;]
