{"version":"1.0","provider_name":"Padre y Decano - El Sitio del Pueblo","provider_url":"https:\/\/www.padreydecano.com\/cms","title":"Amistosos de pretemporada - Padre y Decano - El Sitio del Pueblo","type":"rich","width":600,"height":338,"html":"<blockquote class=\"wp-embedded-content\" data-secret=\"BTfy2BhITJ\"><a href=\"https:\/\/www.padreydecano.com\/cms\/noticias\/amistosos-de-pretemporada\/\">Amistosos de pretemporada<\/a><\/blockquote><iframe sandbox=\"allow-scripts\" security=\"restricted\" src=\"https:\/\/www.padreydecano.com\/cms\/noticias\/amistosos-de-pretemporada\/embed\/#?secret=BTfy2BhITJ\" width=\"600\" height=\"338\" title=\"\u00abAmistosos de pretemporada\u00bb \u2014 Padre y Decano - El Sitio del Pueblo\" data-secret=\"BTfy2BhITJ\" frameborder=\"0\" marginwidth=\"0\" marginheight=\"0\" scrolling=\"no\" class=\"wp-embedded-content\"><\/iframe><script type=\"text\/javascript\">\n\/* <![CDATA[ *\/\n\/*! This file is auto-generated *\/\n!function(d,l){\"use strict\";l.querySelector&&d.addEventListener&&\"undefined\"!=typeof URL&&(d.wp=d.wp||{},d.wp.receiveEmbedMessage||(d.wp.receiveEmbedMessage=function(e){var t=e.data;if((t||t.secret||t.message||t.value)&&!\/[^a-zA-Z0-9]\/.test(t.secret)){for(var s,r,n,a=l.querySelectorAll('iframe[data-secret=\"'+t.secret+'\"]'),o=l.querySelectorAll('blockquote[data-secret=\"'+t.secret+'\"]'),c=new RegExp(\"^https?:$\",\"i\"),i=0;i<o.length;i++)o[i].style.display=\"none\";for(i=0;i<a.length;i++)s=a[i],e.source===s.contentWindow&&(s.removeAttribute(\"style\"),\"height\"===t.message?(1e3<(r=parseInt(t.value,10))?r=1e3:~~r<200&&(r=200),s.height=r):\"link\"===t.message&&(r=new URL(s.getAttribute(\"src\")),n=new URL(t.value),c.test(n.protocol))&&n.host===r.host&&l.activeElement===s&&(d.top.location.href=t.value))}},d.addEventListener(\"message\",d.wp.receiveEmbedMessage,!1),l.addEventListener(\"DOMContentLoaded\",function(){for(var e,t,s=l.querySelectorAll(\"iframe.wp-embedded-content\"),r=0;r<s.length;r++)(t=(e=s[r]).getAttribute(\"data-secret\"))||(t=Math.random().toString(36).substring(2,12),e.src+=\"#?secret=\"+t,e.setAttribute(\"data-secret\",t)),e.contentWindow.postMessage({message:\"ready\",secret:t},\"*\")},!1)))}(window,document);\n\/* ]]> *\/\n<\/script>\n","thumbnail_url":"https:\/\/www.padreydecano.com\/cms\/wp-content\/uploads\/2022\/04\/IMG-20220416-WA0070.jpg","thumbnail_width":2048,"thumbnail_height":1364,"description":"Ya est\u00e1n confirmados los partidos amistosos que Pe\u00f1arol afrontar\u00e1 en la pr\u00f3xima pretemporada. Habr\u00e1 un \u00fanico partido cl\u00e1sico y ser\u00e1 el 23 de enero en el Estadio Centenario. Pe\u00f1arol est\u00e1 entrenando actualmente en Los Aromos, ya bajo las \u00f3rdenes de Alfredo Arias. As\u00ed ser\u00e1 hasta el jueves 22 de diciembre, fecha en la que se [&hellip;]"}

Ya están confirmados los partidos amistosos que Peñarol afrontará en la próxima pretemporada. Habrá un único partido clásico y será el 23 de enero en el Estadio Centenario. Peñarol está entrenando actualmente en Los Aromos, ya bajo las órdenes de Alfredo Arias. Así será hasta el jueves 22 de diciembre, fecha en la que se [&hellip;]
