{"version":"1.0","provider_name":"Padre y Decano - El Sitio del Pueblo","provider_url":"https:\/\/www.padreydecano.com\/cms","title":"Agrandando la caja - Padre y Decano - El Sitio del Pueblo","type":"rich","width":600,"height":338,"html":"<blockquote class=\"wp-embedded-content\" data-secret=\"gu4KshxJ6F\"><a href=\"https:\/\/www.padreydecano.com\/cms\/noticias\/agrandando-la-caja\/\">Agrandando la caja<\/a><\/blockquote><iframe sandbox=\"allow-scripts\" security=\"restricted\" src=\"https:\/\/www.padreydecano.com\/cms\/noticias\/agrandando-la-caja\/embed\/#?secret=gu4KshxJ6F\" width=\"600\" height=\"338\" title=\"\u00abAgrandando la caja\u00bb \u2014 Padre y Decano - El Sitio del Pueblo\" data-secret=\"gu4KshxJ6F\" frameborder=\"0\" marginwidth=\"0\" marginheight=\"0\" scrolling=\"no\" class=\"wp-embedded-content\"><\/iframe><script type=\"text\/javascript\">\n\/* <![CDATA[ *\/\n\/*! This file is auto-generated *\/\n!function(d,l){\"use strict\";l.querySelector&&d.addEventListener&&\"undefined\"!=typeof URL&&(d.wp=d.wp||{},d.wp.receiveEmbedMessage||(d.wp.receiveEmbedMessage=function(e){var t=e.data;if((t||t.secret||t.message||t.value)&&!\/[^a-zA-Z0-9]\/.test(t.secret)){for(var s,r,n,a=l.querySelectorAll('iframe[data-secret=\"'+t.secret+'\"]'),o=l.querySelectorAll('blockquote[data-secret=\"'+t.secret+'\"]'),c=new RegExp(\"^https?:$\",\"i\"),i=0;i<o.length;i++)o[i].style.display=\"none\";for(i=0;i<a.length;i++)s=a[i],e.source===s.contentWindow&&(s.removeAttribute(\"style\"),\"height\"===t.message?(1e3<(r=parseInt(t.value,10))?r=1e3:~~r<200&&(r=200),s.height=r):\"link\"===t.message&&(r=new URL(s.getAttribute(\"src\")),n=new URL(t.value),c.test(n.protocol))&&n.host===r.host&&l.activeElement===s&&(d.top.location.href=t.value))}},d.addEventListener(\"message\",d.wp.receiveEmbedMessage,!1),l.addEventListener(\"DOMContentLoaded\",function(){for(var e,t,s=l.querySelectorAll(\"iframe.wp-embedded-content\"),r=0;r<s.length;r++)(t=(e=s[r]).getAttribute(\"data-secret\"))||(t=Math.random().toString(36).substring(2,12),e.src+=\"#?secret=\"+t,e.setAttribute(\"data-secret\",t)),e.contentWindow.postMessage({message:\"ready\",secret:t},\"*\")},!1)))}(window,document);\n\/* ]]> *\/\n<\/script>\n","description":"Seg\u00fan\u00a0inform\u00f3 el reconocido diario espa\u00f1ol \u201cMarca\u201d, se confirm\u00f3 la venta de Darwin N\u00fa\u00f1ez al Benfica, la cual incluye un gran beneficio econ\u00f3mico para Pe\u00f1arol. El futbolista surgido en las formativas de Pe\u00f1arol, luego de una muy buena temporada, en la cual termin\u00f3 con 16 goles y 3 asistencias en 30 partidos, y peleando los puestos [&hellip;]","thumbnail_url":"http:\/\/www.padreydecano.com\/cms\/wp-content\/uploads\/2020\/09\/IMG-20200902-WA0103.jpg"}

Según informó el reconocido diario español “Marca”, se confirmó la venta de Darwin Núñez al Benfica, la cual incluye un gran beneficio económico para Peñarol. El futbolista surgido en las formativas de Peñarol, luego de una muy buena temporada, en la cual terminó con 16 goles y 3 asistencias en 30 partidos, y peleando los puestos [&hellip;]
