{"version":"1.0","provider_name":"Padre y Decano - El Sitio del Pueblo","provider_url":"https:\/\/www.padreydecano.com\/cms","title":"Acortar distancia - Padre y Decano - El Sitio del Pueblo","type":"rich","width":600,"height":338,"html":"<blockquote class=\"wp-embedded-content\" data-secret=\"VHqfByfAEv\"><a href=\"https:\/\/www.padreydecano.com\/cms\/noticias\/acortar-distancia\/\">Acortar distancia<\/a><\/blockquote><iframe sandbox=\"allow-scripts\" security=\"restricted\" src=\"https:\/\/www.padreydecano.com\/cms\/noticias\/acortar-distancia\/embed\/#?secret=VHqfByfAEv\" width=\"600\" height=\"338\" title=\"\u00abAcortar distancia\u00bb \u2014 Padre y Decano - El Sitio del Pueblo\" data-secret=\"VHqfByfAEv\" frameborder=\"0\" marginwidth=\"0\" marginheight=\"0\" scrolling=\"no\" class=\"wp-embedded-content\"><\/iframe><script type=\"text\/javascript\">\n\/* <![CDATA[ *\/\n\/*! This file is auto-generated *\/\n!function(d,l){\"use strict\";l.querySelector&&d.addEventListener&&\"undefined\"!=typeof URL&&(d.wp=d.wp||{},d.wp.receiveEmbedMessage||(d.wp.receiveEmbedMessage=function(e){var t=e.data;if((t||t.secret||t.message||t.value)&&!\/[^a-zA-Z0-9]\/.test(t.secret)){for(var s,r,n,a=l.querySelectorAll('iframe[data-secret=\"'+t.secret+'\"]'),o=l.querySelectorAll('blockquote[data-secret=\"'+t.secret+'\"]'),c=new RegExp(\"^https?:$\",\"i\"),i=0;i<o.length;i++)o[i].style.display=\"none\";for(i=0;i<a.length;i++)s=a[i],e.source===s.contentWindow&&(s.removeAttribute(\"style\"),\"height\"===t.message?(1e3<(r=parseInt(t.value,10))?r=1e3:~~r<200&&(r=200),s.height=r):\"link\"===t.message&&(r=new URL(s.getAttribute(\"src\")),n=new URL(t.value),c.test(n.protocol))&&n.host===r.host&&l.activeElement===s&&(d.top.location.href=t.value))}},d.addEventListener(\"message\",d.wp.receiveEmbedMessage,!1),l.addEventListener(\"DOMContentLoaded\",function(){for(var e,t,s=l.querySelectorAll(\"iframe.wp-embedded-content\"),r=0;r<s.length;r++)(t=(e=s[r]).getAttribute(\"data-secret\"))||(t=Math.random().toString(36).substring(2,12),e.src+=\"#?secret=\"+t,e.setAttribute(\"data-secret\",t)),e.contentWindow.postMessage({message:\"ready\",secret:t},\"*\")},!1)))}(window,document);\n\/* ]]> *\/\n<\/script>\n","thumbnail_url":"https:\/\/www.padreydecano.com\/cms\/wp-content\/uploads\/2021\/01\/86116fd5-2ac5-41e7-891c-08029238b442.jpg","thumbnail_width":1600,"thumbnail_height":1066,"description":"Pe\u00f1arol recibir\u00e1 el pr\u00f3ximo mi\u00e9rcoles a Defensor Sporting en el Estadio Campe\u00f3n del Siglo por la segunda fecha del Torneo Clausura. Luego del empate en el debut, el Decano deber\u00e1 sumar de a 3 para no perder pisada en la tabla anual. El encuentro est\u00e1 pactado para las 21:00 horas e ir\u00e1 televisado por VTV. [&hellip;]"}

Peñarol recibirá el próximo miércoles a Defensor Sporting en el Estadio Campeón del Siglo por la segunda fecha del Torneo Clausura. Luego del empate en el debut, el Decano deberá sumar de a 3 para no perder pisada en la tabla anual. El encuentro está pactado para las 21:00 horas e irá televisado por VTV. [&hellip;]
