{"version":"1.0","provider_name":"Padre y Decano - El Sitio del Pueblo","provider_url":"https:\/\/www.padreydecano.com\/cms","title":"Entrenamientos (28 al 31 de agosto) - Padre y Decano - El Sitio del Pueblo","type":"rich","width":600,"height":338,"html":"<blockquote class=\"wp-embedded-content\" data-secret=\"sEJnI6RHpf\"><a href=\"https:\/\/www.padreydecano.com\/cms\/los-aromos\/entrenamientos-28-al-31-de-agosto\/\">Entrenamientos (28 al 31 de agosto)<\/a><\/blockquote><iframe sandbox=\"allow-scripts\" security=\"restricted\" src=\"https:\/\/www.padreydecano.com\/cms\/los-aromos\/entrenamientos-28-al-31-de-agosto\/embed\/#?secret=sEJnI6RHpf\" width=\"600\" height=\"338\" title=\"\u00abEntrenamientos (28 al 31 de agosto)\u00bb \u2014 Padre y Decano - El Sitio del Pueblo\" data-secret=\"sEJnI6RHpf\" frameborder=\"0\" marginwidth=\"0\" marginheight=\"0\" scrolling=\"no\" class=\"wp-embedded-content\"><\/iframe><script type=\"text\/javascript\">\n\/* <![CDATA[ *\/\n\/*! This file is auto-generated *\/\n!function(d,l){\"use strict\";l.querySelector&&d.addEventListener&&\"undefined\"!=typeof URL&&(d.wp=d.wp||{},d.wp.receiveEmbedMessage||(d.wp.receiveEmbedMessage=function(e){var t=e.data;if((t||t.secret||t.message||t.value)&&!\/[^a-zA-Z0-9]\/.test(t.secret)){for(var s,r,n,a=l.querySelectorAll('iframe[data-secret=\"'+t.secret+'\"]'),o=l.querySelectorAll('blockquote[data-secret=\"'+t.secret+'\"]'),c=new RegExp(\"^https?:$\",\"i\"),i=0;i<o.length;i++)o[i].style.display=\"none\";for(i=0;i<a.length;i++)s=a[i],e.source===s.contentWindow&&(s.removeAttribute(\"style\"),\"height\"===t.message?(1e3<(r=parseInt(t.value,10))?r=1e3:~~r<200&&(r=200),s.height=r):\"link\"===t.message&&(r=new URL(s.getAttribute(\"src\")),n=new URL(t.value),c.test(n.protocol))&&n.host===r.host&&l.activeElement===s&&(d.top.location.href=t.value))}},d.addEventListener(\"message\",d.wp.receiveEmbedMessage,!1),l.addEventListener(\"DOMContentLoaded\",function(){for(var e,t,s=l.querySelectorAll(\"iframe.wp-embedded-content\"),r=0;r<s.length;r++)(t=(e=s[r]).getAttribute(\"data-secret\"))||(t=Math.random().toString(36).substring(2,12),e.src+=\"#?secret=\"+t,e.setAttribute(\"data-secret\",t)),e.contentWindow.postMessage({message:\"ready\",secret:t},\"*\")},!1)))}(window,document);\n\/* ]]> *\/\n<\/script>\n","thumbnail_url":"https:\/\/www.padreydecano.com\/cms\/wp-content\/uploads\/2012\/03\/futbol-espacios-reducidos-los-aromos.jpg","thumbnail_width":"720","thumbnail_height":"540","description":"Compartimos a continuaci\u00f3n los detalles de los entrenamientos para esta semana (28 al 31 de agosto). La informaci\u00f3n es la brindada por el departamento de prensa del club. El plantel principal de Pe\u00f1arol vuelve a los entrenamientos este martes, luego de la derrota frente a F\u00e9nix en la primera fecha del Apertura 2012. El calendario\u00a0marca [&hellip;]"}

Compartimos a continuación los detalles de los entrenamientos para esta semana (28 al 31 de agosto). La información es la brindada por el departamento de prensa del club. El plantel principal de Peñarol vuelve a los entrenamientos este martes, luego de la derrota frente a Fénix en la primera fecha del Apertura 2012. El calendario marca [&hellip;]
