{"version":"1.0","provider_name":"Padre y Decano - El Sitio del Pueblo","provider_url":"https:\/\/www.padreydecano.com\/cms","title":"Superando las adversidades - Padre y Decano - El Sitio del Pueblo","type":"rich","width":600,"height":338,"html":"<blockquote class=\"wp-embedded-content\" data-secret=\"8ClUGAmj4G\"><a href=\"https:\/\/www.padreydecano.com\/cms\/formativas\/superando-las-advertencias\/\">Superando las adversidades<\/a><\/blockquote><iframe sandbox=\"allow-scripts\" security=\"restricted\" src=\"https:\/\/www.padreydecano.com\/cms\/formativas\/superando-las-advertencias\/embed\/#?secret=8ClUGAmj4G\" width=\"600\" height=\"338\" title=\"\u00abSuperando las adversidades\u00bb \u2014 Padre y Decano - El Sitio del Pueblo\" data-secret=\"8ClUGAmj4G\" frameborder=\"0\" marginwidth=\"0\" marginheight=\"0\" scrolling=\"no\" class=\"wp-embedded-content\"><\/iframe><script type=\"text\/javascript\">\n\/* <![CDATA[ *\/\n\/*! This file is auto-generated *\/\n!function(d,l){\"use strict\";l.querySelector&&d.addEventListener&&\"undefined\"!=typeof URL&&(d.wp=d.wp||{},d.wp.receiveEmbedMessage||(d.wp.receiveEmbedMessage=function(e){var t=e.data;if((t||t.secret||t.message||t.value)&&!\/[^a-zA-Z0-9]\/.test(t.secret)){for(var s,r,n,a=l.querySelectorAll('iframe[data-secret=\"'+t.secret+'\"]'),o=l.querySelectorAll('blockquote[data-secret=\"'+t.secret+'\"]'),c=new RegExp(\"^https?:$\",\"i\"),i=0;i<o.length;i++)o[i].style.display=\"none\";for(i=0;i<a.length;i++)s=a[i],e.source===s.contentWindow&&(s.removeAttribute(\"style\"),\"height\"===t.message?(1e3<(r=parseInt(t.value,10))?r=1e3:~~r<200&&(r=200),s.height=r):\"link\"===t.message&&(r=new URL(s.getAttribute(\"src\")),n=new URL(t.value),c.test(n.protocol))&&n.host===r.host&&l.activeElement===s&&(d.top.location.href=t.value))}},d.addEventListener(\"message\",d.wp.receiveEmbedMessage,!1),l.addEventListener(\"DOMContentLoaded\",function(){for(var e,t,s=l.querySelectorAll(\"iframe.wp-embedded-content\"),r=0;r<s.length;r++)(t=(e=s[r]).getAttribute(\"data-secret\"))||(t=Math.random().toString(36).substring(2,12),e.src+=\"#?secret=\"+t,e.setAttribute(\"data-secret\",t)),e.contentWindow.postMessage({message:\"ready\",secret:t},\"*\")},!1)))}(window,document);\n\/* ]]> *\/\n<\/script>\n","thumbnail_url":"https:\/\/www.padreydecano.com\/cms\/wp-content\/uploads\/2022\/02\/20220221_165502.jpg","thumbnail_width":2048,"thumbnail_height":1365,"description":"Pe\u00f1arol consquist\u00f3 la Copa Libertadores Sub 20 despu\u00e9s de superar varias adversidades en el camino. Grupo de la muerte, lesiones, contagios, altura y enfrentar al gran candidato en la final. Tras consagrarse campe\u00f3n de la cuarta divisi\u00f3n, el carbonero se clasific\u00f3 para disputar la Copa Libertadores Sub 20. Pe\u00f1arol ingres\u00f3 en el Grupo B, el [&hellip;]"}

Peñarol consquistó la Copa Libertadores Sub 20 después de superar varias adversidades en el camino. Grupo de la muerte, lesiones, contagios, altura y enfrentar al gran candidato en la final. Tras consagrarse campeón de la cuarta división, el carbonero se clasificó para disputar la Copa Libertadores Sub 20. Peñarol ingresó en el Grupo B, el [&hellip;]
