{"version":"1.0","provider_name":"Padre y Decano - El Sitio del Pueblo","provider_url":"https:\/\/www.padreydecano.com\/cms","title":"La copa en casa\u00a0 - Padre y Decano - El Sitio del Pueblo","type":"rich","width":600,"height":338,"html":"<blockquote class=\"wp-embedded-content\" data-secret=\"HFQzRoxmCK\"><a href=\"https:\/\/www.padreydecano.com\/cms\/formativas\/la-copa-en-casa\/\">La copa en casa\u00a0<\/a><\/blockquote><iframe sandbox=\"allow-scripts\" security=\"restricted\" src=\"https:\/\/www.padreydecano.com\/cms\/formativas\/la-copa-en-casa\/embed\/#?secret=HFQzRoxmCK\" width=\"600\" height=\"338\" title=\"\u00abLa copa en casa\u00a0\u00bb \u2014 Padre y Decano - El Sitio del Pueblo\" data-secret=\"HFQzRoxmCK\" frameborder=\"0\" marginwidth=\"0\" marginheight=\"0\" scrolling=\"no\" class=\"wp-embedded-content\"><\/iframe><script type=\"text\/javascript\">\n\/* <![CDATA[ *\/\n\/*! This file is auto-generated *\/\n!function(d,l){\"use strict\";l.querySelector&&d.addEventListener&&\"undefined\"!=typeof URL&&(d.wp=d.wp||{},d.wp.receiveEmbedMessage||(d.wp.receiveEmbedMessage=function(e){var t=e.data;if((t||t.secret||t.message||t.value)&&!\/[^a-zA-Z0-9]\/.test(t.secret)){for(var s,r,n,a=l.querySelectorAll('iframe[data-secret=\"'+t.secret+'\"]'),o=l.querySelectorAll('blockquote[data-secret=\"'+t.secret+'\"]'),c=new RegExp(\"^https?:$\",\"i\"),i=0;i<o.length;i++)o[i].style.display=\"none\";for(i=0;i<a.length;i++)s=a[i],e.source===s.contentWindow&&(s.removeAttribute(\"style\"),\"height\"===t.message?(1e3<(r=parseInt(t.value,10))?r=1e3:~~r<200&&(r=200),s.height=r):\"link\"===t.message&&(r=new URL(s.getAttribute(\"src\")),n=new URL(t.value),c.test(n.protocol))&&n.host===r.host&&l.activeElement===s&&(d.top.location.href=t.value))}},d.addEventListener(\"message\",d.wp.receiveEmbedMessage,!1),l.addEventListener(\"DOMContentLoaded\",function(){for(var e,t,s=l.querySelectorAll(\"iframe.wp-embedded-content\"),r=0;r<s.length;r++)(t=(e=s[r]).getAttribute(\"data-secret\"))||(t=Math.random().toString(36).substring(2,12),e.src+=\"#?secret=\"+t,e.setAttribute(\"data-secret\",t)),e.contentWindow.postMessage({message:\"ready\",secret:t},\"*\")},!1)))}(window,document);\n\/* ]]> *\/\n<\/script>\n","thumbnail_url":"https:\/\/www.padreydecano.com\/cms\/wp-content\/uploads\/2022\/02\/IMG-20220222-WA0083.jpg","thumbnail_width":2048,"thumbnail_height":1532,"description":"La delegaci\u00f3n de Pe\u00f1arol ganadora de la Copa Libertadores Sub 20 lleg\u00f3 al pa\u00eds y fue acompa\u00f1ada en caravana hasta el Estadio Campe\u00f3n del Siglo para celebrar la conquista. En la madrugada del martes hinchas de Pe\u00f1arol se hicieron presentes en el Aeropuerto Internacional de Carrasco para recibir al equipo campe\u00f3n de la Copa Libertadores [&hellip;]"}

La delegación de Peñarol ganadora de la Copa Libertadores Sub 20 llegó al país y fue acompañada en caravana hasta el Estadio Campeón del Siglo para celebrar la conquista. En la madrugada del martes hinchas de Peñarol se hicieron presentes en el Aeropuerto Internacional de Carrasco para recibir al equipo campeón de la Copa Libertadores [&hellip;]
