{"version":"1.0","provider_name":"Padre y Decano - El Sitio del Pueblo","provider_url":"https:\/\/www.padreydecano.com\/cms","title":"Ruglio: \u201cEstoy convencido que Larriera trabaja bien\u201d - Padre y Decano - El Sitio del Pueblo","type":"rich","width":600,"height":338,"html":"<blockquote class=\"wp-embedded-content\" data-secret=\"3MsRCjCKF8\"><a href=\"https:\/\/www.padreydecano.com\/cms\/entrevistas\/ruglio-estoy-convencido-que-larriera-trabaja-bien\/\">Ruglio: \u201cEstoy convencido que Larriera trabaja bien\u201d<\/a><\/blockquote><iframe sandbox=\"allow-scripts\" security=\"restricted\" src=\"https:\/\/www.padreydecano.com\/cms\/entrevistas\/ruglio-estoy-convencido-que-larriera-trabaja-bien\/embed\/#?secret=3MsRCjCKF8\" width=\"600\" height=\"338\" title=\"\u00abRuglio: \u201cEstoy convencido que Larriera trabaja bien\u201d\u00bb \u2014 Padre y Decano - El Sitio del Pueblo\" data-secret=\"3MsRCjCKF8\" frameborder=\"0\" marginwidth=\"0\" marginheight=\"0\" scrolling=\"no\" class=\"wp-embedded-content\"><\/iframe><script type=\"text\/javascript\">\n\/* <![CDATA[ *\/\n\/*! This file is auto-generated *\/\n!function(d,l){\"use strict\";l.querySelector&&d.addEventListener&&\"undefined\"!=typeof URL&&(d.wp=d.wp||{},d.wp.receiveEmbedMessage||(d.wp.receiveEmbedMessage=function(e){var t=e.data;if((t||t.secret||t.message||t.value)&&!\/[^a-zA-Z0-9]\/.test(t.secret)){for(var s,r,n,a=l.querySelectorAll('iframe[data-secret=\"'+t.secret+'\"]'),o=l.querySelectorAll('blockquote[data-secret=\"'+t.secret+'\"]'),c=new RegExp(\"^https?:$\",\"i\"),i=0;i<o.length;i++)o[i].style.display=\"none\";for(i=0;i<a.length;i++)s=a[i],e.source===s.contentWindow&&(s.removeAttribute(\"style\"),\"height\"===t.message?(1e3<(r=parseInt(t.value,10))?r=1e3:~~r<200&&(r=200),s.height=r):\"link\"===t.message&&(r=new URL(s.getAttribute(\"src\")),n=new URL(t.value),c.test(n.protocol))&&n.host===r.host&&l.activeElement===s&&(d.top.location.href=t.value))}},d.addEventListener(\"message\",d.wp.receiveEmbedMessage,!1),l.addEventListener(\"DOMContentLoaded\",function(){for(var e,t,s=l.querySelectorAll(\"iframe.wp-embedded-content\"),r=0;r<s.length;r++)(t=(e=s[r]).getAttribute(\"data-secret\"))||(t=Math.random().toString(36).substring(2,12),e.src+=\"#?secret=\"+t,e.setAttribute(\"data-secret\",t)),e.contentWindow.postMessage({message:\"ready\",secret:t},\"*\")},!1)))}(window,document);\n\/* ]]> *\/\n<\/script>\n","thumbnail_url":"https:\/\/www.padreydecano.com\/cms\/wp-content\/uploads\/2021\/02\/ruglio-pyd.jpg","thumbnail_width":1600,"thumbnail_height":1068,"description":"Juan Ignacio Ruglio habl\u00f3 en exclusiva con Padre y Decano Radio luego del partido cl\u00e1sico correspondiente al Torneo Clausura. Adem\u00e1s de analizar el partido, el presidente de Pe\u00f1arol habl\u00f3 de diferentes cuestiones relacionadas con la instituci\u00f3n, como la estructura de formativas, la Ciudad Deportiva, el armado del plantel para la pr\u00f3xima temporada, la clasificaci\u00f3n a [&hellip;]"}

Juan Ignacio Ruglio habló en exclusiva con Padre y Decano Radio luego del partido clásico correspondiente al Torneo Clausura. Además de analizar el partido, el presidente de Peñarol habló de diferentes cuestiones relacionadas con la institución, como la estructura de formativas, la Ciudad Deportiva, el armado del plantel para la próxima temporada, la clasificación a [&hellip;]
