{"version":"1.0","provider_name":"Padre y Decano - El Sitio del Pueblo","provider_url":"https:\/\/www.padreydecano.com\/cms","title":"Juan Pedro Damiani: \"Valverde es innegociable\" - Padre y Decano - El Sitio del Pueblo","type":"rich","width":600,"height":338,"html":"<blockquote class=\"wp-embedded-content\" data-secret=\"AKzTEH3qvT\"><a href=\"https:\/\/www.padreydecano.com\/cms\/entrevistas\/juan-pedro-damiani-valverde-es-innegociable\/\">Juan Pedro Damiani: \u00abValverde es innegociable\u00bb<\/a><\/blockquote><iframe sandbox=\"allow-scripts\" security=\"restricted\" src=\"https:\/\/www.padreydecano.com\/cms\/entrevistas\/juan-pedro-damiani-valverde-es-innegociable\/embed\/#?secret=AKzTEH3qvT\" width=\"600\" height=\"338\" title=\"\u00abJuan Pedro Damiani: \u00abValverde es innegociable\u00bb\u00bb \u2014 Padre y Decano - El Sitio del Pueblo\" data-secret=\"AKzTEH3qvT\" frameborder=\"0\" marginwidth=\"0\" marginheight=\"0\" scrolling=\"no\" class=\"wp-embedded-content\"><\/iframe><script type=\"text\/javascript\">\n\/* <![CDATA[ *\/\n\/*! This file is auto-generated *\/\n!function(d,l){\"use strict\";l.querySelector&&d.addEventListener&&\"undefined\"!=typeof URL&&(d.wp=d.wp||{},d.wp.receiveEmbedMessage||(d.wp.receiveEmbedMessage=function(e){var t=e.data;if((t||t.secret||t.message||t.value)&&!\/[^a-zA-Z0-9]\/.test(t.secret)){for(var s,r,n,a=l.querySelectorAll('iframe[data-secret=\"'+t.secret+'\"]'),o=l.querySelectorAll('blockquote[data-secret=\"'+t.secret+'\"]'),c=new RegExp(\"^https?:$\",\"i\"),i=0;i<o.length;i++)o[i].style.display=\"none\";for(i=0;i<a.length;i++)s=a[i],e.source===s.contentWindow&&(s.removeAttribute(\"style\"),\"height\"===t.message?(1e3<(r=parseInt(t.value,10))?r=1e3:~~r<200&&(r=200),s.height=r):\"link\"===t.message&&(r=new URL(s.getAttribute(\"src\")),n=new URL(t.value),c.test(n.protocol))&&n.host===r.host&&l.activeElement===s&&(d.top.location.href=t.value))}},d.addEventListener(\"message\",d.wp.receiveEmbedMessage,!1),l.addEventListener(\"DOMContentLoaded\",function(){for(var e,t,s=l.querySelectorAll(\"iframe.wp-embedded-content\"),r=0;r<s.length;r++)(t=(e=s[r]).getAttribute(\"data-secret\"))||(t=Math.random().toString(36).substring(2,12),e.src+=\"#?secret=\"+t,e.setAttribute(\"data-secret\",t)),e.contentWindow.postMessage({message:\"ready\",secret:t},\"*\")},!1)))}(window,document);\n\/* ]]> *\/\n<\/script>\n","thumbnail_url":"https:\/\/www.padreydecano.com\/cms\/wp-content\/uploads\/2014\/03\/DSCN3595-e1433517902906.jpg","thumbnail_width":600,"thumbnail_height":400,"description":"El Presidente de Pe\u00f1arol, Juan Pedro Damiani, habl\u00f3 este jueves en Las Voces del F\u00fatbol (1410 AM) sobre el inter\u00e9s del Real Madrid por incorporar al juvenil Federico Valverde, gran promesa del semillero aurinegro."}

El Presidente de Peñarol, Juan Pedro Damiani, habló este jueves en Las Voces del Fútbol (1410 AM) sobre el interés del Real Madrid por incorporar al juvenil Federico Valverde, gran promesa del semillero aurinegro.
